000
CXUS51 KOKX 230702
CF6EWR
PRELIMINARY LOCAL CLIMATOLOGICAL DATA (WS FORM: F-6)

                                          STATION:   NEWARK NJ
                                          MONTH:     JANUARY
                                          YEAR:      2018
                                          LATITUDE:   40 42 N
                                          LONGITUDE:  74 10 W

  TEMPERATURE IN F:       :PCPN:    SNOW:  WIND      :SUNSHINE: SKY     :PK WND
================================================================================
1   2   3   4   5  6A  6B    7    8   9   10  11  12  13   14  15   16   17  18
                                     12Z  AVG MX 2MIN
DY MAX MIN AVG DEP HDD CDD  WTR  SNW DPTH SPD SPD DIR MIN PSBL S-S WX    SPD DR
================================================================================

 1  20   6  13 -19  52   0 0.00  0.0    T 12.8 24 330   M    M   1        32 320
 2  27  12  20 -12  45   0 0.00  0.0    0 14.2 21 260   M    M   3        26 270
 3  30  10  20 -12  45   0 0.00  0.0    0  5.9 14  20   M    M   6        17 350
 4  29  18  24  -8  41   0 0.71  8.4    T 22.8 33 300   M    M  10 129    44 290
 5  18   9  14 -18  51   0 0.00  0.0    7 22.6 33 290   M    M   2        47 290
 6  14   6  10 -22  55   0 0.00  0.0    7 16.7 26 310   M    M   1        34 280
 7  18   4  11 -21  54   0 0.00  0.0    6 10.5 20 220   M    M   3        26 230
 8  31  16  24  -8  41   0    T    T    6 10.7 17 230   M    M   9 46     23 230
 9  44  23  34   2  31   0 0.00  0.0    5 11.2 24 300   M    M   3 18     31 300
10  40  24  32   0  33   0 0.00  0.0    3  4.0  9 120   M    M   5        12 310
11  51  36  44  13  21   0 0.00  0.0    1  1.4  7 360   M    M   9 1      10  90
12  64  42  53  22  12   0 0.55  0.0    0  8.4 22 180   M    M  10 12     28 190
13  61  18  40   9  25   0 0.06  0.0    0 17.7 31 310   M    M   5 12     41 280
14  27  15  21 -10  44   0 0.00  0.0    0 14.4 21  20   M    M   2        29 330
15  32  15  24  -7  41   0 0.00  0.0    0 10.5 18  10   M    M   7        21  10
16  38  22  30  -1  35   0 0.00  0.0    0  5.3 10  20   M    M  10        12 320
17  36  21  29  -2  36   0 0.23  1.0    T 10.4 20 320   M    M   9 18     29 310
18  35  17  26  -5  39   0 0.00  0.0    0 11.5 17 320   M    M   1        25 290
19  39  20  30  -1  35   0 0.00  0.0    0  8.5 18 260   M    M   5        23 270
20  55  32  44  13  21   0 0.00  0.0    0 12.2 28 260   M    M   5        34 260
21  55  34  45  14  20   0 0.00  0.0    0  4.8 12 230   M    M   6        15 250
22  51  39  45  14  20   0 0.01  0.0    0  5.8 13  30   M    M  10 18     15  30
================================================================================
SM  815  439       797   0  1.56     9.4 242.3          M      122
================================================================================
AV 37.1 20.0                              11.0 FASTST   M    M   6    MAX(MPH)
                                 MISC ---->  # 33 300               # 47  290
================================================================================
NOTES:
# LAST OF SEVERAL OCCURRENCES

COLUMN 17 PEAK WIND IN M.P.H.

PRELIMINARY LOCAL CLIMATOLOGICAL DATA (WS FORM: F-6) , PAGE 2

                                          STATION:  NEWARK NJ
                                          MONTH:    JANUARY
                                          YEAR:     2018
                                          LATITUDE:   40 42 N
                                          LONGITUDE:  74 10 W

[TEMPERATURE DATA]      [PRECIPITATION DATA]       SYMBOLS USED IN COLUMN 16

AVERAGE MONTHLY: 28.5   TOTAL FOR MONTH:   1.56    1 = FOG OR MIST
DPTR FM NORMAL:  -3.0   DPTR FM NORMAL:   -1.01    2 = FOG REDUCING VISIBILITY
HIGHEST:    64 ON 12    GRTST 24HR  0.71 ON  4- 4      TO 1/4 MILE OR LESS
LOWEST:      4 ON  7                               3 = THUNDER
                        SNOW, ICE PELLETS, HAIL    4 = ICE PELLETS
                        TOTAL MONTH:   9.4 INCHES  5 = HAIL
                        GRTST 24HR   8.4 ON  4- 4  6 = FREEZING RAIN OR DRIZZLE
                        GRTST DEPTH:   7 ON  6, 5  7 = DUSTSTORM OR SANDSTORM:
                                                       VSBY 1/2 MILE OR LESS
                                                   8 = SMOKE OR HAZE
[NO. OF DAYS WITH]      [WEATHER - DAYS WITH]      9 = BLOWING SNOW
                                                   X = TORNADO
MAX 32 OR BELOW:  10    0.01 INCH OR MORE:   5
MAX 90 OR ABOVE:   0    0.10 INCH OR MORE:   3
MIN 32 OR BELOW:  18    0.50 INCH OR MORE:   2
MIN  0 OR BELOW:   0    1.00 INCH OR MORE:   0

[HDD (BASE 65) ]
TOTAL THIS MO.   797    CLEAR  (SCALE 0-3)   6
DPTR FM NORMAL    59    PTCLDY (SCALE 4-7)   9
TOTAL FM JUL 1  2417    CLOUDY (SCALE 8-10)  7
DPTR FM NORMAL   -71

[CDD (BASE 65) ]
TOTAL THIS MO.     0
DPTR FM NORMAL     0    [PRESSURE DATA]
TOTAL FM JAN 1     0    HIGHEST SLP M ON M
DPTR FM NORMAL     0    LOWEST  SLP 29.27 ON 13

[REMARKS]
