000
CXAK56 PAFG 291319
CF6FAI
PRELIMINARY LOCAL CLIMATOLOGICAL DATA (WS FORM: F-6)

                                          STATION:   FAIRBANKS AK
                                          MONTH:     JULY
                                          YEAR:      2015
                                          LATITUDE:   64 49 N
                                          LONGITUDE: 147 52 W

  TEMPERATURE IN F:       :PCPN:    SNOW:  WIND      :SUNSHINE: SKY     :PK WND
================================================================================
1   2   3   4   5  6A  6B    7    8   9   10  11  12  13   14  15   16   17  18
                                     12Z  AVG MX 2MIN
DY MAX MIN AVG DEP HDD CDD  WTR  SNW DPTH SPD SPD DIR MIN PSBL S-S WX    SPD DR
================================================================================

 1  61  54  58  -6   7   0 0.23  0.0    0  4.6 10 140   M    M  10 18     14 190
 2  63  53  58  -6   7   0 0.01  0.0    0  6.1 16 250   M    M   9 18     23 250
 3  72  47  60  -4   5   0 0.00  0.0    0  3.0  9 110   M    M   7 8      13 100
 4  80  51  66   2   0   1 0.00  0.0    0  4.1 15 100   M    M   7        17 110
 5  79  62  71   7   0   6 0.00  0.0    0  3.1 13 260   M    M   7 8      19 280
 6  89  55  72   8   0   7 0.00  0.0    0  5.3 14  70   M    M   5        19  90
 7  77  57  67   3   0   2    T  0.0    0  8.3 17 250   M    M   9 8      23 250
 8  70  55  63  -1   2   0    T  0.0    0  6.0 12  10   M    M   8 8      19 200
 9  66  50  58  -6   7   0 0.00  0.0    0  4.6 13  10   M    M   8        14  20
10  74  49  62  -2   3   0 0.00  0.0    0  5.4 14  70   M    M   6        17  70
11  75  56  66   3   0   1 0.02  0.0    0  4.8 21 150   M    M   5        25 150
12  76  54  65   2   0   0 0.00  0.0    0  2.6 13 120   M    M   8 8      16  30
13  77  52  65   2   0   0 0.00  0.0    0  4.7 24  90   M    M   8 3      28  80
14  62  54  58  -5   7   0 0.08  0.0    0  4.8 14 230   M    M   9 18     21 250
15  72  52  62  -1   3   0 0.01  0.0    0  2.1  8 240   M    M   7        12 230
16  76  54  65   2   0   0 0.05  0.0    0  6.9 17 120   M    M   7        24 110
17  71  53  62  -1   3   0 0.01  0.0    0  6.3 23 290   M    M   8        31 250
18  58  52  55  -7  10   0 0.24  0.0    0  6.0 15 190   M    M   9 1      24 230
19  55  52  54  -8  11   0 0.08  0.0    0  6.3 15 250   M    M  10 1      19 250
20  65  53  59  -3   6   0    T  0.0    0  6.0 20 260   M    M   9        25 260
21  74  48  61  -1   4   0 0.00  0.0    0  6.7 15  40   M    M   5 1      19  60
22  78  53  66   4   0   1 0.00  0.0    0  7.3 14  30   M    M   4        17  50
23  77  60  69   7   0   4    T  0.0    0  6.2 15 250   M    M   6        19 250
24  78  50  64   2   1   0    T  0.0    0  3.3 12 260   M    M   7 3      16 250
25  75  58  67   6   0   2 0.09  0.0    0  4.7 23 250   M    M   6 3      28 250
26  70  52  61   0   4   0 0.00  0.0    0  4.9 13 250   M    M   8 38     17 270
27  64  56  60  -1   5   0 0.81  0.0    0  2.8 10 250   M    M   9 18     12 240
28  69  52  61   0   4   0 0.26  0.0    0  2.4  9 190   M    M   9 138    12  40
================================================================================
SM 2003 1494        89  24  1.89     0.0 139.3          M      210
================================================================================
AV 71.5 53.4                               5.0 FASTST   M    M   8    MAX(MPH)
                                 MISC ---->  # 24  90               # 31  250
================================================================================
NOTES:
# LAST OF SEVERAL OCCURRENCES

COLUMN 17 PEAK WIND IN M.P.H.

PRELIMINARY LOCAL CLIMATOLOGICAL DATA (WS FORM: F-6) , PAGE 2

                                          STATION:  FAIRBANKS AK
                                          MONTH:    JULY
                                          YEAR:     2015
                                          LATITUDE:   64 49 N
                                          LONGITUDE: 147 52 W

[TEMPERATURE DATA]      [PRECIPITATION DATA]       SYMBOLS USED IN COLUMN 16

AVERAGE MONTHLY: 62.4   TOTAL FOR MONTH:   1.89    1 = FOG OR MIST
DPTR FM NORMAL:  -0.4   DPTR FM NORMAL:   -0.05    2 = FOG REDUCING VISIBILITY
HIGHEST:    89 ON  6    GRTST 24HR  1.07 ON 27-28      TO 1/4 MILE OR LESS
LOWEST:     47 ON  3                               3 = THUNDER
                        SNOW, ICE PELLETS, HAIL    4 = ICE PELLETS
                        TOTAL MONTH:   0.0 INCH    5 = HAIL
                        GRTST 24HR     0.0         6 = FREEZING RAIN OR DRIZZLE
                        GRTST DEPTH:   0           7 = DUSTSTORM OR SANDSTORM:
                                                       VSBY 1/2 MILE OR LESS
                                                   8 = SMOKE OR HAZE
[NO. OF DAYS WITH]      [WEATHER - DAYS WITH]      9 = BLOWING SNOW
                                                   X = TORNADO
MAX 32 OR BELOW:   0    0.01 INCH OR MORE:  12
MAX 90 OR ABOVE:   0    0.10 INCH OR MORE:   4
MIN 32 OR BELOW:   0    0.50 INCH OR MORE:   1
MIN  0 OR BELOW:   0    1.00 INCH OR MORE:   0

[HDD (BASE 65) ]
TOTAL THIS MO.    89    CLEAR  (SCALE 0-3)   0
DPTR FM NORMAL    -6    PTCLDY (SCALE 4-7)  19
TOTAL FM JUL 1    89    CLOUDY (SCALE 8-10)  9
DPTR FM NORMAL    -6

[CDD (BASE 65) ]
TOTAL THIS MO.    24
DPTR FM NORMAL    -5    [PRESSURE DATA]
TOTAL FM JAN 1    57    HIGHEST SLP M ON M
DPTR FM NORMAL     4    LOWEST  SLP 29.48 ON 22

[REMARKS]
