000
CXUS52 KRAH 300845
CF6FAY
PRELIMINARY LOCAL CLIMATOLOGICAL DATA (WS FORM: F-6)

                                          STATION:   FAYETTEVILLE REGL AIRPORT NC
                                          MONTH:     JANUARY
                                          YEAR:      2015
                                          LATITUDE:   35  0 N
                                          LONGITUDE:  78 53 W

  TEMPERATURE IN F:       :PCPN:    SNOW:  WIND      :SUNSHINE: SKY     :PK WND
================================================================================
1   2   3   4   5  6A  6B    7    8   9   10  11  12  13   14  15   16   17  18
                                     12Z  AVG MX 2MIN
DY MAX MIN AVG DEP HDD CDD  WTR  SNW DPTH SPD SPD DIR MIN PSBL S-S WX    SPD DR
================================================================================

 1  53  26  40  -3  25   0 0.00    M    M  5.5 13 240   M    M   0 18     17 240
 2  56  44  50   7  15   0 0.02    M    M  3.4  8 240   M    M   8        12 250
 3  53  48  51   8  14   0 0.06    M    M  4.1 10  20   M    M   9 12     12  20
 4  76  53  65  22   0   0 0.19    M    M 14.4 29 220   M    M   8 12     39 230
 5  62  33  48   5  17   0 0.00    M    M  7.9 23 300   M    M   1        34 300
 6  61  28  45   2  20   0 0.00    M    M  6.9 23 240   M    M   0        31 240
 7  43  20  32 -11  33   0 0.00    M    M 10.1 29 340   M    M   1        37 350
 8  29  13  21 -22  44   0 0.00    M    M  7.9 23 350   M    M   0        32 350
 9  50  17  34  -9  31   0 0.00    M    M  9.6 24 240   M    M   3        30 240
10  44  24  34  -9  31   0 0.00    M    M  5.2 15  10   M    M   0        18  10
11  50  17  34  -9  31   0 0.00    M    M  4.6  9  40   M    M   5        12  50
12  56  40  48   5  17   0 2.40    M    M  5.1 15  20   M    M  10 123    17 280
13  50  35  43   0  22   0 0.13    M    M 12.6 22  30   M    M  10 1      32  30
14  35  32  34  -9  31   0 0.00    M    M  9.7 18  20   M    M  10 1      23  10
15  39  34  37  -6  28   0 0.01    M    M  3.4  8 250   M    M  10 12     10 250
16  56  35  46   3  19   0    T    M    M  6.7 15 330   M    M   2 1      19 330
17  56  30  43  -1  22   0 0.00    M    M  5.1 10  80   M    M   1        13  60
18  64  43  54  10  11   0 0.43    M    M  8.3 25 280   M    M   6 12     31 280
19  65  34  50   6  15   0 0.00    M    M  8.7 15 220   M    M   0        19 280
20  67  41  54  10  11   0 0.00    M    M  9.0 18 220   M    M   0        21 220
21  62  40  51   7  14   0 0.00    M    M  5.2 10 360   M    M   0        12 360
22  61  36  49   5  16   0 0.00    M    M  3.3  8  20   M    M   3 18     10 360
23  46  38  42  -2  23   0 0.54    M    M  8.1 15  40   M    M   8 1      19  50
24  51  34  43  -1  22   0 0.59    M    M  8.6 18 270   M    M   7 1      24 270
25  57  30  44   0  21   0 0.00    M    M  6.0 14 170   M    M   0        18 180
26  51  36  44  -1  21   0    T    M    M  4.8 13 330   M    M   8 13     16 320
27  46  36  41  -4  24   0 0.00    M    M 10.3 17 320   M    M   6        25 320
28  48  26  37  -8  28   0 0.00    M    M  7.2 15 360   M    M   0 8      20 350
29  52  22  37  -8  28   0    T    M    M  5.3 14 190   M    M   1        18 190
================================================================================
SM 1539  945       634   0  4.37    M    207.0          M      117
================================================================================
AV 53.1 32.6                               7.1 FASTST   M    M   4    MAX(MPH)
                                 MISC ---->  # 29 220               # 39  230
================================================================================
NOTES:
# LAST OF SEVERAL OCCURRENCES

COLUMN 17 PEAK WIND IN M.P.H.

PRELIMINARY LOCAL CLIMATOLOGICAL DATA (WS FORM: F-6) , PAGE 2

                                          STATION:  FAYETTEVILLE REGL AIRPORT NC
                                          MONTH:    JANUARY
                                          YEAR:     2015
                                          LATITUDE:   35  0 N
                                          LONGITUDE:  78 53 W

[TEMPERATURE DATA]      [PRECIPITATION DATA]       SYMBOLS USED IN COLUMN 16

AVERAGE MONTHLY: 42.8   TOTAL FOR MONTH:   4.37    1 = FOG OR MIST
DPTR FM NORMAL:  -0.8   DPTR FM NORMAL:    1.34    2 = FOG REDUCING VISIBILITY
HIGHEST:    76 ON  4    GRTST 24HR  2.40 ON 12-12      TO 1/4 MILE OR LESS
LOWEST:     13 ON  8                               3 = THUNDER
                        SNOW, ICE PELLETS, HAIL    4 = ICE PELLETS
                        TOTAL MONTH:    M          5 = HAIL
                        GRTST 24HR    M  ON   M    6 = FREEZING RAIN OR DRIZZLE
                        GRTST DEPTH:  M  ON   M    7 = DUSTSTORM OR SANDSTORM:
                                                       VSBY 1/2 MILE OR LESS
                                                   8 = SMOKE OR HAZE
[NO. OF DAYS WITH]      [WEATHER - DAYS WITH]      9 = BLOWING SNOW
                                                   X = TORNADO
MAX 32 OR BELOW:   1    0.01 INCH OR MORE:   9
MAX 90 OR ABOVE:   0    0.10 INCH OR MORE:   6
MIN 32 OR BELOW:  12    0.50 INCH OR MORE:   3
MIN  0 OR BELOW:   0    1.00 INCH OR MORE:   1

[HDD (BASE 65) ]
TOTAL THIS MO.   634    CLEAR  (SCALE 0-3)  16
DPTR FM NORMAL    10    PTCLDY (SCALE 4-7)   7
TOTAL FM JUL 1  1718    CLOUDY (SCALE 8-10)  6
DPTR FM NORMAL    35

[CDD (BASE 65) ]
TOTAL THIS MO.     0
DPTR FM NORMAL     0    [PRESSURE DATA]
TOTAL FM JAN 1     0    HIGHEST SLP M ON M
DPTR FM NORMAL     0    LOWEST  SLP 29.56 ON 24

[REMARKS]
