000
CXUS53 KFGF 280915
CF6FGF
PRELIMINARY LOCAL CLIMATOLOGICAL DATA (WS FORM: F-6)

                                          STATION:   GRAND FORKS UNIV. (NWS) ND
                                          MONTH:     FEBRUARY
                                          YEAR:      2015
                                          LATITUDE:   47 55 N
                                          LONGITUDE:  97  6 W

  TEMPERATURE IN F:       :PCPN:    SNOW:  WIND      :SUNSHINE: SKY     :PK WND
================================================================================
1   2   3   4   5  6A  6B    7    8   9   10  11  12  13   14  15   16   17  18
                                     12Z  AVG MX 2MIN
DY MAX MIN AVG DEP HDD CDD  WTR  SNW DPTH SPD SPD DIR MIN PSBL S-S WX    SPD DR
================================================================================

 1   0 -13  -6 -15  71   0 0.00  0.0    T   M   M   M   M    M   M         M  M
 2  16  -4   6  -4  59   0 0.00  0.0    T   M   M   M   M    M   M         M  M
 3  13   3   8  -2  57   0 0.01  0.2    T   M   M   M   M    M   M         M  M
 4   9  -3   3  -7  62   0    T    T    T   M   M   M   M    M   M         M  M
 5  32  -2  15   5  50   0 0.00  0.0    T   M   M   M   M    M   M         M  M
 6  18  12  15   4  50   0    T  0.1    T   M   M   M   M    M   M         M  M
 7  31  16  24  13  41   0    T    T    T   M   M   M   M    M   M         M  M
 8  17   7  12   1  53   0    T  0.2    T   M   M   M   M    M   M         M  M
 9  14   6  10  -2  55   0    T    T    T   M   M   M   M    M   M         M  M
10  26  11  19   7  46   0 0.19  2.4    0   M   M   M   M    M   M 169     M  M
11  12  -9   2 -10  63   0 0.00  0.0    3   M   M   M   M    M   M         M  M
12  10 -17  -3 -15  68   0    T    T    3   M   M   M   M    M   M         M  M
13  17  -2   8  -5  57   0 0.00  0.0    3   M   M   M   M    M   M         M  M
14  -2 -14  -8 -21  73   0 0.00  0.0    3   M   M   M   M    M   M         M  M
15  11  -4   4 -10  61   0 0.03  1.0    3   M   M   M   M    M   M         M  M
16  14  -5   5  -9  60   0    T    T    4   M   M   M   M    M   M         M  M
17   3 -12  -4 -18  69   0    T    T    3   M   M   M   M    M   M         M  M
18  -3 -17 -10 -25  75   0 0.00  0.0    3   M   M   M   M    M   M         M  M
19  11 -21  -5 -20  70   0 0.01  0.2    3   M   M   M   M    M   M         M  M
20  22   7  15   0  50   0 0.01  0.3    3   M   M   M   M    M   M         M  M
21   8 -16  -4 -20  69   0 0.00  0.0    3   M   M   M   M    M   M         M  M
22  -2 -22 -12 -28  77   0 0.00  0.0    3   M   M   M   M    M   M         M  M
23  31 -16   8  -8  57   0    T    T    3   M   M   M   M    M   M         M  M
24  31   5  18   1  47   0 0.01  0.3    3   M   M   M   M    M   M 19      M  M
25   5  -8  -1 -18  66   0 0.00  0.0    3   M   M   M   M    M   M         M  M
26   9 -13  -2 -20  67   0 0.00  0.0    3   M   M   M   M    M   M         M  M
27  18 -12   3 -15  62   0 0.00  0.0    3   M   M   M   M    M   M         M  M
================================================================================
SM  371 -143      1635   0  0.26     4.7     M          M        M
================================================================================
AV 13.7 -5.3                                 M FASTST   M    M   5    MAX(MPH)
                                 MISC ---->     M   M                  M    M
================================================================================
NOTES:
# LAST OF SEVERAL OCCURRENCES

COLUMN 17 PEAK WIND IN M.P.H.

PRELIMINARY LOCAL CLIMATOLOGICAL DATA (WS FORM: F-6) , PAGE 2

                                          STATION:  GRAND FORKS UNIV. (NWS) ND
                                          MONTH:    FEBRUARY
                                          YEAR:     2015
                                          LATITUDE:   47 55 N
                                          LONGITUDE:  97  6 W

[TEMPERATURE DATA]      [PRECIPITATION DATA]       SYMBOLS USED IN COLUMN 16

AVERAGE MONTHLY:  4.2   TOTAL FOR MONTH:   0.26    1 = FOG OR MIST
DPTR FM NORMAL:  -9.1   DPTR FM NORMAL:   -0.30    2 = FOG REDUCING VISIBILITY
HIGHEST:    32 ON  5    GRTST 24HR  0.19 ON 10-10      TO 1/4 MILE OR LESS
LOWEST:    -22 ON 22                               3 = THUNDER
                        SNOW, ICE PELLETS, HAIL    4 = ICE PELLETS
                        TOTAL MONTH:   4.7 INCHES  5 = HAIL
                        GRTST 24HR   2.4 ON   M    6 = FREEZING RAIN OR DRIZZLE
                        GRTST DEPTH:   4 ON 16     7 = DUSTSTORM OR SANDSTORM:
                                                       VSBY 1/2 MILE OR LESS
                                                   8 = SMOKE OR HAZE
[NO. OF DAYS WITH]      [WEATHER - DAYS WITH]      9 = BLOWING SNOW
                                                   X = TORNADO
MAX 32 OR BELOW:  27    0.01 INCH OR MORE:   6
MAX 90 OR ABOVE:   0    0.10 INCH OR MORE:   1
MIN 32 OR BELOW:  27    0.50 INCH OR MORE:   0
MIN  0 OR BELOW:  19    1.00 INCH OR MORE:   0

[HDD (BASE 65) ]
TOTAL THIS MO.  1635    CLEAR  (SCALE 0-3)   0
DPTR FM NORMAL   240    PTCLDY (SCALE 4-7)   0
TOTAL FM JUL 1  6796    CLOUDY (SCALE 8-10)  0
DPTR FM NORMAL  -117

[CDD (BASE 65) ]
TOTAL THIS MO.     0
DPTR FM NORMAL     0    [PRESSURE DATA]
TOTAL FM JAN 1     0    HIGHEST SLP M ON M
DPTR FM NORMAL     0    LOWEST  SLP M ON M

[REMARKS]
