000
CXUS55 KTBW 011000
CF6FMY
PRELIMINARY LOCAL CLIMATOLOGICAL DATA (WS FORM: F-6)

                                          STATION:   Fort Myers
                                          MONTH:     AUGUST
                                          YEAR:      2015
                                          LATITUDE:   26 34 N
                                          LONGITUDE:  81 52 W

  TEMPERATURE IN F:       :PCPN:    SNOW:  WIND      :SUNSHINE: SKY     :PK WND
================================================================================
1   2   3   4   5  6A  6B    7    8   9   10  11  12  13   14  15   16   17  18
                                     12Z  AVG MX 2MIN
DY MAX MIN AVG DEP HDD CDD  WTR  SNW DPTH SPD SPD DIR MIN PSBL S-S WX    SPD DR
================================================================================

 1  88  73  81  -2   0  16 0.57  0.0    0  6.5 17 210   M    M   2 13     23 200
 2  91  76  84   0   0  19 0.00  0.0    0  6.9 22 310   M    M   1        29 300
 3  87  72  80  -4   0  15 0.76  0.0    0  5.5 22 280   M    M   3 18     27 280
 4  94  74  84   0   0  19 0.00  0.0    0  5.1 14 330   M    M   0        18 320
 5  94  77  86   2   0  21    T  0.0    0  3.0 24  90   M    M   2 13     32  90
 6  92  76  84   0   0  19 0.00  0.0    0  4.8 14 280   M    M   0        19 240
 7  91  79  85   1   0  20 0.00  0.0    0  6.4 16 250   M    M   2        20 270
 8  87  75  81  -3   0  16 0.17  0.0    0  5.3 20 360   M    M   3 13     25 340
 9  90  75  83   0   0  18 1.01  0.0    0  5.5 21  30   M    M   3 13     23  40
10  92  76  84   1   0  19 0.01  0.0    0  4.9 18 270   M    M   4 13     23 280
11  92  76  84   1   0  19 0.00  0.0    0  5.9 16 250   M    M   2 3      19 260
12  92  78  85   2   0  20 0.00  0.0    0  5.7 15 280   M    M   1 3      20 240
13  92  75  84   1   0  19 0.03  0.0    0  6.5 23  60   M    M   1 13     29  50
14  90  73  82  -1   0  17 0.00  0.0    0  5.1 22 110   M    M   0 3      29 100
15  91  73  82  -1   0  17 0.16  0.0    0  5.7 21  30   M    M   2 13     27  40
16  94  73  84   1   0  19 1.48  0.0    0  5.0 18 300   M    M   3 138    24 320
17  94  73  84   1   0  19 3.10  0.0    0  5.6 35 100   M    M   3 13     50 110
18  94  76  85   2   0  20    T  0.0    0  4.5 22 140   M    M   2 38     30 140
19  92  77  85   2   0  20    T  0.0    0  6.4 18 130   M    M   2 3      24 170
20  93  75  84   1   0  19 0.01  0.0    0  6.5 20  90   M    M   1 3      26  80
21  92  75  84   1   0  19 0.08  0.0    0  4.1 23 340   M    M   2 38     27 340
22  95  77  86   3   0  21    T  0.0    0  4.3 21 350   M    M   1 3      28 340
23  95  77  86   3   0  21 0.02  0.0    0  5.9 17 330   M    M   2 3      21 340
24  96  77  87   4   0  22 0.14  0.0    0  5.0 18 330   M    M   3 13     23 330
25  92  76  84   1   0  19 0.05  0.0    0  3.1 18 130   M    M   2 13     25 120
26  91  72  82  -1   0  17 1.33  0.0    0  3.6 28  40   M    M   3 138    32  40
27  85  74  80  -3   0  15 0.16  0.0    0  5.1 17 320   M    M   1 13     20 320
28  91  74  83   0   0  18 0.23  0.0    0  6.9 23  30   M    M   2 13     26  30
29  94  73  84   1   0  19 0.54  0.0    0  7.8 23  60   M    M   3 138    31  80
30  86  75  81  -2   0  16 0.70  0.0    0  6.9 17 180   M    M   4 13     26 150
31  85  76  81  -2   0  16 0.26  0.0    0  6.0 15 160   M    M   2 1      19 220
================================================================================
SM 2832 2328         0 574 10.81     0.0 169.5          M       62
================================================================================
AV 91.4 75.1                               5.5 FASTST   M    M   2    MAX(MPH)
                                 MISC ---->  # 35 100               # 50  110
================================================================================
NOTES:
# LAST OF SEVERAL OCCURRENCES

COLUMN 17 PEAK WIND IN M.P.H.

PRELIMINARY LOCAL CLIMATOLOGICAL DATA (WS FORM: F-6) , PAGE 2

                                          STATION:  Fort Myers
                                          MONTH:    AUGUST
                                          YEAR:     2015
                                          LATITUDE:   26 34 N
                                          LONGITUDE:  81 52 W

[TEMPERATURE DATA]      [PRECIPITATION DATA]       SYMBOLS USED IN COLUMN 16

AVERAGE MONTHLY: 83.2   TOTAL FOR MONTH:  10.81    1 = FOG OR MIST
DPTR FM NORMAL:  -0.2   DPTR FM NORMAL:    0.67    2 = FOG REDUCING VISIBILITY
HIGHEST:    96 ON 24    GRTST 24HR  3.10 ON 17-17      TO 1/4 MILE OR LESS
LOWEST:     72 ON 26, 3                            3 = THUNDER
                        SNOW, ICE PELLETS, HAIL    4 = ICE PELLETS
                        TOTAL MONTH:   0.0 INCH    5 = HAIL
                        GRTST 24HR     0.0         6 = FREEZING RAIN OR DRIZZLE
                        GRTST DEPTH:   0           7 = DUSTSTORM OR SANDSTORM:
                                                       VSBY 1/2 MILE OR LESS
                                                   8 = SMOKE OR HAZE
[NO. OF DAYS WITH]      [WEATHER - DAYS WITH]      9 = BLOWING SNOW
                                                   X = TORNADO
MAX 32 OR BELOW:   0    0.01 INCH OR MORE:  20
MAX 90 OR ABOVE:  25    0.10 INCH OR MORE:  14
MIN 32 OR BELOW:   0    0.50 INCH OR MORE:   8
MIN  0 OR BELOW:   0    1.00 INCH OR MORE:   4

[HDD (BASE 65) ]
TOTAL THIS MO.     0    CLEAR  (SCALE 0-3)  25
DPTR FM NORMAL     0    PTCLDY (SCALE 4-7)   6
TOTAL FM JUL 1     0    CLOUDY (SCALE 8-10)  0
DPTR FM NORMAL     0

[CDD (BASE 65) ]
TOTAL THIS MO.   574
DPTR FM NORMAL     5    [PRESSURE DATA]
TOTAL FM JAN 1  3017    HIGHEST SLP 30.12 ON  5
DPTR FM NORMAL   293    LOWEST  SLP 29.85 ON 24

[REMARKS]
#FINAL-08-15#
