000
CXUS53 KOAX 211000
CF6FNB
PRELIMINARY LOCAL CLIMATOLOGICAL DATA (WS FORM: F-6)

                                          STATION:   FALLS CITY, NEBRASKA
                                          MONTH:     JANUARY
                                          YEAR:      2017
                                          LATITUDE:   40  4 N
                                          LONGITUDE:  95 35 W

  TEMPERATURE IN F:       :PCPN:    SNOW:  WIND      :SUNSHINE: SKY     :PK WND
================================================================================
1   2   3   4   5  6A  6B    7    8   9   10  11  12  13   14  15   16   17  18
                                     12Z  AVG MX 2MIN
DY MAX MIN AVG DEP HDD CDD  WTR  SNW DPTH SPD SPD DIR MIN PSBL S-S WX    SPD DR
================================================================================

 1  41  16  29   2  36   0 0.00    M    M  7.6 15 110   M    M   5 1      19 110
 2  43  36  40  14  25   0 0.04    M    M  8.0 21 350   M    M  10 12     27 350
 3  36  13  25  -1  40   0 0.00    M    M 15.5 25 310   M    M   4 1      33 340
 4  16   9  13 -13  52   0 0.10    M    M  8.3 18 320   M    M   8 1      21 310
 5  12  -4   4 -22  61   0    T    M    M  9.0 20 320   M    M   3 1      24 320
 6  12 -11   1 -25  64   0 0.00    M    M  4.6 10 240   M    M   0        13 220
 7  23  -6   9 -17  56   0 0.00    M    M  5.7 14 360   M    M   0        20 360
 8  31  -2  15 -11  50   0 0.00    M    M  9.5 23 150   M    M   1        30 150
 9  40  17  29   3  36   0 0.00    M    M  7.7 18 150   M    M   1        22 140
10  42  27  35   9  30   0 0.08    M    M 11.8 35 300   M    M   2 1      44 300
11  45  16  31   5  34   0 0.00    M    M 13.6 24 360   M    M   4        32 360
12  24  11  18  -8  47   0 0.00    M    M  9.2 18 360   M    M   3        24 350
13  28  16  22  -4  43   0 0.00    M    M  7.7 16  70   M    M   5        19  80
14  36  25  31   5  34   0    T    M    M  2.2  7  60   M    M   4 4      10 350
15  32  27  30   4  35   0 0.18    M    M  5.0 10 100   M    M  10 168    14  80
16  37  32  35   9  30   0 0.53    M    M  8.1 14 320   M    M  10 126    18  70
17  36  27  32   6  33   0 0.00    M    M  7.3 14 300   M    M   7 1      17 310
18  52  24  38  12  27   0 0.00    M    M  7.2 15 160   M    M   1 1      19 180
19  46  34  40  14  25   0    T    M    M  3.6 10 160   M    M   9 12     13 170
20  46  39  43  17  22   0 0.03    M    M  5.1 10 110   M    M  10 12     12 100
================================================================================
SM  678  346       780   0  0.96    M    156.7          M       97
================================================================================
AV 33.9 17.3                               7.8 FASTST   M    M   5    MAX(MPH)
                                 MISC ---->  # 35 300               # 44  300
================================================================================
NOTES:
# LAST OF SEVERAL OCCURRENCES

COLUMN 17 PEAK WIND IN M.P.H.

PRELIMINARY LOCAL CLIMATOLOGICAL DATA (WS FORM: F-6) , PAGE 2

                                          STATION:  FALLS CITY, NEBRASKA
                                          MONTH:    JANUARY
                                          YEAR:     2017
                                          LATITUDE:   40  4 N
                                          LONGITUDE:  95 35 W

[TEMPERATURE DATA]      [PRECIPITATION DATA]       SYMBOLS USED IN COLUMN 16

AVERAGE MONTHLY: 25.6   TOTAL FOR MONTH:   0.96    1 = FOG OR MIST
DPTR FM NORMAL:  -0.4   DPTR FM NORMAL:    0.57    2 = FOG REDUCING VISIBILITY
HIGHEST:    52 ON 18    GRTST 24HR  0.69 ON 15-16      TO 1/4 MILE OR LESS
LOWEST:    -11 ON  6                               3 = THUNDER
                        SNOW, ICE PELLETS, HAIL    4 = ICE PELLETS
                        TOTAL MONTH:    M          5 = HAIL
                        GRTST 24HR    M  ON   M    6 = FREEZING RAIN OR DRIZZLE
                        GRTST DEPTH:  M  ON   M    7 = DUSTSTORM OR SANDSTORM:
                                                       VSBY 1/2 MILE OR LESS
                                                   8 = SMOKE OR HAZE
[NO. OF DAYS WITH]      [WEATHER - DAYS WITH]      9 = BLOWING SNOW
                                                   X = TORNADO
MAX 32 OR BELOW:   8    0.01 INCH OR MORE:   6
MAX 90 OR ABOVE:   0    0.10 INCH OR MORE:   3
MIN 32 OR BELOW:  17    0.50 INCH OR MORE:   1
MIN  0 OR BELOW:   4    1.00 INCH OR MORE:   0

[HDD (BASE 65) ]
TOTAL THIS MO.   780    CLEAR  (SCALE 0-3)   7
DPTR FM NORMAL     2    PTCLDY (SCALE 4-7)   8
TOTAL FM JUL 1  2624    CLOUDY (SCALE 8-10)  5
DPTR FM NORMAL  -419

[CDD (BASE 65) ]
TOTAL THIS MO.     0
DPTR FM NORMAL     0    [PRESSURE DATA]
TOTAL FM JAN 1     0    HIGHEST SLP M ON M
DPTR FM NORMAL     0    LOWEST  SLP 29.38 ON 10

[REMARKS]
