000
CXUS53 KOAX 261000
CF6FNB
PRELIMINARY LOCAL CLIMATOLOGICAL DATA (WS FORM: F-6)

                                          STATION:   FALLS CITY, NEBRASKA
                                          MONTH:     MAY
                                          YEAR:      2017
                                          LATITUDE:   40  4 N
                                          LONGITUDE:  95 35 W

  TEMPERATURE IN F:       :PCPN:    SNOW:  WIND      :SUNSHINE: SKY     :PK WND
================================================================================
1   2   3   4   5  6A  6B    7    8   9   10  11  12  13   14  15   16   17  18
                                     12Z  AVG MX 2MIN
DY MAX MIN AVG DEP HDD CDD  WTR  SNW DPTH SPD SPD DIR MIN PSBL S-S WX    SPD DR
================================================================================

 1  58  37  48 -11  17   0 0.09    M    M 13.8 30 310   M    M   6 1      38 310
 2  67  45  56  -3   9   0 0.00    M    M  7.3 18 280   M    M   3        23 280
 3  61  44  53  -7  12   0 0.00    M    M  4.7 16 150   M    M   2        19 150
 4  69  39  54  -6  11   0 0.00    M    M  8.7 25 350   M    M   2 12     33 360
 5  75  42  59  -1   6   0 0.00    M    M  7.6 18 310   M    M   0        25 320
 6  79  50  65   5   0   0 0.00    M    M  8.3 17  80   M    M   0        25  90
 7  82  49  66   5   0   1 0.00    M    M  9.6 20 160   M    M   0        26 140
 8  87  64  76  15   0  11 0.00    M    M 12.3 22 220   M    M   0        29 180
 9  85  60  73  11   0   8    T    M    M  4.6 13 250   M    M   2        17 250
10  80  60  70   8   0   5    T    M    M  9.6 22 210   M    M   5 3      27 200
11  73  57  65   3   0   0 0.03    M    M  9.5 22  20   M    M   6        30  20
12  75  45  60  -2   5   0 0.00    M    M  8.5 23  80   M    M   0        36  60
13  79  44  62  -1   3   0 0.00    M    M  8.3 22 190   M    M   0        29 210
14  87  56  72   9   0   7 0.00    M    M 14.0 26 190   M    M   0        35 200
15  90  62  76  12   0  11 0.00    M    M 12.3 23 190   M    M   0        31 180
16  87  62  75  11   0  10 0.10    M    M 15.5 26 200   M    M   4 13     37 180
17  77  59  68   4   0   3 0.23    M    M 15.6 32 190   M    M   4 13     44 190
18  73  53  63  -1   2   0 0.73    M    M 11.6 24  70   M    M   8 13     31  70
19  62  54  58  -7   7   0 0.69    M    M 10.2 23  70   M    M  10 1      30  60
20  60  48  54 -11  11   0 0.38    M    M 14.6 24 210   M    M  10 1      30 210
21  68  42  55 -11  10   0 0.00    M    M 12.3 24 280   M    M   1        32 250
22  64  51  58  -8   7   0 0.22    M    M  9.4 22 200   M    M   5 1      29 200
23  64  50  57  -9   8   0    T    M    M 10.8 22 320   M    M   6        29 310
24  69  48  59  -7   6   0 0.00    M    M  8.8 17  10   M    M   5        23 340
25  77  47  62  -5   3   0 0.00    M    M 10.9 25 160   M    M   1        31 160
================================================================================
SM 1848 1268       117  56  2.47    M    258.8          M       80
================================================================================
AV 73.9 50.7                              10.4 FASTST   M    M   3    MAX(MPH)
                                 MISC ---->  # 32 190               # 44  190
================================================================================
NOTES:
# LAST OF SEVERAL OCCURRENCES

COLUMN 17 PEAK WIND IN M.P.H.

PRELIMINARY LOCAL CLIMATOLOGICAL DATA (WS FORM: F-6) , PAGE 2

                                          STATION:  FALLS CITY, NEBRASKA
                                          MONTH:    MAY
                                          YEAR:     2017
                                          LATITUDE:   40  4 N
                                          LONGITUDE:  95 35 W

[TEMPERATURE DATA]      [PRECIPITATION DATA]       SYMBOLS USED IN COLUMN 16

AVERAGE MONTHLY: 62.3   TOTAL FOR MONTH:   2.47    1 = FOG OR MIST
DPTR FM NORMAL:  -0.5   DPTR FM NORMAL:   -1.17    2 = FOG REDUCING VISIBILITY
HIGHEST:    90 ON 15    GRTST 24HR  0.73 ON 18-18      TO 1/4 MILE OR LESS
LOWEST:     37 ON  1                               3 = THUNDER
                        SNOW, ICE PELLETS, HAIL    4 = ICE PELLETS
                        TOTAL MONTH:    M          5 = HAIL
                        GRTST 24HR    M  ON   M    6 = FREEZING RAIN OR DRIZZLE
                        GRTST DEPTH:  M  ON   M    7 = DUSTSTORM OR SANDSTORM:
                                                       VSBY 1/2 MILE OR LESS
                                                   8 = SMOKE OR HAZE
[NO. OF DAYS WITH]      [WEATHER - DAYS WITH]      9 = BLOWING SNOW
                                                   X = TORNADO
MAX 32 OR BELOW:   0    0.01 INCH OR MORE:   8
MAX 90 OR ABOVE:   1    0.10 INCH OR MORE:   6
MIN 32 OR BELOW:   0    0.50 INCH OR MORE:   2
MIN  0 OR BELOW:   0    1.00 INCH OR MORE:   0

[HDD (BASE 65) ]
TOTAL THIS MO.   117    CLEAR  (SCALE 0-3)  14
DPTR FM NORMAL     7    PTCLDY (SCALE 4-7)   9
TOTAL FM JUL 1  4630    CLOUDY (SCALE 8-10)  2
DPTR FM NORMAL  -987

[CDD (BASE 65) ]
TOTAL THIS MO.    56
DPTR FM NORMAL     0    [PRESSURE DATA]
TOTAL FM JAN 1    71    HIGHEST SLP M ON M
DPTR FM NORMAL    -7    LOWEST  SLP 29.24 ON 17

[REMARKS]
