000
CXUS53 KDTX 240800
CF6FNT
PRELIMINARY LOCAL CLIMATOLOGICAL DATA (WS FORM: F-6)

                                          STATION:   FLINT MI
                                          MONTH:     NOVEMBER
                                          YEAR:      2017
                                          LATITUDE:   42 58 N
                                          LONGITUDE:  83 44 W

  TEMPERATURE IN F:       :PCPN:    SNOW:  WIND      :SUNSHINE: SKY     :PK WND
================================================================================
1   2   3   4   5  6A  6B    7    8   9   10  11  12  13   14  15   16   17  18
                                     12Z  AVG MX 2MIN
DY MAX MIN AVG DEP HDD CDD  WTR  SNW DPTH SPD SPD DIR MIN PSBL S-S WX    SPD DR
================================================================================

 1  42  31  37  -7  28   0 0.30  0.0    0  7.1 15 160   M    M   8 1      18 160
 2  53  41  47   3  18   0 0.25  0.0    0  5.9 14 360   M    M  10 1      17 350
 3  49  33  41  -3  24   0    T  0.0    0  7.5 16  20   M    M   4        20 320
 4  49  35  42  -1  23   0 0.55  0.0    0  8.9 23 110   M    M   7 13     30 110
 5  61  46  54  11  11   0 0.20  0.0    0  7.6 21 300   M    M  10 13     25 310
 6  46  31  39  -4  26   0 0.00  0.0    0  6.7 18 360   M    M   5        24 340
 7  47  25  36  -6  29   0 0.00  0.0    0  2.6 12 350   M    M   3        14 360
 8  47  21  34  -8  31   0 0.00  0.0    0  5.0 15 280   M    M   0        18 260
 9  42  21  32 -10  33   0 0.02    T    T 13.3 29 300   M    M   8 1      37 300
10  26  16  21 -20  44   0 0.00  0.0    0  6.8 17 330   M    M   2        23 360
11  37  16  27 -14  38   0 0.00  0.0    0  7.6 18 150   M    M   5        21 150
12  38  32  35  -5  30   0 0.11    T    0  2.4  7 200   M    M  10 1       9 190
13  43  33  38  -2  27   0 0.00  0.0    0  4.7 13 280   M    M  10 1      16 270
14  48  25  37  -3  28   0 0.00  0.0    0  5.2 14 160   M    M   3 18     17 180
15  46  39  43   4  22   0 0.36  0.0    0 13.2 25 260   M    M  10 1      35 270
16  42  32  37  -2  28   0 0.01  0.0    0 14.9 26 290   M    M  10        36 260
17  43  30  37  -1  28   0 0.24  0.0    0 10.6 22 170   M    M   7        29 180
18  46  33  40   2  25   0 0.93  0.3    0 10.1 23 330   M    M  10 1      34 320
19  37  27  32  -6  33   0    T    T    0 15.0 24 290   M    M  10 8      32 330
20  50  27  39   2  26   0 0.00  0.0    0 12.8 21 230   M    M   2        29 240
21  50  32  41   4  24   0 0.04  0.0    0 14.5 23 240   M    M   5 1      34 210
22  34  26  30  -6  35   0    T    T    0  8.7 16 310   M    M   8        20 310
23  40  28  34  -2  31   0 0.00  0.0    0  7.8 14 240   M    M   9        18 240
================================================================================
SM 1016  680       642   0  3.01     0.3 198.9          M      156
================================================================================
AV 44.2 29.6                               8.6 FASTST   M    M   7    MAX(MPH)
                                 MISC ---->  # 29 300               # 37  300
================================================================================
NOTES:
# LAST OF SEVERAL OCCURRENCES

COLUMN 17 PEAK WIND IN M.P.H.

PRELIMINARY LOCAL CLIMATOLOGICAL DATA (WS FORM: F-6) , PAGE 2

                                          STATION:  FLINT MI
                                          MONTH:    NOVEMBER
                                          YEAR:     2017
                                          LATITUDE:   42 58 N
                                          LONGITUDE:  83 44 W

[TEMPERATURE DATA]      [PRECIPITATION DATA]       SYMBOLS USED IN COLUMN 16

AVERAGE MONTHLY: 36.9   TOTAL FOR MONTH:   3.01    1 = FOG OR MIST
DPTR FM NORMAL:  -3.4   DPTR FM NORMAL:    0.91    2 = FOG REDUCING VISIBILITY
HIGHEST:    61 ON  5    GRTST 24HR  0.93 ON 18-18      TO 1/4 MILE OR LESS
LOWEST:     16 ON 11,10                            3 = THUNDER
                        SNOW, ICE PELLETS, HAIL    4 = ICE PELLETS
                        TOTAL MONTH:   0.3 INCH    5 = HAIL
                        GRTST 24HR   0.3 ON 18-18  6 = FREEZING RAIN OR DRIZZLE
                        GRTST DEPTH:   T           7 = DUSTSTORM OR SANDSTORM:
                                                       VSBY 1/2 MILE OR LESS
                                                   8 = SMOKE OR HAZE
[NO. OF DAYS WITH]      [WEATHER - DAYS WITH]      9 = BLOWING SNOW
                                                   X = TORNADO
MAX 32 OR BELOW:   1    0.01 INCH OR MORE:  11
MAX 90 OR ABOVE:   0    0.10 INCH OR MORE:   8
MIN 32 OR BELOW:  16    0.50 INCH OR MORE:   2
MIN  0 OR BELOW:   0    1.00 INCH OR MORE:   0

[HDD (BASE 65) ]
TOTAL THIS MO.   642    CLEAR  (SCALE 0-3)   4
DPTR FM NORMAL    73    PTCLDY (SCALE 4-7)  10
TOTAL FM JUL 1  1125    CLOUDY (SCALE 8-10)  9
DPTR FM NORMAL  -140

[CDD (BASE 65) ]
TOTAL THIS MO.     0
DPTR FM NORMAL     0    [PRESSURE DATA]
TOTAL FM JAN 1   567    HIGHEST SLP M ON M
DPTR FM NORMAL    36    LOWEST  SLP 29.32 ON 18

[REMARKS]
