124
CXUS53 KDTX 220800
CF6FNT
PRELIMINARY LOCAL CLIMATOLOGICAL DATA (WS FORM: F-6)

                                          STATION:   FLINT MI
                                          MONTH:     SEPTEMBER
                                          YEAR:      2017
                                          LATITUDE:   42 58 N
                                          LONGITUDE:  83 44 W

  TEMPERATURE IN F:       :PCPN:    SNOW:  WIND      :SUNSHINE: SKY     :PK WND
================================================================================
1   2   3   4   5  6A  6B    7    8   9   10  11  12  13   14  15   16   17  18
                                     12Z  AVG MX 2MIN
DY MAX MIN AVG DEP HDD CDD  WTR  SNW DPTH SPD SPD DIR MIN PSBL S-S WX    SPD DR
================================================================================

 1  67  39  53 -13  12   0 0.00  0.0    0  7.0 18  60   M    M   0        23  60
 2  74  41  58  -8   7   0    T  0.0    0  6.0 15 150   M    M   0 1      18 140
 3  76  53  65  -1   0   0 0.02  0.0    0  8.3 17 280   M    M   5        23 270
 4  84  55  70   5   0   5 0.01  0.0    0 11.6 32 310   M    M   3 1      41 310
 5  71  46  59  -6   6   0 0.29  0.0    0  8.4 28 300   M    M   5 1      33 300
 6  66  42  54 -11  11   0 0.01  0.0    0  5.3 18 290   M    M   5 1      20 290
 7  66  46  56  -8   9   0 0.19  0.0    0  8.6 22 310   M    M   5 1      30 290
 8  65  45  55  -9  10   0 0.00  0.0    0  7.0 18  30   M    M   3        23  30
 9  66  36  51 -13  14   0 0.00  0.0    0  2.7 13  70   M    M   3        22 100
10  70  36  53 -10  12   0 0.00  0.0    0  3.3 12  60   M    M   0 1      17  70
11  76  41  59  -4   6   0 0.00  0.0    0  1.6 10 150   M    M   0 1      14 130
12  78  41  60  -3   5   0 0.00  0.0    0  2.4  9 110   M    M   0 1      11 170
13  78  49  64   2   1   0 0.00  0.0    0  4.1 16 190   M    M   4        19 190
14  80  50  65   3   0   0 0.00  0.0    0  3.9 10 320   M    M   6 12     13 310
15  79  51  65   3   0   0 0.00  0.0    0  3.8 12 190   M    M   1 12     13 180
16  81  54  68   7   0   3 0.00  0.0    0  6.0 14 160   M    M   1 12     18 230
17  86  58  72  11   0   7 0.06  0.0    0  7.4 16 200   M    M   3 13     22 180
18  75  56  66   6   0   1 0.01  0.0    0  6.3 14  50   M    M   6 18     16  40
19  70  56  63   3   2   0 0.02  0.0    0  6.5 12  60   M    M   8 1      18  80
20  83  61  72  13   0   7 0.00  0.0    0  4.7 10 240   M    M   5 12     14 210
21  93  63  78  19   0  13 0.02  0.0    0  7.1 21 290   M    M   1 13     26 270
================================================================================
SM 1584 1019        95  36  0.63     0.0 122.0          M       64
================================================================================
AV 75.4 48.5                               5.8 FASTST   M    M   3    MAX(MPH)
                                 MISC ---->  # 32 310               # 41  310
================================================================================
NOTES:
# LAST OF SEVERAL OCCURRENCES

COLUMN 17 PEAK WIND IN M.P.H.

PRELIMINARY LOCAL CLIMATOLOGICAL DATA (WS FORM: F-6) , PAGE 2

                                          STATION:  FLINT MI
                                          MONTH:    SEPTEMBER
                                          YEAR:     2017
                                          LATITUDE:   42 58 N
                                          LONGITUDE:  83 44 W

[TEMPERATURE DATA]      [PRECIPITATION DATA]       SYMBOLS USED IN COLUMN 16

AVERAGE MONTHLY: 62.0   TOTAL FOR MONTH:   0.63    1 = FOG OR MIST
DPTR FM NORMAL:  -0.9   DPTR FM NORMAL:   -2.03    2 = FOG REDUCING VISIBILITY
HIGHEST:    93 ON 21    GRTST 24HR  0.29 ON  5- 5      TO 1/4 MILE OR LESS
LOWEST:     36 ON 10, 9                            3 = THUNDER
                        SNOW, ICE PELLETS, HAIL    4 = ICE PELLETS
                        TOTAL MONTH:   0.0 INCH    5 = HAIL
                        GRTST 24HR     0.0         6 = FREEZING RAIN OR DRIZZLE
                        GRTST DEPTH:   0           7 = DUSTSTORM OR SANDSTORM:
                                                       VSBY 1/2 MILE OR LESS
                                                   8 = SMOKE OR HAZE
[NO. OF DAYS WITH]      [WEATHER - DAYS WITH]      9 = BLOWING SNOW
                                                   X = TORNADO
MAX 32 OR BELOW:   0    0.01 INCH OR MORE:   9
MAX 90 OR ABOVE:   1    0.10 INCH OR MORE:   2
MIN 32 OR BELOW:   0    0.50 INCH OR MORE:   0
MIN  0 OR BELOW:   0    1.00 INCH OR MORE:   0

[HDD (BASE 65) ]
TOTAL THIS MO.    95    CLEAR  (SCALE 0-3)  11
DPTR FM NORMAL     9    PTCLDY (SCALE 4-7)  10
TOTAL FM JUL 1   127    CLOUDY (SCALE 8-10)  0
DPTR FM NORMAL    -3

[CDD (BASE 65) ]
TOTAL THIS MO.    36
DPTR FM NORMAL    -4    [PRESSURE DATA]
TOTAL FM JAN 1   493    HIGHEST SLP M ON M
DPTR FM NORMAL   -24    LOWEST  SLP 29.56 ON  4

[REMARKS]
