491
CXUS54 KTSA 180940
CF6FSM
PRELIMINARY LOCAL CLIMATOLOGICAL DATA (WS FORM: F-6)

                                          STATION:   FORT SMITH ARKANSAS
                                          MONTH:     FEBRUARY
                                          YEAR:      2018
                                          LATITUDE:   35 19 N
                                          LONGITUDE:  94 22 W

  TEMPERATURE IN F:       :PCPN:    SNOW:  WIND      :SUNSHINE: SKY     :PK WND
================================================================================
1   2   3   4   5  6A  6B    7    8   9   10  11  12  13   14  15   16   17  18
                                     12Z  AVG MX 2MIN
DY MAX MIN AVG DEP HDD CDD  WTR  SNW DPTH SPD SPD DIR MIN PSBL S-S WX    SPD DR
================================================================================

 1  56  32  44   3  21   0 0.00  0.0    0 10.3 22  30   M    M   3        26  40
 2  47  28  38  -3  27   0 0.00  0.0    0  6.5 13 110   M    M   0 8      17  80
 3  52  28  40  -1  25   0 0.00  0.0    0  7.0 14 150   M    M   4        18 150
 4  54  24  39  -3  26   0 0.00  0.0    0  8.9 28 340   M    M   3 12     34 340
 5  46  20  33  -9  32   0 0.00  0.0    0  7.1 15  90   M    M   4        20 110
 6  41  34  38  -4  27   0 0.02  0.0    0  8.4 16  70   M    M  10 18     19  70
 7  47  29  38  -4  27   0 0.00  0.0    0  6.1 13 340   M    M   4 1      20 350
 8  59  23  41  -1  24   0 0.00  0.0    0  3.3  8  50   M    M   0 1       9  40
 9  70  33  52   9  13   0 0.01  0.0    0  7.3 16 230   M    M   6 18     22 230
10  53  30  42  -1  23   0 0.03    T    0 11.5 16 270   M    M  10 146    20 240
11  31  25  28 -15  37   0    T  0.0    0  9.5 16 300   M    M   8 16     20 310
12  46  20  33 -10  32   0 0.00  0.0    0  7.1 17  80   M    M   1        22  80
13  48  30  39  -5  26   0 0.00  0.0    0  8.5 14  70   M    M   7        17 100
14  65  42  54  10  11   0    T  0.0    0  6.9 12 180   M    M   9 1      17 200
15  77  56  67  23   0   2 0.00  0.0    0 12.7 28 220   M    M   1        36 210
16  71  44  58  14   7   0    T    M    0 11.4 29 360   M    M   5        37 350
17  55  36  46   1  19   0 0.69    M    0  5.3 14 120   M    M   7 1      17 110
================================================================================
SM  918  534       377   2  0.75    T    137.8          M       82
================================================================================
AV 54.0 31.4                               8.1 FASTST   M    M   5    MAX(MPH)
                                 MISC ---->  # 29 360               # 37  350
================================================================================
NOTES:
# LAST OF SEVERAL OCCURRENCES

COLUMN 17 PEAK WIND IN M.P.H.

PRELIMINARY LOCAL CLIMATOLOGICAL DATA (WS FORM: F-6) , PAGE 2

                                          STATION:  FORT SMITH ARKANSAS
                                          MONTH:    FEBRUARY
                                          YEAR:     2018
                                          LATITUDE:   35 19 N
                                          LONGITUDE:  94 22 W

[TEMPERATURE DATA]      [PRECIPITATION DATA]       SYMBOLS USED IN COLUMN 16

AVERAGE MONTHLY: 42.7   TOTAL FOR MONTH:   0.75    1 = FOG OR MIST
DPTR FM NORMAL:   0.0   DPTR FM NORMAL:   -0.87    2 = FOG REDUCING VISIBILITY
HIGHEST:    77 ON 15    GRTST 24HR  0.69 ON 17-17      TO 1/4 MILE OR LESS
LOWEST:     20 ON 12, 5                            3 = THUNDER
                        SNOW, ICE PELLETS, HAIL    4 = ICE PELLETS
                        TOTAL MONTH:    T          5 = HAIL
                        GRTST 24HR    T  ON 10-10  6 = FREEZING RAIN OR DRIZZLE
                        GRTST DEPTH:   0           7 = DUSTSTORM OR SANDSTORM:
                                                       VSBY 1/2 MILE OR LESS
                                                   8 = SMOKE OR HAZE
[NO. OF DAYS WITH]      [WEATHER - DAYS WITH]      9 = BLOWING SNOW
                                                   X = TORNADO
MAX 32 OR BELOW:   1    0.01 INCH OR MORE:   4
MAX 90 OR ABOVE:   0    0.10 INCH OR MORE:   1
MIN 32 OR BELOW:  11    0.50 INCH OR MORE:   1
MIN  0 OR BELOW:   0    1.00 INCH OR MORE:   0

[HDD (BASE 65) ]
TOTAL THIS MO.   377    CLEAR  (SCALE 0-3)   4
DPTR FM NORMAL    -3    PTCLDY (SCALE 4-7)   9
TOTAL FM JUL 1  2317    CLOUDY (SCALE 8-10)  4
DPTR FM NORMAL  -154

[CDD (BASE 65) ]
TOTAL THIS MO.     2
DPTR FM NORMAL     2    [PRESSURE DATA]
TOTAL FM JAN 1     2    HIGHEST SLP M ON M
DPTR FM NORMAL     2    LOWEST  SLP 29.80 ON 15

[REMARKS]
