000
CXUS51 KCAR 280600
CF6FVE
PRELIMINARY LOCAL CLIMATOLOGICAL DATA (WS FORM: F-6)

                                          STATION:   FRENCHVILLE ME
                                          MONTH:     MAY
                                          YEAR:      2016
                                          LATITUDE:   47 16 N
                                          LONGITUDE:  68 19 W

  TEMPERATURE IN F:       :PCPN:    SNOW:  WIND      :SUNSHINE: SKY     :PK WND
================================================================================
1   2   3   4   5  6A  6B    7    8   9   10  11  12  13   14  15   16   17  18
                                     12Z  AVG MX 2MIN
DY MAX MIN AVG DEP HDD CDD  WTR  SNW DPTH SPD SPD DIR MIN PSBL S-S WX    SPD DR
================================================================================

 1  61  30  46   1  19   0 0.00    M    M  4.9 12 120   M    M   1        16 150
 2  50  38  44  -1  21   0 0.13    M    M  5.8 14 160   M    M  10 1      19 180
 3  44  37  41  -5  24   0 0.03    M    M  4.8 12  30   M    M  10 1      15  30
 4  52  37  45  -1  20   0    T    M    M  3.9  9 160   M    M   9        12  90
 5  52  40  46  -1  19   0 0.00    M    M  9.1 15  50   M    M   9        22  70
 6  67  38  53   6  12   0 0.00    M    M  8.1 17 330   M    M   1        25 320
 7  70  42  56   8   9   0 0.02    M    M 11.4 18 150   M    M   3        24 150
 8  62  31  47  -1  18   0 0.15    M    M 14.0 28 320   M    M  10 12     36 320
 9  41  31  36 -12  29   0 0.04    M    M 17.7 30 260   M    M  10 1      43 270
10  52  35  44  -5  21   0 0.00    M    M 13.5 26 320   M    M   8        35 330
11  57  33  45  -4  20   0 0.00    M    M 14.4 29 330   M    M   0        36 340
12  73  40  57   8   8   0 0.00    M    M 10.7 24 340   M    M   0        31 330
13  71  39  55   5  10   0 0.18    M    M 11.7 18 180   M    M   2 1      28 180
14  65  48  57   7   8   0 0.47    M    M 10.4 20 330   M    M   7 12     25 330
15  49  34  42  -8  23   0 0.44    M    M  9.2 20 280   M    M  10 12     25 290
16  41  32  37 -14  28   0 0.34    M    M 14.3 24 280   M    M  10 128    35 290
17  56  38  47  -4  18   0    T    M    M 12.3 21 290   M    M   8        26 300
18  65  38  52   1  13   0 0.00    M    M  7.6 14 290   M    M   5        18 330
19  68  40  54   2  11   0 0.00    M    M  5.9 13 250   M    M   5        18 230
20  74  48  61   9   4   0 0.00    M    M  9.4 21 330   M    M   3        27 330
21  79  54  67  15   0   2    T    M    M  8.7 29 300   M    M   1        40 300
22  77  51  64  11   1   0 0.00    M    M  8.4 18 350   M    M   1        24 350
23  79  44  62   9   3   0 0.00    M    M  4.4 13 330   M    M   0        16 340
24  80  53  67  14   0   2 0.00    M    M  8.2 15 150   M    M   0        19 140
25  80  54  67  14   0   2 0.30    M    M  9.2 21 340   M    M   6 13     29 330
26  62  47  55   1  10   0 0.00    M    M  9.1 23 320   M    M   9 1      31 320
27  56  44  50  -4  15   0 0.32    M    M 11.7 20 150   M    M   8 1      25 130
================================================================================
SM 1683 1096       364   6  2.42    M    258.8          M      146
================================================================================
AV 62.3 40.6                               9.6 FASTST   M    M   5    MAX(MPH)
                                 MISC ---->  # 30 260               # 43  270
================================================================================
NOTES:
# LAST OF SEVERAL OCCURRENCES

COLUMN 17 PEAK WIND IN M.P.H.

PRELIMINARY LOCAL CLIMATOLOGICAL DATA (WS FORM: F-6) , PAGE 2

                                          STATION:  FRENCHVILLE ME
                                          MONTH:    MAY
                                          YEAR:     2016
                                          LATITUDE:   47 16 N
                                          LONGITUDE:  68 19 W

[TEMPERATURE DATA]      [PRECIPITATION DATA]       SYMBOLS USED IN COLUMN 16

AVERAGE MONTHLY: 51.5   TOTAL FOR MONTH:   2.42    1 = FOG OR MIST
DPTR FM NORMAL:   1.6   DPTR FM NORMAL:   -0.16    2 = FOG REDUCING VISIBILITY
HIGHEST:    80 ON 25,24 GRTST 24HR  0.76 ON 15-16      TO 1/4 MILE OR LESS
LOWEST:     30 ON  1                               3 = THUNDER
                        SNOW, ICE PELLETS, HAIL    4 = ICE PELLETS
                        TOTAL MONTH:    M          5 = HAIL
                        GRTST 24HR    M  ON   M    6 = FREEZING RAIN OR DRIZZLE
                        GRTST DEPTH:  M  ON   M    7 = DUSTSTORM OR SANDSTORM:
                                                       VSBY 1/2 MILE OR LESS
                                                   8 = SMOKE OR HAZE
[NO. OF DAYS WITH]      [WEATHER - DAYS WITH]      9 = BLOWING SNOW
                                                   X = TORNADO
MAX 32 OR BELOW:   0    0.01 INCH OR MORE:  11
MAX 90 OR ABOVE:   0    0.10 INCH OR MORE:   8
MIN 32 OR BELOW:   4    0.50 INCH OR MORE:   0
MIN  0 OR BELOW:   0    1.00 INCH OR MORE:   0

[HDD (BASE 65) ]
TOTAL THIS MO.   364    CLEAR  (SCALE 0-3)  11
DPTR FM NORMAL   -48    PTCLDY (SCALE 4-7)   7
TOTAL FM JUL 1  8746    CLOUDY (SCALE 8-10)  9
DPTR FM NORMAL  -798

[CDD (BASE 65) ]
TOTAL THIS MO.     6
DPTR FM NORMAL     6    [PRESSURE DATA]
TOTAL FM JAN 1     6    HIGHEST SLP M ON M
DPTR FM NORMAL     6    LOWEST  SLP 29.38 ON M

[REMARKS]
