000
CXUS51 KCAR 010600
CF6FVE
PRELIMINARY LOCAL CLIMATOLOGICAL DATA (WS FORM: F-6)

                                          STATION:   FRENCHVILLE ME
                                          MONTH:     AUGUST
                                          YEAR:      2014
                                          LATITUDE:   47 16 N
                                          LONGITUDE:  68 19 W

  TEMPERATURE IN F:       :PCPN:    SNOW:  WIND      :SUNSHINE: SKY     :PK WND
================================================================================
1   2   3   4   5  6A  6B    7    8   9   10  11  12  13   14  15   16   17  18
                                     12Z  AVG MX 2MIN
DY MAX MIN AVG DEP HDD CDD  WTR  SNW DPTH SPD SPD DIR MIN PSBL S-S WX    SPD DR
================================================================================

 1  75  53  64   0   1   0 0.02    M    M  6.9 13 210   M    M   6 12     20 200
 2  77  58  68   4   0   3 0.00    M    M  4.5 22 180   M    M   2 12     28 180
 3  77  60  69   5   0   4 0.25    M    M  4.3 16 270   M    M   5 12     20 260
 4  78  56  67   3   0   2 0.18    M    M  4.2 20 330   M    M   5 123    24 330
 5  76  55  66   2   0   1 0.44    M    M  4.8 18 240   M    M   6 123    24 250
 6  72  54  63  -1   2   0 0.08    M    M  8.1 14 360   M    M   4 1      19  20
 7  74  48  61  -3   4   0 0.01    M    M  7.7 25 340   M    M   2 3      31 340
 8  72  54  63  -1   2   0 0.01    M    M 10.2 22 330   M    M   4        29 340
 9  74  54  64   0   1   0 0.00    M    M 10.1 21 330   M    M   3        26 340
10  79  52  66   2   0   1 0.00    M    M  3.0  8  20   M    M   0        11 340
11  75  55  65   1   0   0 0.00    M    M  6.7 10 140   M    M   0        14 130
12  78  55  67   4   0   2 0.00    M    M  8.1 15 140   M    M   0        20 150
13  69  55  62  -1   3   0 0.05    M    M 10.3 21 150   M    M   2        27 160
14  64  54  59  -4   6   0 0.43    M    M 13.4 23 160   M    M  10 1      34 150
15  67  48  58  -5   7   0 0.00    M    M  5.1 14 250   M    M   4 12     18 350
16  63  53  58  -5   7   0 0.25    M    M  4.4 16 240   M    M  10 1      21 240
17  60  53  57  -6   8   0 0.05    M    M  3.4 10 160   M    M   9 1      13 200
18  67  50  59  -3   6   0 0.01    M    M 10.3 20 340   M    M   7 12     26 340
19  72  52  62   0   3   0 0.00    M    M  9.7 17 330   M    M   3 1      22 320
20  76  53  65   3   0   0 0.00    M    M  7.3 14 330   M    M   0        20  10
21  72  54  63   1   2   0 0.00    M    M  4.8 12  60   M    M   3        14  60
22  69  55  62   0   3   0 0.00    M    M  3.0 10  40   M    M   9        12  50
23  74  51  63   2   2   0    T    M    M  4.2  9 350   M    M   6 12     14 350
24  82  56  69   8   0   4 0.00    M    M  7.8 16 340   M    M   2        22 330
25  84  59  72  11   0   7 0.00    M    M  5.8 12 280   M    M   1        15 320
26  81  60  71  10   0   6 0.00    M    M  8.5 21 240   M    M   1        29 240
27  73  57  65   5   0   0 0.03    M    M  9.3 18 320   M    M   4        23 320
28  62  46  54  -6  11   0 0.03    M    M 11.9 24 350   M    M  10 1      29 350
29  68  40  54  -6  11   0 0.00    M    M  6.8 17 330   M    M   0        22 330
30  71  48  60   0   5   0    T    M    M  7.6 17 230   M    M   5        23 250
31  68  56  62   3   3   0 0.12    M    M  6.4 13 160   M    M   9 1      16 160
================================================================================
SM 2249 1654        87  30  1.96    M    218.6          M      132
================================================================================
AV 72.5 53.4                               7.1 FASTST   M    M   4    MAX(MPH)
                                 MISC ---->  # 25 340               # 34  150
================================================================================
NOTES:
# LAST OF SEVERAL OCCURRENCES

COLUMN 17 PEAK WIND IN M.P.H.

PRELIMINARY LOCAL CLIMATOLOGICAL DATA (WS FORM: F-6) , PAGE 2

                                          STATION:  FRENCHVILLE ME
                                          MONTH:    AUGUST
                                          YEAR:     2014
                                          LATITUDE:   47 16 N
                                          LONGITUDE:  68 19 W

[TEMPERATURE DATA]      [PRECIPITATION DATA]       SYMBOLS USED IN COLUMN 16

AVERAGE MONTHLY: 63.0   TOTAL FOR MONTH:   1.96    1 = FOG OR MIST
DPTR FM NORMAL:   0.6   DPTR FM NORMAL:   -2.04    2 = FOG REDUCING VISIBILITY
HIGHEST:    84 ON 25    GRTST 24HR  0.62 ON  4- 5      TO 1/4 MILE OR LESS
LOWEST:     40 ON 29                               3 = THUNDER
                        SNOW, ICE PELLETS, HAIL    4 = ICE PELLETS
                        TOTAL MONTH:    M          5 = HAIL
                        GRTST 24HR    M  ON   M    6 = FREEZING RAIN OR DRIZZLE
                        GRTST DEPTH:  M  ON   M    7 = DUSTSTORM OR SANDSTORM:
                                                       VSBY 1/2 MILE OR LESS
                                                   8 = SMOKE OR HAZE
[NO. OF DAYS WITH]      [WEATHER - DAYS WITH]      9 = BLOWING SNOW
                                                   X = TORNADO
MAX 32 OR BELOW:   0    0.01 INCH OR MORE:  15
MAX 90 OR ABOVE:   0    0.10 INCH OR MORE:   6
MIN 32 OR BELOW:   0    0.50 INCH OR MORE:   0
MIN  0 OR BELOW:   0    1.00 INCH OR MORE:   0

[HDD (BASE 65) ]
TOTAL THIS MO.    87    CLEAR  (SCALE 0-3)  11
DPTR FM NORMAL   -35    PTCLDY (SCALE 4-7)  14
TOTAL FM JUL 1   137    CLOUDY (SCALE 8-10)  6
DPTR FM NORMAL   -55

[CDD (BASE 65) ]
TOTAL THIS MO.    30
DPTR FM NORMAL   -12    [PRESSURE DATA]
TOTAL FM JAN 1   130    HIGHEST SLP 30.22 ON 22
DPTR FM NORMAL     6    LOWEST  SLP 29.69 ON 18

[REMARKS]
#FINAL-08-14#
