000
CXUS51 KCAR 300600
CF6FVE
PRELIMINARY LOCAL CLIMATOLOGICAL DATA (WS FORM: F-6)

                                          STATION:   FRENCHVILLE ME
                                          MONTH:     JULY
                                          YEAR:      2015
                                          LATITUDE:   47 16 N
                                          LONGITUDE:  68 19 W

  TEMPERATURE IN F:       :PCPN:    SNOW:  WIND      :SUNSHINE: SKY     :PK WND
================================================================================
1   2   3   4   5  6A  6B    7    8   9   10  11  12  13   14  15   16   17  18
                                     12Z  AVG MX 2MIN
DY MAX MIN AVG DEP HDD CDD  WTR  SNW DPTH SPD SPD DIR MIN PSBL S-S WX    SPD DR
================================================================================

 1  69  58  64   1   1   0 0.47    M    M  9.2 18 160   M    M   7 1      24 160
 2  61  50  56  -7   9   0 0.02    M    M 12.7 23 240   M    M   8 1      35 230
 3  71  48  60  -4   5   0 0.00    M    M 11.3 24 290   M    M   4        33 290
 4  74  52  63  -1   2   0 0.00    M    M  4.3 13 270   M    M   0        16 240
 5  73  53  63  -1   2   0 0.00    M    M  6.8 16 330   M    M   3        21 320
 6  80  54  67   3   0   2 0.00    M    M  4.2 12 230   M    M   0 1      17 230
 7  82  59  71   7   0   6    T    M    M  9.8 20 180   M    M   5        28 190
 8  69  51  60  -4   5   0 0.24    M    M 12.5 24 330   M    M   6 1      33 280
 9  73  46  60  -4   5   0 0.00    M    M  4.0  9 230   M    M   0 1      10 150
10  77  53  65   1   0   0 0.00    M    M  5.2 15 330   M    M   1 1      20 330
11  78  51  65   1   0   0    T    M    M  4.6 12 270   M    M   3 1      14 240
12  77  55  66   1   0   1    T    M    M  9.8 21 330   M    M   2        27 330
13  77  49  63  -2   2   0 0.00    M    M  5.6 10 130   M    M   0        15 150
14  83  60  72   7   0   7    T    M    M 11.7 21 160   M    M   0 1      30 170
15  66  47  57  -8   8   0 0.31    M    M 13.5 23 320   M    M   6 1      31 350
16  65  44  55 -10  10   0    T    M    M 10.0 22 330   M    M   2        26 330
17  74  45  60  -5   5   0 0.00    M    M  4.1  9 230   M    M   0        13 270
18  63  57  60  -5   5   0 0.16    M    M  7.9 13 130   M    M   7 1      19 130
19  59  54  57  -8   8   0 0.07    M    M  6.2 13 140   M    M  10 12     16 140
20  63  56  60  -5   5   0 0.87    M    M  6.7 14  90   M    M  10 12     24  90
21  68  58  63  -2   2   0 0.40    M    M 10.3 16 150   M    M  10 123    23 160
22  72  56  64  -1   1   0    T    M    M  7.6 17 310   M    M   7 12     26 290
23  67  51  59  -6   6   0 0.01    M    M  6.6 15 290   M    M   7        22 350
24  56  52  54 -11  11   0 0.19    M    M  5.8 12 110   M    M  10 1      16  90
25  64  49  57  -8   8   0 0.00    M    M  5.1 10 130   M    M   7 12     15 150
26  60  51  56  -9   9   0 0.05    M    M  8.7 20 160   M    M  10 12     28 170
27  74  58  66   1   0   1 0.07    M    M  6.0 13 200   M    M   6 123    19 200
28  79  59  69   4   0   4 0.00    M    M  6.2 18 280   M    M   2 12     24 290
29  76  53  65   0   0   0 0.00    M    M  6.5 15 360   M    M   1        20  10
================================================================================
SM 2050 1529       109  21  2.86    M    222.9          M      134
================================================================================
AV 70.7 52.7                               7.7 FASTST   M    M   5    MAX(MPH)
                                 MISC ---->  # 24 290               # 35  230
================================================================================
NOTES:
# LAST OF SEVERAL OCCURRENCES

COLUMN 17 PEAK WIND IN M.P.H.

PRELIMINARY LOCAL CLIMATOLOGICAL DATA (WS FORM: F-6) , PAGE 2

                                          STATION:  FRENCHVILLE ME
                                          MONTH:    JULY
                                          YEAR:     2015
                                          LATITUDE:   47 16 N
                                          LONGITUDE:  68 19 W

[TEMPERATURE DATA]      [PRECIPITATION DATA]       SYMBOLS USED IN COLUMN 16

AVERAGE MONTHLY: 61.7   TOTAL FOR MONTH:   2.86    1 = FOG OR MIST
DPTR FM NORMAL:  -2.8   DPTR FM NORMAL:   -1.24    2 = FOG REDUCING VISIBILITY
HIGHEST:    83 ON 14    GRTST 24HR  1.01 ON 20-21      TO 1/4 MILE OR LESS
LOWEST:     44 ON 16                               3 = THUNDER
                        SNOW, ICE PELLETS, HAIL    4 = ICE PELLETS
                        TOTAL MONTH:    M          5 = HAIL
                        GRTST 24HR    M  ON   M    6 = FREEZING RAIN OR DRIZZLE
                        GRTST DEPTH:  M  ON   M    7 = DUSTSTORM OR SANDSTORM:
                                                       VSBY 1/2 MILE OR LESS
                                                   8 = SMOKE OR HAZE
[NO. OF DAYS WITH]      [WEATHER - DAYS WITH]      9 = BLOWING SNOW
                                                   X = TORNADO
MAX 32 OR BELOW:   0    0.01 INCH OR MORE:  12
MAX 90 OR ABOVE:   0    0.10 INCH OR MORE:   7
MIN 32 OR BELOW:   0    0.50 INCH OR MORE:   1
MIN  0 OR BELOW:   0    1.00 INCH OR MORE:   0

[HDD (BASE 65) ]
TOTAL THIS MO.   109    CLEAR  (SCALE 0-3)  12
DPTR FM NORMAL    44    PTCLDY (SCALE 4-7)  12
TOTAL FM JUL 1   109    CLOUDY (SCALE 8-10)  5
DPTR FM NORMAL    44

[CDD (BASE 65) ]
TOTAL THIS MO.    21
DPTR FM NORMAL   -36    [PRESSURE DATA]
TOTAL FM JAN 1    32    HIGHEST SLP M ON M
DPTR FM NORMAL   -53    LOWEST  SLP 29.53 ON M

[REMARKS]
