000
CXUS52 KMFL 211000
CF6FXE
PRELIMINARY LOCAL CLIMATOLOGICAL DATA (WS FORM: F-6)

                                          STATION:   FORT LAUDERDALE EXEC ARPT
                                          MONTH:     OCTOBER
                                          YEAR:      2014
                                          LATITUDE:   26 12 N
                                          LONGITUDE:  80 11 W

  TEMPERATURE IN F:       :PCPN:    SNOW:  WIND      :SUNSHINE: SKY     :PK WND
================================================================================
1   2   3   4   5  6A  6B    7    8   9   10  11  12  13   14  15   16   17  18
                                     12Z  AVG MX 2MIN
DY MAX MIN AVG DEP HDD CDD  WTR  SNW DPTH SPD SPD DIR MIN PSBL S-S WX    SPD DR
================================================================================

 1  91  76  84   3   0  19    T  0.0    0  5.3 16 270   M    M   3 3      21 280
 2  92  77  85   4   0  20 0.00  0.0    0  5.9 14 280   M    M   2        19 300
 3  91  73  82   1   0  17 1.14  0.0    0  4.3 22 280   M    M   3 13     31 270
 4  90  75  83   2   0  18 0.12  0.0    0  7.4 20 270   M    M   3 138    27 290
 5  84  67  76  -5   0  11 0.00  0.0    0  5.5 14  50   M    M   3        17  30
 6  85  71  78  -3   0  13 0.00  0.0    0  8.6 20  80   M    M   4        24  90
 7  83  76  80   0   0  15 0.13  0.0    0  4.7 15 120   M    M   3 1      21 140
 8  86  74  80   0   0  15 0.00  0.0    0  7.4 14  50   M    M   3        20  50
 9  88  77  83   3   0  18 0.04  0.0    0  9.7 18  50   M    M   3        25  90
10  87  78  83   3   0  18 0.00  0.0    0 12.0 23  80   M    M   2        27  80
11  88  78  83   3   0  18 0.00  0.0    0 10.0 17  80   M    M   3        22  90
12  88  77  83   3   0  18 0.00  0.0    0 12.1 18  80   M    M   4        26  90
13  87  76  82   2   0  17 0.18  0.0    0 14.0 23 100   M    M   3 1      27 100
14  88  75  82   3   0  17 0.15  0.0    0 10.1 20 130   M    M   4        26 180
15  88  76  82   3   0  17 0.03  0.0    0  3.2 15 190   M    M   3 13     20 190
16  84  70  77  -2   0  12 0.00  0.0    0  7.1 15 260   M    M   1        21 330
17  84  66  75  -4   0  10 0.00  0.0    0  4.0  9 330   M    M   0        14 330
18  86  66  76  -3   0  11 0.00  0.0    0  3.9 13 120   M    M   1        18 140
19  85  68  77  -1   0  12 0.00  0.0    0  5.5 14  70   M    M   3        18  80
20  87  69  78   0   0  13 0.04  0.0    0  5.4 15  80   M    M   5        19 100
================================================================================
SM 1742 1465         0 309  1.83     0.0 146.1          M       56
================================================================================
AV 87.1 73.2                               7.3 FASTST   M    M   3    MAX(MPH)
                                 MISC ---->  # 23  80               # 31  270
================================================================================
NOTES:
# LAST OF SEVERAL OCCURRENCES

COLUMN 17 PEAK WIND IN M.P.H.

PRELIMINARY LOCAL CLIMATOLOGICAL DATA (WS FORM: F-6) , PAGE 2

                                          STATION:  FORT LAUDERDALE EXEC ARPT
                                          MONTH:    OCTOBER
                                          YEAR:     2014
                                          LATITUDE:   26 12 N
                                          LONGITUDE:  80 11 W

[TEMPERATURE DATA]      [PRECIPITATION DATA]       SYMBOLS USED IN COLUMN 16

AVERAGE MONTHLY: 80.2   TOTAL FOR MONTH:   1.83    1 = FOG OR MIST
DPTR FM NORMAL:   0.3   DPTR FM NORMAL:   -1.74    2 = FOG REDUCING VISIBILITY
HIGHEST:    92 ON  2    GRTST 24HR  1.16 ON  3- 4      TO 1/4 MILE OR LESS
LOWEST:     66 ON 18,17                            3 = THUNDER
                        SNOW, ICE PELLETS, HAIL    4 = ICE PELLETS
                        TOTAL MONTH:   0.0 INCH    5 = HAIL
                        GRTST 24HR     0.0         6 = FREEZING RAIN OR DRIZZLE
                        GRTST DEPTH:   0           7 = DUSTSTORM OR SANDSTORM:
                                                       VSBY 1/2 MILE OR LESS
                                                   8 = SMOKE OR HAZE
[NO. OF DAYS WITH]      [WEATHER - DAYS WITH]      9 = BLOWING SNOW
                                                   X = TORNADO
MAX 32 OR BELOW:   0    0.01 INCH OR MORE:   8
MAX 90 OR ABOVE:   4    0.10 INCH OR MORE:   5
MIN 32 OR BELOW:   0    0.50 INCH OR MORE:   1
MIN  0 OR BELOW:   0    1.00 INCH OR MORE:   1

[HDD (BASE 65) ]
TOTAL THIS MO.     0    CLEAR  (SCALE 0-3)  15
DPTR FM NORMAL     0    PTCLDY (SCALE 4-7)   5
TOTAL FM JUL 1     0    CLOUDY (SCALE 8-10)  0
DPTR FM NORMAL     0

[CDD (BASE 65) ]
TOTAL THIS MO.   309
DPTR FM NORMAL    12    [PRESSURE DATA]
TOTAL FM JAN 1  3992    HIGHEST SLP M ON M
DPTR FM NORMAL   351    LOWEST  SLP 29.83 ON  4

[REMARKS]
