000
CXUS53 KUNR 220945
CF6GCC
PRELIMINARY LOCAL CLIMATOLOGICAL DATA (WS FORM: F-6)

                                          STATION:   GILLETTE AIRPORT WY
                                          MONTH:     DECEMBER
                                          YEAR:      2014
                                          LATITUDE:   44 20 N
                                          LONGITUDE: 105 32 W

  TEMPERATURE IN F:       :PCPN:    SNOW:  WIND      :SUNSHINE: SKY     :PK WND
================================================================================
1   2   3   4   5  6A  6B    7    8   9   10  11  12  13   14  15   16   17  18
                                     12Z  AVG MX 2MIN
DY MAX MIN AVG DEP HDD CDD  WTR  SNW DPTH SPD SPD DIR MIN PSBL S-S WX    SPD DR
================================================================================

 1  40  -1  20  -6  45   0 0.00    M    M 16.6 37 170   M    M   1        44 170
 2  36   7  22  -4  43   0    T    M    M  8.8 22 300   M    M   4 1      30 300
 3  31   7  19  -6  46   0 0.00    M    M 11.7 31 170   M    M   0        36 170
 4  55  24  40  15  25   0 0.00    M    M  7.0 22 230   M    M   2        24 230
 5  50  26  38  13  27   0 0.00    M    M  4.0 13 160   M    M   2        15 150
 6  49  30  40  16  25   0 0.00    M    M 12.5 26 190   M    M   0        33 190
 7  49  22  36  12  29   0 0.00    M    M  9.6 33 320   M    M   2        42 320
 8  48  22  35  11  30   0 0.00    M    M  5.7 16 180   M    M   0        20 170
 9  55  24  40  16  25   0 0.00    M    M  5.5 15 180   M    M   0        18 200
10  60  26  43  19  22   0 0.00    M    M  5.0 16 170   M    M   0        17 170
11  60  36  48  24  17   0 0.00    M    M 21.8 37 210   M    M   0        49 220
12  65  50  58  34   7   0 0.00    M    M 24.7 46 230   M    M   1        63 230
13  61  32  47  23  18   0 0.00    M    M 14.9 35 220   M    M   0        43 220
14  34  27  31   7  34   0    T    M    M 17.8 28 340   M    M   9 1      34 340
15  27  18  23   0  42   0 0.13    M    M 10.5 28 340   M    M  10 1      32 330
16  26  14  20  -3  45   0 0.00    M    M  9.8 22 170   M    M   5 1      25 160
17  31   8  20  -3  45   0 0.00    M    M  6.5 21 180   M    M   2 1      23 170
18  38  11  25   1  40   0 0.00    M    M  9.4 17 220   M    M   0        20 220
19  40  14  27   3  38   0 0.00    M    M  7.2 20 230   M    M   1        24 230
20  44  23  34  10  31   0 0.00    M    M  7.4 18 240   M    M   4        23 240
21  46  31  39  15  26   0 0.03    M    M 15.4 32 310   M    M   4 1      39 310
================================================================================
SM  945  451       660   0  0.16    M    231.8          M       47
================================================================================
AV 45.0 21.5                              11.0 FASTST   M    M   2    MAX(MPH)
                                 MISC ---->  # 46 230               # 63  230
================================================================================
NOTES:
# LAST OF SEVERAL OCCURRENCES

COLUMN 17 PEAK WIND IN M.P.H.

PRELIMINARY LOCAL CLIMATOLOGICAL DATA (WS FORM: F-6) , PAGE 2

                                          STATION:  GILLETTE AIRPORT WY
                                          MONTH:    DECEMBER
                                          YEAR:     2014
                                          LATITUDE:   44 20 N
                                          LONGITUDE: 105 32 W

[TEMPERATURE DATA]      [PRECIPITATION DATA]       SYMBOLS USED IN COLUMN 16

AVERAGE MONTHLY: 33.2   TOTAL FOR MONTH:   0.16    1 = FOG OR MIST
DPTR FM NORMAL:   9.0   DPTR FM NORMAL:   -0.13    2 = FOG REDUCING VISIBILITY
HIGHEST:    65 ON 12    GRTST 24HR  0.13 ON 15-15      TO 1/4 MILE OR LESS
LOWEST:     -1 ON  1                               3 = THUNDER
                        SNOW, ICE PELLETS, HAIL    4 = ICE PELLETS
                        TOTAL MONTH:    M          5 = HAIL
                        GRTST 24HR    M  ON   M    6 = FREEZING RAIN OR DRIZZLE
                        GRTST DEPTH:  M  ON   M    7 = DUSTSTORM OR SANDSTORM:
                                                       VSBY 1/2 MILE OR LESS
                                                   8 = SMOKE OR HAZE
[NO. OF DAYS WITH]      [WEATHER - DAYS WITH]      9 = BLOWING SNOW
                                                   X = TORNADO
MAX 32 OR BELOW:   4    0.01 INCH OR MORE:   2
MAX 90 OR ABOVE:   0    0.10 INCH OR MORE:   1
MIN 32 OR BELOW:  19    0.50 INCH OR MORE:   0
MIN  0 OR BELOW:   1    1.00 INCH OR MORE:   0

[HDD (BASE 65) ]
TOTAL THIS MO.   660    CLEAR  (SCALE 0-3)  15
DPTR FM NORMAL  -198    PTCLDY (SCALE 4-7)   4
TOTAL FM JUL 1  2443    CLOUDY (SCALE 8-10)  2
DPTR FM NORMAL  -290

[CDD (BASE 65) ]
TOTAL THIS MO.     0
DPTR FM NORMAL     0    [PRESSURE DATA]
TOTAL FM JAN 1   412    HIGHEST SLP M ON M
DPTR FM NORMAL   -90    LOWEST  SLP 29.43 ON 21

[REMARKS]
