837
CXUS56 KFGZ 290900
CF6GCN
PRELIMINARY LOCAL CLIMATOLOGICAL DATA (WS FORM: F-6)

                                          STATION:   GRAND CANYON AZ AIRPORT
                                          MONTH:     MAY
                                          YEAR:      2017
                                          LATITUDE:   35 57 N
                                          LONGITUDE: 112  9 W

  TEMPERATURE IN F:       :PCPN:    SNOW:  WIND      :SUNSHINE: SKY     :PK WND
================================================================================
1   2   3   4   5  6A  6B    7    8   9   10  11  12  13   14  15   16   17  18
                                     12Z  AVG MX 2MIN
DY MAX MIN AVG DEP HDD CDD  WTR  SNW DPTH SPD SPD DIR MIN PSBL S-S WX    SPD DR
================================================================================

 1  69  24  47   1  18   0 0.00    M    M  3.6 17 330   M    M   0 8      26 320
 2  72  27  50   4  15   0 0.00    M    M  4.3 18 250   M    M   0 8      25 280
 3  74  29  52   5  13   0 0.00    M    M  3.4 14  40   M    M   0 8      21  30
 4  80  29  55   8  10   0 0.00  0.0    0  3.9 17 220   M    M   0 8      20 210
 5  81  33  57  10   8   0 0.00  0.0    0  6.3 23 220   M    M   0 8      32 240
 6  74  41  58  10   7   0 0.00  0.0    0 11.2 30 210   M    M   1 8      47 210
 7  62  28  45  -3  20   0 0.00  0.0    0  9.7 28 210   M    M   1        35 190
 8  63  23  43  -5  22   0 0.00  0.0    0  6.0 18 100   M    M   2        27 100
 9  47  31  39  -9  26   0 0.47    M    0  4.9 22 190   M    M   6 12     26 190
10  51  29  40  -9  25   0    T    M    0  4.4 13 260   M    M   7 1      17 250
11  71  29  50   1  15   0 0.00  0.0    0  2.5 10 350   M    M   2        16 350
12  74  34  54   5  11   0 0.00  0.0    0  8.9 26 220   M    M   1        36 240
13  71  34  53   3  12   0 0.00  0.0    0 13.0 36 220   M    M   0        44 210
14  68  26  47  -3  18   0 0.00  0.0    0 12.2 32 220   M    M   0        39 230
15  64  26  45  -5  20   0 0.00  0.0    0 12.7 33 210   M    M   2        42 220
16  58  28  43  -7  22   0 0.00  0.0    0  7.4 22 240   M    M   3        30 270
17  59  31  45  -6  20   0 0.28    M    0 13.0 28 220   M    M   6 1      42 230
18  52  24  38 -13  27   0    T    M    0  3.5 18 350   M    M   4 1      27 360
19  61  23  42  -9  23   0 0.00  0.0    0  3.6 14  30   M    M   1        20 320
20  67  27  47  -5  18   0 0.00  0.0    0  3.8 16  50   M    M   0        21  60
21  75  30  53   1  12   0 0.00  0.0    0  3.3 14  20   M    M   2        19 290
22  74  33  54   2  11   0 0.00  0.0    0  5.1 16 280   M    M   0        26 320
23  78  31  55   2  10   0 0.00  0.0    0  5.4 20  50   M    M   1 8      25  90
24  83  32  58   5   7   0 0.00  0.0    0 10.6 29 230   M    M   0 8      38 210
25  78  54  66  13   0   1 0.00  0.0    0 14.9 29 230   M    M   1 8      43 240
26  74  34  54   1  11   0 0.00  0.0    0 12.0 28 230   M    M   0 8      37 220
27  74  30  52  -2  13   0 0.00  0.0    0  3.7 15 280   M    M   1 8      20 260
28  76  33  55   1  10   0 0.00  0.0    0  6.5 20  80   M    M   1 8      30  60
================================================================================
SM 1930  853       424   1  0.75     0.0 199.8          M       42
================================================================================
AV 68.9 30.5                               7.1 FASTST   M    M   2    MAX(MPH)
                                 MISC ---->  # 36 220               # 47  210
================================================================================
NOTES:
# LAST OF SEVERAL OCCURRENCES

COLUMN 17 PEAK WIND IN M.P.H.

PRELIMINARY LOCAL CLIMATOLOGICAL DATA (WS FORM: F-6) , PAGE 2

                                          STATION:  GRAND CANYON AZ AIRPORT
                                          MONTH:    MAY
                                          YEAR:     2017
                                          LATITUDE:   35 57 N
                                          LONGITUDE: 112  9 W

[TEMPERATURE DATA]      [PRECIPITATION DATA]       SYMBOLS USED IN COLUMN 16

AVERAGE MONTHLY: 49.7   TOTAL FOR MONTH:   0.75    1 = FOG OR MIST
DPTR FM NORMAL:  -0.3   DPTR FM NORMAL:    0.30    2 = FOG REDUCING VISIBILITY
HIGHEST:    83 ON 24    GRTST 24HR  0.47 ON  9- 9      TO 1/4 MILE OR LESS
LOWEST:     23 ON 19, 8                            3 = THUNDER
                        SNOW, ICE PELLETS, HAIL    4 = ICE PELLETS
                        TOTAL MONTH:   0.0 INCH    5 = HAIL
                        GRTST 24HR     0.0         6 = FREEZING RAIN OR DRIZZLE
                        GRTST DEPTH:   0           7 = DUSTSTORM OR SANDSTORM:
                                                       VSBY 1/2 MILE OR LESS
                                                   8 = SMOKE OR HAZE
[NO. OF DAYS WITH]      [WEATHER - DAYS WITH]      9 = BLOWING SNOW
                                                   X = TORNADO
MAX 32 OR BELOW:   0    0.01 INCH OR MORE:   2
MAX 90 OR ABOVE:   0    0.10 INCH OR MORE:   2
MIN 32 OR BELOW:  20    0.50 INCH OR MORE:   0
MIN  0 OR BELOW:   0    1.00 INCH OR MORE:   0

[HDD (BASE 65) ]
TOTAL THIS MO.   424    CLEAR  (SCALE 0-3)  24
DPTR FM NORMAL     3    PTCLDY (SCALE 4-7)   4
TOTAL FM JUL 1  6083    CLOUDY (SCALE 8-10)  0
DPTR FM NORMAL  -907

[CDD (BASE 65) ]
TOTAL THIS MO.     1
DPTR FM NORMAL     1    [PRESSURE DATA]
TOTAL FM JAN 1     1    HIGHEST SLP M ON M
DPTR FM NORMAL     1    LOWEST  SLP 29.57 ON  6

[REMARKS]
