000
CXUS56 KFGZ 301611
CF6GCN
PRELIMINARY LOCAL CLIMATOLOGICAL DATA (WS FORM: F-6)

                                          STATION:   GRAND CANYON AZ AIRPORT
                                          MONTH:     SEPTEMBER
                                          YEAR:      2014
                                          LATITUDE:   35 57 N
                                          LONGITUDE: 112  9 W

  TEMPERATURE IN F:       :PCPN:    SNOW:  WIND      :SUNSHINE: SKY     :PK WND
================================================================================
1   2   3   4   5  6A  6B    7    8   9   10  11  12  13   14  15   16   17  18
                                     12Z  AVG MX 2MIN
DY MAX MIN AVG DEP HDD CDD  WTR  SNW DPTH SPD SPD DIR MIN PSBL S-S WX    SPD DR
================================================================================

 1   M   M   M   M   M   M    M    M    M   M   M   M   M    M   M         M  M
 2   M   M   M   M   M   M    M    M    M   M   M   M   M    M   M         M  M
 3   M   M   M   M   M   M    M    M    M   M   M   M   M    M   M         M  M
 4   M   M   M   M   M   M    M    M    M   M   M   M   M    M   M 13      M  M
 5  79  46  63   2   2   0 0.01    M    M  4.6 13  10   M    M   1 3      20 150
 6  80  46  63   3   2   0 0.06    M    M  4.0 14  50   M    M   3 3      19 100
 7  78  50  64   4   1   0 0.02    M    M  4.2 16 230   M    M   5 3      23 220
 8  72  58  65   5   0   0    T    M    M  7.4 17 220   M    M   7        21 220
 9  69  45  57  -3   8   0 0.17    M    M 10.6 24 220   M    M   7 1      30 220
10  76  41  59   0   6   0 0.00    M    M  2.3 10  20   M    M   0        14  30
11  78  39  59   0   6   0 0.00    M    M  2.7 14 220   M    M   0        21 240
12  81  40  61   2   4   0 0.00    M    M  3.2 15  60   M    M   1        22  20
13  81  43  62   4   3   0 0.00    M    M  3.5 14 230   M    M   2        19 240
14  81  44  63   5   2   0 0.00    M    M  2.9 15 100   M    M   3 3      20 130
15  82  45  64   6   1   0    T    M    M  2.1 12  50   M    M   0 3      17 170
16  81  44  63   6   2   0    T    M    M  5.4 18  50   M    M   1        26  50
17  74  49  62   5   3   0    T    M    M  5.3 20  80   M    M   2        29  90
18  79  42  61   4   4   0 0.00    M    M  3.4 16 230   M    M   2        21 240
19  78  49  64   8   1   0 0.29    M    M  2.3 17 130   M    M   4 3      21 130
20  81  47  64   8   1   0 0.02    M    M  4.6 20  50   M    M   5 3      24  50
21  77  45  61   5   4   0    T    M    M  5.9 21 210   M    M   5        26 210
22  77  38  58   3   7   0 0.00    M    M  4.6 16 240   M    M   2        26 220
23  78  36  57   2   8   0 0.00    M    M  2.1 13 240   M    M   0        26 240
24  83  38  61   6   4   0 0.00    M    M  3.7 15 210   M    M   0        22 210
25  81  42  62   8   3   0 0.00    M    M  5.4 21 230   M    M   0        28 230
26  80  41  61   7   4   0 0.08    M    M  7.7 22 220   M    M   2 38     30 220
27  66  40  53  -1  12   0 0.96    M    M  7.6 26 180   M    M   5 13     39 180
28  63  34  49  -4  16   0 0.00    M    M  7.6 25 240   M    M   3        35 220
29  62  34  48  -5  17   0 0.00    M    M  3.3 15 240   M    M   2        24 240
================================================================================
SM 1917 1076       121   0  1.61    M    116.4          M       62
================================================================================
AV 76.7 43.0                               4.7 FASTST   M    M   2    MAX(MPH)
                                 MISC ---->  # 26 180               # 39  180
================================================================================
NOTES:
# LAST OF SEVERAL OCCURRENCES

COLUMN 17 PEAK WIND IN M.P.H.

PRELIMINARY LOCAL CLIMATOLOGICAL DATA (WS FORM: F-6) , PAGE 2

                                          STATION:  GRAND CANYON AZ AIRPORT
                                          MONTH:    SEPTEMBER
                                          YEAR:     2014
                                          LATITUDE:   35 57 N
                                          LONGITUDE: 112  9 W

[TEMPERATURE DATA]      [PRECIPITATION DATA]       SYMBOLS USED IN COLUMN 16

AVERAGE MONTHLY: 59.9   TOTAL FOR MONTH:   1.61    1 = FOG OR MIST
DPTR FM NORMAL:   2.3   DPTR FM NORMAL:    0.07    2 = FOG REDUCING VISIBILITY
HIGHEST:    83 ON 24    GRTST 24HR  1.04 ON 26-27      TO 1/4 MILE OR LESS
LOWEST:     34 ON 29,28                            3 = THUNDER
                        SNOW, ICE PELLETS, HAIL    4 = ICE PELLETS
                        TOTAL MONTH:    M          5 = HAIL
                        GRTST 24HR    M  ON   M    6 = FREEZING RAIN OR DRIZZLE
                        GRTST DEPTH:  M  ON   M    7 = DUSTSTORM OR SANDSTORM:
                                                       VSBY 1/2 MILE OR LESS
                                                   8 = SMOKE OR HAZE
[NO. OF DAYS WITH]      [WEATHER - DAYS WITH]      9 = BLOWING SNOW
                                                   X = TORNADO
MAX 32 OR BELOW:   0    0.01 INCH OR MORE:   8
MAX 90 OR ABOVE:   0    0.10 INCH OR MORE:   3
MIN 32 OR BELOW:   0    0.50 INCH OR MORE:   1
MIN  0 OR BELOW:   0    1.00 INCH OR MORE:   0

[HDD (BASE 65) ]
TOTAL THIS MO.   121    CLEAR  (SCALE 0-3)  18
DPTR FM NORMAL   -98    PTCLDY (SCALE 4-7)   7
TOTAL FM JUL 1   160    CLOUDY (SCALE 8-10)  0
DPTR FM NORMAL  -146

[CDD (BASE 65) ]
TOTAL THIS MO.     0
DPTR FM NORMAL     0    [PRESSURE DATA]
TOTAL FM JAN 1   153    HIGHEST SLP M ON M
DPTR FM NORMAL    65    LOWEST  SLP 29.79 ON 28

[REMARKS]
