000
CXUS56 KFGZ 190900
CF6GCN
PRELIMINARY LOCAL CLIMATOLOGICAL DATA (WS FORM: F-6)

                                          STATION:   GRAND CANYON AZ AIRPORT
                                          MONTH:     FEBRUARY
                                          YEAR:      2017
                                          LATITUDE:   35 57 N
                                          LONGITUDE: 112  9 W

  TEMPERATURE IN F:       :PCPN:    SNOW:  WIND      :SUNSHINE: SKY     :PK WND
================================================================================
1   2   3   4   5  6A  6B    7    8   9   10  11  12  13   14  15   16   17  18
                                     12Z  AVG MX 2MIN
DY MAX MIN AVG DEP HDD CDD  WTR  SNW DPTH SPD SPD DIR MIN PSBL S-S WX    SPD DR
================================================================================

 1  46   3  25  -4  40   0 0.00    M    M  4.6 17 210   M    M   0        22 220
 2  44  15  30   1  35   0 0.00    M    M  5.4 18 210   M    M   0        22 210
 3  47  18  33   4  32   0 0.00    M    M  5.4 20 230   M    M   3        24 210
 4  47  16  32   2  33   0 0.00    M    0  5.3 16 220   M    M   0        19 220
 5  49  13  31   1  34   0 0.00    M    M  4.7 14 220   M    M   0        19 210
 6  42  27  35   5  30   0    T    M    M  9.5 22 230   M    M   7        28 230
 7  46  34  40  10  25   0 0.04    M    M 10.6 20 240   M    M   8 12     30 230
 8  58  30  44  14  21   0 0.00    M    M  2.8 10 230   M    M   3 1      13 220
 9  65  26  46  16  19   0 0.00    M    M  3.5 17 230   M    M   0        21 230
10  60  28  44  14  21   0 0.00    M    M  9.0 24 220   M    M   1        32 220
11  50  38  44  13  21   0 0.12    M    M  7.7 16 210   M    M   5 1      23 210
12  45  38  42  11  23   0 0.03    M    M 12.0 23  60   M    M   9 1      29  70
13  48  27  38   7  27   0    T    M    M  6.9 18  50   M    M   7 1      26  60
14  50  23  37   6  28   0 0.00    M    M  6.1 16  50   M    M   0        22  50
15  53  23  38   7  27   0 0.00  0.0    0  6.0 17  60   M    M   0        21  70
16  54  17  36   5  29   0 0.00  0.0    0  3.8 17 230   M    M   1        23 220
17  47  32  40   8  25   0 0.09    M    0  7.7 23 230   M    M   6 1      29 220
18  43  34  39   7  26   0 0.17    M    M  5.5 21 180   M    M  10 1      30 160
================================================================================
SM  894  442       496   0  0.45     0.0 116.5          M       60
================================================================================
AV 49.7 24.6                               6.5 FASTST   M    M   3    MAX(MPH)
                                 MISC ---->  # 24 220               # 32  220
================================================================================
NOTES:
# LAST OF SEVERAL OCCURRENCES

COLUMN 17 PEAK WIND IN M.P.H.

PRELIMINARY LOCAL CLIMATOLOGICAL DATA (WS FORM: F-6) , PAGE 2

                                          STATION:  GRAND CANYON AZ AIRPORT
                                          MONTH:    FEBRUARY
                                          YEAR:     2017
                                          LATITUDE:   35 57 N
                                          LONGITUDE: 112  9 W

[TEMPERATURE DATA]      [PRECIPITATION DATA]       SYMBOLS USED IN COLUMN 16

AVERAGE MONTHLY: 37.1   TOTAL FOR MONTH:   0.45    1 = FOG OR MIST
DPTR FM NORMAL:   6.7   DPTR FM NORMAL:   -0.26    2 = FOG REDUCING VISIBILITY
HIGHEST:    65 ON  9    GRTST 24HR  0.17 ON 18-18      TO 1/4 MILE OR LESS
LOWEST:      3 ON  1                               3 = THUNDER
                        SNOW, ICE PELLETS, HAIL    4 = ICE PELLETS
                        TOTAL MONTH:   0.0 INCH    5 = HAIL
                        GRTST 24HR     0.0         6 = FREEZING RAIN OR DRIZZLE
                        GRTST DEPTH:   0           7 = DUSTSTORM OR SANDSTORM:
                                                       VSBY 1/2 MILE OR LESS
                                                   8 = SMOKE OR HAZE
[NO. OF DAYS WITH]      [WEATHER - DAYS WITH]      9 = BLOWING SNOW
                                                   X = TORNADO
MAX 32 OR BELOW:   0    0.01 INCH OR MORE:   5
MAX 90 OR ABOVE:   0    0.10 INCH OR MORE:   2
MIN 32 OR BELOW:  14    0.50 INCH OR MORE:   0
MIN  0 OR BELOW:   0    1.00 INCH OR MORE:   0

[HDD (BASE 65) ]
TOTAL THIS MO.   496    CLEAR  (SCALE 0-3)  10
DPTR FM NORMAL  -129    PTCLDY (SCALE 4-7)   6
TOTAL FM JUL 1  4026    CLOUDY (SCALE 8-10)  2
DPTR FM NORMAL  -666

[CDD (BASE 65) ]
TOTAL THIS MO.     0
DPTR FM NORMAL     0    [PRESSURE DATA]
TOTAL FM JAN 1     0    HIGHEST SLP M ON M
DPTR FM NORMAL     0    LOWEST  SLP 29.55 ON 18

[REMARKS]
