000
CXUS54 KFWD 270730
CF6GDJ
PRELIMINARY LOCAL CLIMATOLOGICAL DATA (WS FORM: F-6)

                                          STATION:   GRANBURY
                                          MONTH:     AUGUST
                                          YEAR:      2015
                                          LATITUDE:   32 26 N
                                          LONGITUDE:  97 48 W

  TEMPERATURE IN F:       :PCPN:    SNOW:  WIND      :SUNSHINE: SKY     :PK WND
================================================================================
1   2   3   4   5  6A  6B    7    8   9   10  11  12  13   14  15   16   17  18
                                     12Z  AVG MX 2MIN
DY MAX MIN AVG DEP HDD CDD  WTR  SNW DPTH SPD SPD DIR MIN PSBL S-S WX    SPD DR
================================================================================

 1  96  75  86   2   0  21 0.00  0.0    0  2.2  9 310   M    M   2 1       M  M
 2  99  78  89   5   0  24 0.00  0.0    0  5.4 10  80   M    M   3         M  M
 3 101  71  86   2   0  21 0.00  0.0    0  3.5 12  90   M    M   1 8       M  M
 4 100  76  88   4   0  23 0.00  0.0    0  5.9 12 130   M    M   2        18 140
 5 104  82  93   9   0  28 0.00  0.0    0  8.1 10 190   M    M   1        20 150
 6 105  82  94  10   0  29 0.00  0.0    0  7.6 14 200   M    M   0        21 210
 7 105  82  94  10   0  29 0.00  0.0    0  7.2 12 120   M    M   0        20 130
 8 105  80  93   9   0  28 0.00  0.0    0  8.0 13 130   M    M   0        18 150
 9 107  80  94  10   0  29 0.00  0.0    0  8.5 14 180   M    M   0        17 160
10 105  76  91   7   0  26 0.00  0.0    0  3.2  9 250   M    M   0         M  M
11 103  74  89   5   0  24    M  0.0    0  2.0  8 330   M    M   1         M  M
12 102  79  91   7   0  26 0.00  0.0    0  4.5 13 350   M    M   0        20 320
13 100  75  88   4   0  23 0.00  0.0    0  3.2  9  70   M    M   0         M  M
14  95  80  88   4   0  23 0.00  0.0    0  6.0  9  30   M    M   4         M  M
15  98  73  86   2   0  21 0.00  0.0    0  4.8 10 110   M    M   2        16 110
16  98  66  82  -2   0  17 0.00  0.0    0  3.0  9 100   M    M   0         M  M
17  98  72  85   1   0  20 0.00  0.0    0  4.6  9 140   M    M   2         M  M
18 101  79  90   6   0  25 0.00  0.0    0  9.4 14 140   M    M   1        18 180
19  95  70  83  -1   0  18 0.00  0.0    0  9.9 18 330   M    M   4 3      27 330
20  74  62  68 -16   0   3 1.41  0.0    0  4.2  9 130   M    M  10 3       M  M
21  92  73  83  -1   0  18 0.00  0.0    0  9.4 16 140   M    M   4 1      20 140
22 100  76  88   4   0  23 0.00  0.0    0  8.8 15 180   M    M   1        23 190
23 100  79  90   6   0  25 0.00  0.0    0  5.6 13 130   M    M   0        17 150
24  98  73  86   2   0  21 0.00  0.0    0  1.9  6 310   M    M   1         M  M
25  96  73  85   2   0  20 0.03  0.0    0  2.2 12 170   M    M   1 3       M  M
26  95  73  84   1   0  19 0.00  0.0    0  3.2  8 100   M    M   0         M  M
================================================================================
SM 2572 1959         0 584  1.44     0.0 142.3          M       40
================================================================================
AV 98.9 75.3                               5.5 FASTST   M    M   2    MAX(MPH)
                                 MISC ---->    18   M               # 27  330
================================================================================
NOTES:
# LAST OF SEVERAL OCCURRENCES

COLUMN 17 PEAK WIND IN M.P.H.

PRELIMINARY LOCAL CLIMATOLOGICAL DATA (WS FORM: F-6) , PAGE 2

                                          STATION:  GRANBURY
                                          MONTH:    AUGUST
                                          YEAR:     2015
                                          LATITUDE:   32 26 N
                                          LONGITUDE:  97 48 W

[TEMPERATURE DATA]      [PRECIPITATION DATA]       SYMBOLS USED IN COLUMN 16

AVERAGE MONTHLY: 87.1   TOTAL FOR MONTH:   1.44    1 = FOG OR MIST
DPTR FM NORMAL:   3.2   DPTR FM NORMAL:       M    2 = FOG REDUCING VISIBILITY
HIGHEST:   107 ON  9    GRTST 24HR  1.41 ON 20-20      TO 1/4 MILE OR LESS
LOWEST:     62 ON 20                               3 = THUNDER
                        SNOW, ICE PELLETS, HAIL    4 = ICE PELLETS
                        TOTAL MONTH:   0.0 INCH    5 = HAIL
                        GRTST 24HR     0.0         6 = FREEZING RAIN OR DRIZZLE
                        GRTST DEPTH:   0           7 = DUSTSTORM OR SANDSTORM:
                                                       VSBY 1/2 MILE OR LESS
                                                   8 = SMOKE OR HAZE
[NO. OF DAYS WITH]      [WEATHER - DAYS WITH]      9 = BLOWING SNOW
                                                   X = TORNADO
MAX 32 OR BELOW:   0    0.01 INCH OR MORE:   2
MAX 90 OR ABOVE:  25    0.10 INCH OR MORE:   1
MIN 32 OR BELOW:   0    0.50 INCH OR MORE:   1
MIN  0 OR BELOW:   0    1.00 INCH OR MORE:   1

[HDD (BASE 65) ]
TOTAL THIS MO.     0    CLEAR  (SCALE 0-3)  22
DPTR FM NORMAL     0    PTCLDY (SCALE 4-7)   3
TOTAL FM JUL 1     0    CLOUDY (SCALE 8-10)  1
DPTR FM NORMAL     0

[CDD (BASE 65) ]
TOTAL THIS MO.   584
DPTR FM NORMAL    92    [PRESSURE DATA]
TOTAL FM JAN 1  2218    HIGHEST SLP M ON M
DPTR FM NORMAL   377    LOWEST  SLP M ON M

[REMARKS]
