000
CXUS54 KFWD 250730
CF6GDJ
PRELIMINARY LOCAL CLIMATOLOGICAL DATA (WS FORM: F-6)

                                          STATION:   GRANBURY
                                          MONTH:     OCTOBER
                                          YEAR:      2014
                                          LATITUDE:   32 26 N
                                          LONGITUDE:  97 48 W

  TEMPERATURE IN F:       :PCPN:    SNOW:  WIND      :SUNSHINE: SKY     :PK WND
================================================================================
1   2   3   4   5  6A  6B    7    8   9   10  11  12  13   14  15   16   17  18
                                     12Z  AVG MX 2MIN
DY MAX MIN AVG DEP HDD CDD  WTR  SNW DPTH SPD SPD DIR MIN PSBL S-S WX    SPD DR
================================================================================

 1  95  73  84  14   0  19 0.00  0.0    0 10.0 16 140   M    M   1        21 160
 2  98  69  84  14   0  19 0.00  0.0    0 11.7 18 330   M    M   3 3      32 280
 3  85  53  69   0   0   4 0.00  0.0    0  5.9 15 340   M    M   0        20 340
 4  83  46  65  -4   0   0 0.00  0.0    0  5.7 14 140   M    M   0        17 140
 5  88  60  74   6   0   9 0.00  0.0    0  7.9 14 140   M    M   1        21 190
 6  88  69  79  11   0  14 0.00  0.0    0  8.2 15 140   M    M   1 3      22 140
 7 100  70  85  17   0  20 0.00  0.0    0  8.1 15 170   M    M   0        21 170
 8  93  73  83  15   0  18 0.00  0.0    0  9.2 14 120   M    M   2        20 170
 9  96  76  86  19   0  21 0.00  0.0    0 11.2 17 160   M    M   4        24 160
10  93  64  79  12   0  14 0.26  0.0    0  9.1 24 310   M    M   5 3      37 310
11  63  53  58  -9   7   0 0.21  0.0    0  7.8 15 300   M    M   8 13     22 300
12  76  51  64  -2   1   0 0.00  0.0    0  7.3 17 150   M    M   5        28 150
13  76  58  67   1   0   2 1.28  0.0    0 15.2 30 280   M    M   7 3      41 280
14  78  52  65  -1   0   0 0.00  0.0    0  7.5 18 330   M    M   0        25 310
15  86  46  66   0   0   1 0.00  0.0    0  1.2  6 330   M    M   0         M  M
16  91  51  71   6   0   6 0.00  0.0    0  6.1 16 170   M    M   0        23 200
17  87  57  72   7   0   7 0.00  0.0    0  2.9  7 340   M    M   0         M  M
18  84  60  72   7   0   7 0.00  0.0    0  3.5  8  40   M    M   2         M  M
19  79  60  70   5   0   5 0.00  0.0    0  4.6 10 120   M    M   5         M  M
20  83  59  71   7   0   6 0.00  0.0    0  3.3  7 110   M    M   0         M  M
21  83  56  70   6   0   5 0.00  0.0    0  2.6  9  90   M    M   0         M  M
22  81  55  68   4   0   3 0.00  0.0    0  3.9 10 130   M    M   2         M  M
23  83  66  75  11   0  10 0.00  0.0    0  5.5  8 120   M    M   6         M  M
24  87  61  74  11   0   9 0.00  0.0    0  4.7  9 190   M    M   1         M  M
================================================================================
SM 2056 1438         8 199  1.75     0.0 163.1          M       53
================================================================================
AV 85.7 59.9                               6.8 FASTST   M    M   2    MAX(MPH)
                                 MISC ---->    30   M                 41    M
================================================================================
NOTES:
# LAST OF SEVERAL OCCURRENCES

COLUMN 17 PEAK WIND IN M.P.H.

PRELIMINARY LOCAL CLIMATOLOGICAL DATA (WS FORM: F-6) , PAGE 2

                                          STATION:  GRANBURY
                                          MONTH:    OCTOBER
                                          YEAR:     2014
                                          LATITUDE:   32 26 N
                                          LONGITUDE:  97 48 W

[TEMPERATURE DATA]      [PRECIPITATION DATA]       SYMBOLS USED IN COLUMN 16

AVERAGE MONTHLY: 72.8   TOTAL FOR MONTH:   1.75    1 = FOG OR MIST
DPTR FM NORMAL:   6.4   DPTR FM NORMAL:       M    2 = FOG REDUCING VISIBILITY
HIGHEST:   100 ON  7    GRTST 24HR  1.28 ON 13-13      TO 1/4 MILE OR LESS
LOWEST:     46 ON 15, 4                            3 = THUNDER
                        SNOW, ICE PELLETS, HAIL    4 = ICE PELLETS
                        TOTAL MONTH:   0.0 INCH    5 = HAIL
                        GRTST 24HR     0.0         6 = FREEZING RAIN OR DRIZZLE
                        GRTST DEPTH:   0           7 = DUSTSTORM OR SANDSTORM:
                                                       VSBY 1/2 MILE OR LESS
                                                   8 = SMOKE OR HAZE
[NO. OF DAYS WITH]      [WEATHER - DAYS WITH]      9 = BLOWING SNOW
                                                   X = TORNADO
MAX 32 OR BELOW:   0    0.01 INCH OR MORE:   3
MAX 90 OR ABOVE:   7    0.10 INCH OR MORE:   3
MIN 32 OR BELOW:   0    0.50 INCH OR MORE:   1
MIN  0 OR BELOW:   0    1.00 INCH OR MORE:   1

[HDD (BASE 65) ]
TOTAL THIS MO.     8    CLEAR  (SCALE 0-3)  17
DPTR FM NORMAL   -47    PTCLDY (SCALE 4-7)   6
TOTAL FM JUL 1     8    CLOUDY (SCALE 8-10)  1
DPTR FM NORMAL   -53

[CDD (BASE 65) ]
TOTAL THIS MO.   199
DPTR FM NORMAL   109    [PRESSURE DATA]
TOTAL FM JAN 1  2901    HIGHEST SLP M ON M
DPTR FM NORMAL   538    LOWEST  SLP M ON M

[REMARKS]
