000
CXUS55 KRIW 250945
CF6GEY
PRELIMINARY LOCAL CLIMATOLOGICAL DATA (WS FORM: F-6)

                                          STATION:   GREYBULL WY
                                          MONTH:     JUNE
                                          YEAR:      2017
                                          LATITUDE:   44 30 N
                                          LONGITUDE: 108  4 W

  TEMPERATURE IN F:       :PCPN:    SNOW:  WIND      :SUNSHINE: SKY     :PK WND
================================================================================
1   2   3   4   5  6A  6B    7    8   9   10  11  12  13   14  15   16   17  18
                                     12Z  AVG MX 2MIN
DY MAX MIN AVG DEP HDD CDD  WTR  SNW DPTH SPD SPD DIR MIN PSBL S-S WX    SPD DR
================================================================================

 1  92  53  73  11   0   8 0.00  0.0    0  6.2 26 330   M    M   1        31 330
 2  84  61  73  11   0   8 0.00  0.0    0  6.2 18 310   M    M   2        24 310
 3  87  49  68   6   0   3 0.00  0.0    0  6.7 17 170   M    M   0        23 150
 4  94  59  77  15   0  12 0.00    M    M  5.8 32 230   M    M   0        39 230
 5  90  62  76  13   0  11    T    M    M 13.1 30 330   M    M   1        35 330
 6  80  56  68   5   0   3 0.00    M    M  6.2 22 300   M    M   4        26 300
 7  92  56  74  10   0   9 0.00    M    M  6.6 25 330   M    M   1        30 330
 8  97  61  79  15   0  14 0.00    M    M  7.0 22 190   M    M   0        29 190
 9  89  57  73   9   0   8    T  0.0    M 11.0 54 310   M    M   0        66 310
10  77  56  67   3   0   2    T  0.0    M  7.3 21 300   M    M   6        25 330
11  78  50  64  -1   1   0 0.09  0.0    M  5.9 17 310   M    M   8        20 310
12  83  52  68   3   0   3 0.07  0.0    M  5.8 40 260   M    M   3 1      53 200
13  69  45  57  -8   8   0    T    M    M  8.9 26 270   M    M   4        37 310
14  78  52  65  -1   0   0 0.00  0.0    M  9.6 29 300   M    M   4        35 320
15  82  55  69   3   0   4 0.00  0.0    0  5.5 22 300   M    M   3        30 300
16  79  58  69   3   0   4 0.04  0.0    0  5.4 18  10   M    M   8        24 310
17  75  54  65  -2   0   0 0.00  0.0    0 13.1 32 340   M    M   4        40 340
18  80  51  66  -1   0   1 0.00  0.0    0  8.3 24 330   M    M   6        30 320
19  85  58  72   5   0   7 0.00  0.0    0  8.6 18 320   M    M   1        23 300
20  95  54  75   7   0  10    T  0.0    0  5.4 31 250   M    M   1        42 260
21  93  59  76   8   0  11 0.00    M    M  8.7 30 330   M    M   0        38 330
22  80  58  69   1   0   4    T    M    M 22.0 36 330   M    M   0        44 330
23  75  46  61  -8   4   0 0.00    M    M 11.2 22 320   M    M   0        27 310
24  79  48  64  -5   1   0 0.00    M    M  7.4 21 340   M    M   2        27 340
================================================================================
SM 2013 1310        14 122  0.20     0.0 201.9          M       59
================================================================================
AV 83.9 54.6                               8.4 FASTST   M    M   2    MAX(MPH)
                                 MISC ---->  # 54 310               # 66  310
================================================================================
NOTES:
# LAST OF SEVERAL OCCURRENCES

COLUMN 17 PEAK WIND IN M.P.H.

PRELIMINARY LOCAL CLIMATOLOGICAL DATA (WS FORM: F-6) , PAGE 2

                                          STATION:  GREYBULL WY
                                          MONTH:    JUNE
                                          YEAR:     2017
                                          LATITUDE:   44 30 N
                                          LONGITUDE: 108  4 W

[TEMPERATURE DATA]      [PRECIPITATION DATA]       SYMBOLS USED IN COLUMN 16

AVERAGE MONTHLY: 69.2   TOTAL FOR MONTH:   0.20    1 = FOG OR MIST
DPTR FM NORMAL:   4.0   DPTR FM NORMAL:   -0.90    2 = FOG REDUCING VISIBILITY
HIGHEST:    97 ON  8    GRTST 24HR  0.09 ON 11-11      TO 1/4 MILE OR LESS
LOWEST:     45 ON 13                               3 = THUNDER
                        SNOW, ICE PELLETS, HAIL    4 = ICE PELLETS
                        TOTAL MONTH:   0.0 INCH    5 = HAIL
                        GRTST 24HR     0.0         6 = FREEZING RAIN OR DRIZZLE
                        GRTST DEPTH:   0           7 = DUSTSTORM OR SANDSTORM:
                                                       VSBY 1/2 MILE OR LESS
                                                   8 = SMOKE OR HAZE
[NO. OF DAYS WITH]      [WEATHER - DAYS WITH]      9 = BLOWING SNOW
                                                   X = TORNADO
MAX 32 OR BELOW:   0    0.01 INCH OR MORE:   3
MAX 90 OR ABOVE:   7    0.10 INCH OR MORE:   0
MIN 32 OR BELOW:   0    0.50 INCH OR MORE:   0
MIN  0 OR BELOW:   0    1.00 INCH OR MORE:   0

[HDD (BASE 65) ]
TOTAL THIS MO.    14    CLEAR  (SCALE 0-3)  15
DPTR FM NORMAL   -51    PTCLDY (SCALE 4-7)   9
TOTAL FM JUL 1  7449    CLOUDY (SCALE 8-10)  0
DPTR FM NORMAL  -296

[CDD (BASE 65) ]
TOTAL THIS MO.   122
DPTR FM NORMAL    50    [PRESSURE DATA]
TOTAL FM JAN 1   134    HIGHEST SLP M ON M
DPTR FM NORMAL    42    LOWEST  SLP 29.31 ON  9

[REMARKS]
