000
CXUS53 KFGF 170915
CF6GFK
PRELIMINARY LOCAL CLIMATOLOGICAL DATA (WS FORM: F-6)

                                          STATION:   GRAND FORKS INTL AP ND
                                          MONTH:     NOVEMBER
                                          YEAR:      2017
                                          LATITUDE:   47 57 N
                                          LONGITUDE:  97 11 W

  TEMPERATURE IN F:       :PCPN:    SNOW:  WIND      :SUNSHINE: SKY     :PK WND
================================================================================
1   2   3   4   5  6A  6B    7    8   9   10  11  12  13   14  15   16   17  18
                                     12Z  AVG MX 2MIN
DY MAX MIN AVG DEP HDD CDD  WTR  SNW DPTH SPD SPD DIR MIN PSBL S-S WX    SPD DR
================================================================================

 1  36  30  33  -2  32   0 0.21  2.4    0 11.9 21 150   M    M  10 1      28 160
 2  32  24  28  -6  37   0    T    M    2 12.8 23 340   M    M  10 1      29 350
 3  29  17  23 -11  42   0 0.23  1.7    2  7.9 17 100   M    M  10 1      21  90
 4  35  28  32  -1  33   0 0.33    M    6 13.3 21 290   M    M  10 12     26 300
 5  29   3  16 -16  49   0 0.00  0.0    6 12.4 23 320   M    M   8        28 310
 6  24  -2  11 -21  54   0 0.00  0.0    5  9.1 18 300   M    M   6        23 290
 7  26  -6  10 -21  55   0 0.00  0.0    5  9.9 21 230   M    M   1        28 220
 8  20   7  14 -17  51   0 0.06    M    M  7.5 15 300   M    M   8 18     19 310
 9  15  -9   3 -27  62   0 0.00  0.0    6  7.5 15 290   M    M   2        20 300
10  21  -7   7 -22  58   0    T    T    6 18.5 30 160   M    M   6 89     42 150
11  32  17  25  -4  40   0 0.00  0.0    5  8.9 26 180   M    M   8        33 180
12  28  15  22  -6  43   0 0.00  0.0    5  6.9 15 280   M    M   7        19 300
13  38  20  29   1  36   0 0.00  0.0    4  5.9 12 160   M    M   3 12     16 100
14  36  24  30   3  35   0 0.00  0.0    4 12.4 24 180   M    M   6 12     32 180
15  34  22  28   2  37   0    T    T    4 18.2 29 330   M    M  10        35 310
16  33  22  28   2  37   0    T    T    3 16.9 30 140   M    M  10 1      40 160
================================================================================
SM  468  205       701   0  0.83     4.1 180.0          M      115
================================================================================
AV 29.3 12.8                              11.2 FASTST   M    M   7    MAX(MPH)
                                 MISC ---->  # 30 160               # 42  150
================================================================================
NOTES:
# LAST OF SEVERAL OCCURRENCES

COLUMN 17 PEAK WIND IN M.P.H.

PRELIMINARY LOCAL CLIMATOLOGICAL DATA (WS FORM: F-6) , PAGE 2

                                          STATION:  GRAND FORKS INTL AP ND
                                          MONTH:    NOVEMBER
                                          YEAR:     2017
                                          LATITUDE:   47 57 N
                                          LONGITUDE:  97 11 W

[TEMPERATURE DATA]      [PRECIPITATION DATA]       SYMBOLS USED IN COLUMN 16

AVERAGE MONTHLY: 21.0   TOTAL FOR MONTH:   0.83    1 = FOG OR MIST
DPTR FM NORMAL:  -9.3   DPTR FM NORMAL:    0.23    2 = FOG REDUCING VISIBILITY
HIGHEST:    38 ON 13    GRTST 24HR  0.56 ON  3- 4      TO 1/4 MILE OR LESS
LOWEST:     -9 ON  9                               3 = THUNDER
                        SNOW, ICE PELLETS, HAIL    4 = ICE PELLETS
                        TOTAL MONTH:   4.1 INCHES  5 = HAIL
                        GRTST 24HR   2.4 ON   M    6 = FREEZING RAIN OR DRIZZLE
                        GRTST DEPTH:   6 ON 10, 9  7 = DUSTSTORM OR SANDSTORM:
                                                       VSBY 1/2 MILE OR LESS
                                                   8 = SMOKE OR HAZE
[NO. OF DAYS WITH]      [WEATHER - DAYS WITH]      9 = BLOWING SNOW
                                                   X = TORNADO
MAX 32 OR BELOW:  10    0.01 INCH OR MORE:   4
MAX 90 OR ABOVE:   0    0.10 INCH OR MORE:   3
MIN 32 OR BELOW:  16    0.50 INCH OR MORE:   0
MIN  0 OR BELOW:   4    1.00 INCH OR MORE:   0

[HDD (BASE 65) ]
TOTAL THIS MO.   701    CLEAR  (SCALE 0-3)   3
DPTR FM NORMAL   146    PTCLDY (SCALE 4-7)   5
TOTAL FM JUL 1  1463    CLOUDY (SCALE 8-10)  8
DPTR FM NORMAL  -123

[CDD (BASE 65) ]
TOTAL THIS MO.     0
DPTR FM NORMAL     0    [PRESSURE DATA]
TOTAL FM JAN 1   411    HIGHEST SLP M ON M
DPTR FM NORMAL    32    LOWEST  SLP 29.58 ON  1

[REMARKS]
