000
CXUS55 KALY 012139
CF6GFL
PRELIMINARY LOCAL CLIMATOLOGICAL DATA (WS FORM: F-6)

                                          STATION:   GLENS FALLS NY
                                          MONTH:     JUNE
                                          YEAR:      2015
                                          LATITUDE:   43 20 N
                                          LONGITUDE:  73 37 W

  TEMPERATURE IN F:       :PCPN:    SNOW:  WIND      :SUNSHINE: SKY     :PK WND
================================================================================
1   2   3   4   5  6A  6B    7    8   9   10  11  12  13   14  15   16   17  18
                                     12Z  AVG MX 2MIN
DY MAX MIN AVG DEP HDD CDD  WTR  SNW DPTH SPD SPD DIR MIN PSBL S-S WX    SPD DR
================================================================================

 1  52  48  50 -10  15   0 1.08    M    M  8.4 14  20   M    M  10 1      17  20
 2  62  49  56  -5   9   0 0.00    M    M  4.6 16  30   M    M  10        21  40
 3  68  42  55  -6  10   0 0.00    M    M  5.7 13  70   M    M   2        17  50
 4  71  43  57  -4   8   0 0.00    M    M  3.6 12 200   M    M   4        15 160
 5  75  57  66   4   0   1 0.01    M    M  5.1 12 190   M    M   5        15 200
 6  68  42  55  -7  10   0 0.02    M    M 11.2 23  40   M    M   2 1      28  60
 7  75  37  56  -6   9   0 0.00    M    M  6.8 21 180   M    M   1 12     28 180
 8  73  60  67   5   0   2 0.14    M    M 10.4 20 180   M    M   7 1      27 190
 9  77  61  69   6   0   4 1.02    M    M  6.3 23 260   M    M   8 13     31 290
10  79  54  67   4   0   2    T    M    M  7.1 16 230   M    M   3 1      22 190
11  81  63  72   9   0   7 0.00    M    M  7.8 17 290   M    M   1 8      25 270
12  76  55  66   2   0   1 0.41    M    M  2.7 18 310   M    M   3 13     22 300
13  82  60  71   7   0   6    T    M    M  4.6 14  60   M    M   3 1      16  60
14  80  58  69   5   0   4 0.02    M    M  2.8  9 350   M    M   0        10  70
15  69  61  65   1   0   0 0.76    M    M  4.1 10 150   M    M  10 18     13 150
16  79  63  71   6   0   6 0.20    M    M  5.1 22 310   M    M   8 1      25 320
17  75  56  66   1   0   1 0.00    M    M  4.9 14  30   M    M   0        18 350
18  72  56  64  -1   1   0    T    M    M  5.6 14 200   M    M   9        19 200
19  70  50  60  -5   5   0 0.13    M    M  8.1 21  70   M    M   4 18     24  80
20  78  46  62  -4   3   0 0.08    M    M  6.2 18 200   M    M   3 1      27 200
21  82  64  73   7   0   8 0.72    M    M  2.0 18  50   M    M   6 13     24  50
22  84  62  73   7   0   8 0.00    M    M  3.8 12 340   M    M   2 1      17 330
23  87  63  75   9   0  10 0.30    M    M  6.5 21 220   M    M   4 13     30 200
24  81  58  70   4   0   5 0.00    M    M  4.6 14 340   M    M   2        19 350
25  77  54  66  -1   0   1 0.01    M    M  4.0 15  30   M    M   4        19  30
26  77  52  65  -2   0   0 0.00    M    M  6.7 15  50   M    M   5        20  40
27  74  51  63  -4   2   0 0.04    M    M  3.5 14 150   M    M   3 1      19 150
28  63  55  59  -8   6   0 0.93    M    M  6.8 15  10   M    M  10 1      17  30
29  73  56  65  -3   0   0    T    M    M  4.5 15 300   M    M   9 1      19 290
30  72  55  64  -4   1   0 0.35    M    M  2.0  8  20   M    M   6 1      10 340
================================================================================
SM 2232 1631        79  66  6.22    M    165.5          M      144
================================================================================
AV 74.4 54.4                               5.5 FASTST   M    M   5    MAX(MPH)
                                 MISC ---->  # 23  40               # 31  290
================================================================================
NOTES:
# LAST OF SEVERAL OCCURRENCES

COLUMN 17 PEAK WIND IN M.P.H.

PRELIMINARY LOCAL CLIMATOLOGICAL DATA (WS FORM: F-6) , PAGE 2

                                          STATION:  GLENS FALLS NY
                                          MONTH:    JUNE
                                          YEAR:     2015
                                          LATITUDE:   43 20 N
                                          LONGITUDE:  73 37 W

[TEMPERATURE DATA]      [PRECIPITATION DATA]       SYMBOLS USED IN COLUMN 16

AVERAGE MONTHLY: 64.4   TOTAL FOR MONTH:   6.22    1 = FOG OR MIST
DPTR FM NORMAL:   0.1   DPTR FM NORMAL:    2.67    2 = FOG REDUCING VISIBILITY
HIGHEST:    87 ON 23    GRTST 24HR  1.23 ON 31- 1      TO 1/4 MILE OR LESS
LOWEST:     37 ON  7                               3 = THUNDER
                        SNOW, ICE PELLETS, HAIL    4 = ICE PELLETS
                        TOTAL MONTH:    M          5 = HAIL
                        GRTST 24HR    M  ON   M    6 = FREEZING RAIN OR DRIZZLE
                        GRTST DEPTH:  M  ON   M    7 = DUSTSTORM OR SANDSTORM:
                                                       VSBY 1/2 MILE OR LESS
                                                   8 = SMOKE OR HAZE
[NO. OF DAYS WITH]      [WEATHER - DAYS WITH]      9 = BLOWING SNOW
                                                   X = TORNADO
MAX 32 OR BELOW:   0    0.01 INCH OR MORE:  17
MAX 90 OR ABOVE:   0    0.10 INCH OR MORE:  11
MIN 32 OR BELOW:   0    0.50 INCH OR MORE:   5
MIN  0 OR BELOW:   0    1.00 INCH OR MORE:   2

[HDD (BASE 65) ]
TOTAL THIS MO.    79    CLEAR  (SCALE 0-3)  12
DPTR FM NORMAL   -11    PTCLDY (SCALE 4-7)  11
TOTAL FM JUL 1  7676    CLOUDY (SCALE 8-10)  7
DPTR FM NORMAL     0

[CDD (BASE 65) ]
TOTAL THIS MO.    66
DPTR FM NORMAL    -3    [PRESSURE DATA]
TOTAL FM JAN 1   142    HIGHEST SLP 30.30 ON  4
DPTR FM NORMAL    61    LOWEST  SLP 29.53 ON  9

[REMARKS]
#FINAL-06-15#
