000
CXUS53 KAPX 260631
CF6GLR
PRELIMINARY LOCAL CLIMATOLOGICAL DATA (WS FORM: F-6)

                                          STATION:   GAYLORD
                                          MONTH:     FEBRUARY
                                          YEAR:      2015
                                          LATITUDE:   45  0 N
                                          LONGITUDE:  84 42 W

  TEMPERATURE IN F:       :PCPN:    SNOW:  WIND      :SUNSHINE: SKY     :PK WND
================================================================================
1   2   3   4   5  6A  6B    7    8   9   10  11  12  13   14  15   16   17  18
                                     12Z  AVG MX 2MIN
DY MAX MIN AVG DEP HDD CDD  WTR  SNW DPTH SPD SPD DIR MIN PSBL S-S WX    SPD DR
================================================================================

 1  12   2   7 -10  58   0    T    M    M  9.9 17  50   M    M  10        24  40
 2  11 -10   1 -16  64   0    T    M    M  5.4 14 230   M    M   4        18 220
 3  19   6  13  -4  52   0    T    M    M  9.1 20 260   M    M   9        24 250
 4  16  -1   8  -9  57   0    T    M    M  5.4 17 280   M    M   9        27 270
 5  16 -12   2 -15  63   0    T    M    M 10.6 30 220   M    M   4 189    37 230
 6  24  14  19   2  46   0    T    M    M  9.8 25 260   M    M  10 18     32 250
 7  24  19  22   5  43   0 0.10    M    M  5.5 13 130   M    M  10 1      21 130
 8  20  10  15  -3  50   0    T    M    M 10.2 18  60   M    M  10 16     24  50
 9  17  -5   6 -12  59   0    T    M    M  3.5 13  50   M    M   6 18     17  50
10  26 -11   8 -10  57   0 0.00    M    M  4.8 16 140   M    M   1 18     20 150
11  25   9  17  -1  48   0 0.04    M    M  9.5 18 320   M    M  10 128    29 320
12   9 -12  -1 -19  66   0    T    M    M  6.9 15 330   M    M   4        25 320
13  16 -12   2 -16  63   0 0.01    M    M  9.0 22 220   M    M  10        29 290
14  13 -13   0 -18  65   0    T    M    M  9.3 20 330   M    M   8 9      29 330
15   1 -24 -11 -30  76   0 0.00    M    M  3.7 10  30   M    M   0        18 320
16  13 -22  -4 -23  69   0 0.00    M    M  4.8 13 200   M    M   7        15 200
17  13  -2   6 -13  59   0    T    M    M  5.2 14 280   M    M   7        19 270
18   8  -8   0 -19  65   0    T    M    M  4.9 13 310   M    M   8        26 290
19  -5 -27 -16 -35  81   0    T    M    M  5.0 15 320   M    M   2        23 300
20   9 -31 -11 -31  76   0    T    M    M  8.4 21 200   M    M   4        27 200
21  21   7  14  -6  51   0    T    M    M  6.8 15 210   M    M  10        19 200
22  10 -13  -1 -21  66   0    T    M    M  5.8 16 300   M    M   7        24 300
23   6 -24  -9 -29  74   0    T    M    M  9.6 24 210   M    M   2 9      32 210
24  22   2  12  -9  53   0 0.01    M    M 16.7 30 230   M    M   8 9      40 240
25   8 -10  -1 -22  66   0 0.00    M    M  4.3 13 260   M    M   3        19 330
================================================================================
SM  354 -168      1527   0  0.16    M    184.1          M      163
================================================================================
AV 14.2 -6.7                               7.4 FASTST   M    M   7    MAX(MPH)
                                 MISC ---->  # 30 220               # 40  240
================================================================================
NOTES:
# LAST OF SEVERAL OCCURRENCES

COLUMN 17 PEAK WIND IN M.P.H.

PRELIMINARY LOCAL CLIMATOLOGICAL DATA (WS FORM: F-6) , PAGE 2

                                          STATION:  GAYLORD
                                          MONTH:    FEBRUARY
                                          YEAR:     2015
                                          LATITUDE:   45  0 N
                                          LONGITUDE:  84 42 W

[TEMPERATURE DATA]      [PRECIPITATION DATA]       SYMBOLS USED IN COLUMN 16

AVERAGE MONTHLY:  3.7   TOTAL FOR MONTH:   0.16    1 = FOG OR MIST
DPTR FM NORMAL: -14.8   DPTR FM NORMAL:   -0.94    2 = FOG REDUCING VISIBILITY
HIGHEST:    26 ON 10    GRTST 24HR  0.10 ON  7- 7      TO 1/4 MILE OR LESS
LOWEST:    -31 ON 20                               3 = THUNDER
                        SNOW, ICE PELLETS, HAIL    4 = ICE PELLETS
                        TOTAL MONTH:    M          5 = HAIL
                        GRTST 24HR    M  ON   M    6 = FREEZING RAIN OR DRIZZLE
                        GRTST DEPTH:  M  ON   M    7 = DUSTSTORM OR SANDSTORM:
                                                       VSBY 1/2 MILE OR LESS
                                                   8 = SMOKE OR HAZE
[NO. OF DAYS WITH]      [WEATHER - DAYS WITH]      9 = BLOWING SNOW
                                                   X = TORNADO
MAX 32 OR BELOW:  25    0.01 INCH OR MORE:   4
MAX 90 OR ABOVE:   0    0.10 INCH OR MORE:   1
MIN 32 OR BELOW:  25    0.50 INCH OR MORE:   0
MIN  0 OR BELOW:  17    1.00 INCH OR MORE:   0

[HDD (BASE 65) ]
TOTAL THIS MO.  1527    CLEAR  (SCALE 0-3)   5
DPTR FM NORMAL   364    PTCLDY (SCALE 4-7)  10
TOTAL FM JUL 1  6531    CLOUDY (SCALE 8-10) 10
DPTR FM NORMAL   599

[CDD (BASE 65) ]
TOTAL THIS MO.     0
DPTR FM NORMAL     0    [PRESSURE DATA]
TOTAL FM JAN 1     0    HIGHEST SLP M ON M
DPTR FM NORMAL     0    LOWEST  SLP 29.45 ON 24

[REMARKS]
