000
CXUS54 KMAF 291100
CF6GNC
PRELIMINARY LOCAL CLIMATOLOGICAL DATA (WS FORM: F-6)

                                          STATION:   Gaines County Airport
                                          MONTH:     MARCH
                                          YEAR:      2015
                                          LATITUDE:   32 40 N
                                          LONGITUDE: 102 39 W

  TEMPERATURE IN F:       :PCPN:    SNOW:  WIND      :SUNSHINE: SKY     :PK WND
================================================================================
1   2   3   4   5  6A  6B    7    8   9   10  11  12  13   14  15   16   17  18
                                     12Z  AVG MX 2MIN
DY MAX MIN AVG DEP HDD CDD  WTR  SNW DPTH SPD SPD DIR MIN PSBL S-S WX    SPD DR
================================================================================

 1  38  29  34   M  31   0 0.00  0.0    0  4.0 10  70   M    M  10 18      M  M
 2  36  30  33   M  32   0 0.00  0.0    M  6.0 10 180   M    M  10 1       M  M
 3  64  36  50   M  15   0 0.00  0.0    0  4.3 12 180   M    M   5 12      M  M
 4  50  24  37   M  28   0 0.26    M    0 11.8 25  40   M    M   8        31  40
 5  41  24  33   M  32   0 0.00  0.0    0  4.9 14  30   M    M   3        18  30
 6  58  20  39   M  26   0 0.00  0.0    0  2.6 12 190   M    M   0 1       M  M
 7  59  31  45   M  20   0 0.00  0.0    0  4.2 12 150   M    M   1         M  M
 8  68  34  51   M  14   0 0.00  0.0    0  3.0 10 290   M    M   3         M  M
 9  62  40  51   M  14   0 0.00  0.0    0  4.1 10  70   M    M   3 12      M  M
10  67  36  52   M  13   0 0.01    M    0  4.1 18 320   M    M   6 12     29 320
11  70  37  54   M  11   0 0.00  0.0    0  4.3 10 100   M    M   1 1      17 100
12  68  34  51   M  14   0 0.00  0.0    0  3.1  7 110   M    M   0         M  M
13  71  36  54   M  11   0 0.00  0.0    0  5.1 15  50   M    M   2        21  50
14  68  45  57   M   8   0 0.00  0.0    0  8.2 16  30   M    M   2        25  30
15  67  29  48   M  17   0 0.00  0.0    0  2.7  8 150   M    M   0         M  M
16  74  42  58   M   7   0 0.00  0.0    0  5.1 12 160   M    M   0        18 160
17  59  43  51   M  14   0 0.03    M    0  9.3 21  40   M    M   8        27  40
18  62  43  53   M  12   0 0.00  0.0    0  5.9 14 210   M    M   6        16 210
19  76  46  61   M   4   0 0.00  0.0    0  8.0 16  20   M    M   3 1      22  20
20  60  45  53   M  12   0 0.00  0.0    0  7.3 18  50   M    M   7 1      25  40
21  56  46  51   M  14   0 0.16    M    0  0.6  6  70   M    M   7 1       M  M
22  81  42  62   M   3   0 0.00  0.0    0  4.7 13 300   M    M   3 12      M  M
23  83  42  63   M   2   0 0.00  0.0    0  9.6 20 230   M    M   0        30 230
24  82  45  64   M   1   0 0.00  0.0    0  7.2 18 340   M    M   0        23 320
25  81  46  64   M   1   0 0.00  0.0    0 12.2 29  20   M    M   1 8      36  20
26  63  37  50   M  15   0 0.00  0.0    0  8.0 23  20   M    M   0        31  20
27  79  38  59   M   6   0 0.00  0.0    0  9.0 13 280   M    M   0        21 270
28  87  45  66   M   0   1 0.00  0.0    0  8.0 14 290   M    M   0        20 290
================================================================================
SM 1830 1045       377   1  0.46     0.0 167.3          M       89
================================================================================
AV 65.4 37.3                               6.0 FASTST   M    M   3    MAX(MPH)
                                 MISC ---->    29   M                 36    M
================================================================================
NOTES:
# LAST OF SEVERAL OCCURRENCES

COLUMN 17 PEAK WIND IN M.P.H.

PRELIMINARY LOCAL CLIMATOLOGICAL DATA (WS FORM: F-6) , PAGE 2

                                          STATION:  Gaines County Airport
                                          MONTH:    MARCH
                                          YEAR:     2015
                                          LATITUDE:   32 40 N
                                          LONGITUDE: 102 39 W

[TEMPERATURE DATA]      [PRECIPITATION DATA]       SYMBOLS USED IN COLUMN 16

AVERAGE MONTHLY: 51.3   TOTAL FOR MONTH:   0.46    1 = FOG OR MIST
DPTR FM NORMAL:     M   DPTR FM NORMAL:       M    2 = FOG REDUCING VISIBILITY
HIGHEST:    87 ON 28    GRTST 24HR  0.26 ON  4- 4      TO 1/4 MILE OR LESS
LOWEST:     20 ON  6                               3 = THUNDER
                        SNOW, ICE PELLETS, HAIL    4 = ICE PELLETS
                        TOTAL MONTH:   0.0 INCH    5 = HAIL
                        GRTST 24HR     0.0         6 = FREEZING RAIN OR DRIZZLE
                        GRTST DEPTH:   0           7 = DUSTSTORM OR SANDSTORM:
                                                       VSBY 1/2 MILE OR LESS
                                                   8 = SMOKE OR HAZE
[NO. OF DAYS WITH]      [WEATHER - DAYS WITH]      9 = BLOWING SNOW
                                                   X = TORNADO
MAX 32 OR BELOW:   0    0.01 INCH OR MORE:   4
MAX 90 OR ABOVE:   0    0.10 INCH OR MORE:   2
MIN 32 OR BELOW:   7    0.50 INCH OR MORE:   0
MIN  0 OR BELOW:   0    1.00 INCH OR MORE:   0

[HDD (BASE 65) ]
TOTAL THIS MO.   377    CLEAR  (SCALE 0-3)  17
DPTR FM NORMAL     M    PTCLDY (SCALE 4-7)   9
TOTAL FM JUL 1  2924    CLOUDY (SCALE 8-10)  2
DPTR FM NORMAL     M

[CDD (BASE 65) ]
TOTAL THIS MO.     1
DPTR FM NORMAL     M    [PRESSURE DATA]
TOTAL FM JAN 1     1    HIGHEST SLP M ON M
DPTR FM NORMAL     M    LOWEST  SLP M ON M

[REMARKS]
