000
CXUS52 KJAX 010800
CF6GNV
PRELIMINARY LOCAL CLIMATOLOGICAL DATA (WS FORM: F-6)

                                          STATION:   GAINESVILLE FL
                                          MONTH:     APRIL
                                          YEAR:      2016
                                          LATITUDE:   29 40 N
                                          LONGITUDE:  82 16 W

  TEMPERATURE IN F:       :PCPN:    SNOW:  WIND      :SUNSHINE: SKY     :PK WND
================================================================================
1   2   3   4   5  6A  6B    7    8   9   10  11  12  13   14  15   16   17  18
                                     12Z  AVG MX 2MIN
DY MAX MIN AVG DEP HDD CDD  WTR  SNW DPTH SPD SPD DIR MIN PSBL S-S WX    SPD DR
================================================================================

 1  87  63  75  10   0  10 0.00  0.0    0  7.0 21 220   M    M   3 1      30 230
 2  79  59  69   4   0   4 0.86  0.0    0  8.8 22 220   M    M   6 13     30 220
 3  77  49  63  -2   2   0 0.00  0.0    0  6.2 16  20   M    M   0        23 330
 4  80  50  65   0   0   0 0.00  0.0    0  4.6 15 280   M    M   0        17 280
 5  84  50  67   1   0   2 0.00  0.0    0  8.0 18  60   M    M   0        22  10
 6  78  52  65  -1   0   0 0.00  0.0    0  6.9 20 110   M    M   2        25 110
 7  80  62  71   5   0   6 0.06  0.0    0 10.9 21 260   M    M   3 1      28 260
 8  84  53  69   3   0   4 0.00  0.0    0 10.1 26 260   M    M   0        35 260
 9  75  50  63  -3   2   0 0.00  0.0    0  6.9 17 320   M    M   0        26 330
10  78  49  64  -2   1   0 0.00  0.0    0  6.2 16 100   M    M   0        21  60
11  81  51  66  -1   0   1 0.00  0.0    0  5.7 18 150   M    M   2        22 140
12  84  56  70   3   0   5 0.02  0.0    0  6.7 20 260   M    M   5 1      24 260
13  80  59  70   3   0   5 0.33  0.0    0  6.0 18  50   M    M   7 12     24  40
14  77  62  70   3   0   5 0.01  0.0    0  8.4 20  40   M    M  10 1      23  30
15  77  61  69   2   0   4 0.01  0.0    0  9.6 22  80   M    M  10 1      29  80
16  78  63  71   3   0   6    T  0.0    0 11.9 24  60   M    M   7        32  50
17  77  46  62  -6   3   0    T  0.0    0 10.4 21  50   M    M   4 1      26  50
18  81  46  64  -4   1   0 0.00  0.0    0  6.6 17  40   M    M   1        23  50
19  82  47  65  -3   0   0 0.00  0.0    0  4.7 14 110   M    M   1        19 130
20  81  51  66  -2   0   1 0.00  0.0    0  4.2 14 110   M    M   1 12     18 110
21  82  56  69   0   0   4 0.01  0.0    0  6.9 21 130   M    M   3        26 130
22  83  59  71   2   0   6 0.36  0.0    0  5.0 20 290   M    M   4 13     24 290
23  82  61  72   3   0   7 0.00  0.0    0  6.5 15 300   M    M   5        18 280
24  86  58  72   3   0   7 0.00  0.0    0  5.4 17  50   M    M   2 1      22  70
25  84  61  73   3   0   8 0.00  0.0    0  6.1 14 110   M    M   3 1      20 100
26  86  58  72   2   0   7 0.00  0.0    0  3.3 13  90   M    M   3        16  60
27  88  63  76   6   0  11 0.00  0.0    0  5.6 14 240   M    M   2        17 240
28  88  64  76   6   0  11 0.00  0.0    0  5.7 15 240   M    M   1        20 280
29  90  64  77   7   0  12 0.00  0.0    0  4.3 12 250   M    M   4 123    15 170
30  89  67  78   7   0  13 0.00  0.0    0  6.5 15 120   M    M   2 13     19 150
================================================================================
SM 2458 1690         9 139  1.66     0.0 205.1          M       91
================================================================================
AV 81.9 56.3                               6.8 FASTST   M    M   3    MAX(MPH)
                                 MISC ---->  # 26 260               # 35  260
================================================================================
NOTES:
# LAST OF SEVERAL OCCURRENCES

COLUMN 17 PEAK WIND IN M.P.H.

PRELIMINARY LOCAL CLIMATOLOGICAL DATA (WS FORM: F-6) , PAGE 2

                                          STATION:  GAINESVILLE FL
                                          MONTH:    APRIL
                                          YEAR:     2016
                                          LATITUDE:   29 40 N
                                          LONGITUDE:  82 16 W

[TEMPERATURE DATA]      [PRECIPITATION DATA]       SYMBOLS USED IN COLUMN 16

AVERAGE MONTHLY: 69.1   TOTAL FOR MONTH:   1.66    1 = FOG OR MIST
DPTR FM NORMAL:   1.5   DPTR FM NORMAL:   -1.01    2 = FOG REDUCING VISIBILITY
HIGHEST:    90 ON 29    GRTST 24HR  0.86 ON  2- 2      TO 1/4 MILE OR LESS
LOWEST:     46 ON 18,17                            3 = THUNDER
                        SNOW, ICE PELLETS, HAIL    4 = ICE PELLETS
                        TOTAL MONTH:   0.0 INCH    5 = HAIL
                        GRTST 24HR     0.0         6 = FREEZING RAIN OR DRIZZLE
                        GRTST DEPTH:   0           7 = DUSTSTORM OR SANDSTORM:
                                                       VSBY 1/2 MILE OR LESS
                                                   8 = SMOKE OR HAZE
[NO. OF DAYS WITH]      [WEATHER - DAYS WITH]      9 = BLOWING SNOW
                                                   X = TORNADO
MAX 32 OR BELOW:   0    0.01 INCH OR MORE:   8
MAX 90 OR ABOVE:   1    0.10 INCH OR MORE:   3
MIN 32 OR BELOW:   0    0.50 INCH OR MORE:   1
MIN  0 OR BELOW:   0    1.00 INCH OR MORE:   0

[HDD (BASE 65) ]
TOTAL THIS MO.     9    CLEAR  (SCALE 0-3)  19
DPTR FM NORMAL   -34    PTCLDY (SCALE 4-7)   9
TOTAL FM JUL 1   848    CLOUDY (SCALE 8-10)  2
DPTR FM NORMAL  -366

[CDD (BASE 65) ]
TOTAL THIS MO.   139
DPTR FM NORMAL    18    [PRESSURE DATA]
TOTAL FM JAN 1   293    HIGHEST SLP 30.29 ON 17
DPTR FM NORMAL    86    LOWEST  SLP 29.78 ON  2

[REMARKS]
#FINAL-04-16#
