000
CXUS52 KJAX 260800
CF6GNV
PRELIMINARY LOCAL CLIMATOLOGICAL DATA (WS FORM: F-6)

                                          STATION:   GAINESVILLE FL
                                          MONTH:     JUNE
                                          YEAR:      2017
                                          LATITUDE:   29 40 N
                                          LONGITUDE:  82 16 W

  TEMPERATURE IN F:       :PCPN:    SNOW:  WIND      :SUNSHINE: SKY     :PK WND
================================================================================
1   2   3   4   5  6A  6B    7    8   9   10  11  12  13   14  15   16   17  18
                                     12Z  AVG MX 2MIN
DY MAX MIN AVG DEP HDD CDD  WTR  SNW DPTH SPD SPD DIR MIN PSBL S-S WX    SPD DR
================================================================================

 1  93  67  80   2   0  15    T  0.0    0  4.3 23 120   M    M   1 13     27 110
 2  87  70  79   1   0  14 1.33  0.0    0  4.4 23 220   M    M   5 1      27 220
 3  89  68  79   1   0  14 0.00  0.0    0  3.9 14 120   M    M   4 1      30  90
 4  88  68  78   0   0  13    T  0.0    0  4.4 13  50   M    M   3 123    16 170
 5  84  72  78  -1   0  13 0.03  0.0    0  5.8 15 230   M    M   4        20 240
 6  78  71  75  -4   0  10 2.10  0.0    0  4.2 20 350   M    M   7 123    24 350
 7  79  70  75  -4   0  10 4.45  0.0    0  4.9 23 130   M    M   9 13     27 130
 8  73  66  70  -9   0   5 0.07  0.0    0  6.0 14  30   M    M   9 1      18  40
 9  86  60  73  -6   0   8 0.00  0.0    0  5.6 14  90   M    M   3 1      18 100
10  90  67  79   0   0  14 0.44  0.0    0  5.3 23 130   M    M   5 13     27 140
11  87  71  79   0   0  14 0.90  0.0    0  4.2 15 290   M    M   6 13     19 290
12  86  71  79  -1   0  14 0.28  0.0    0  2.1 18  50   M    M   4 13     22  50
13  87  70  79  -1   0  14    T  0.0    0  2.3 18 110   M    M   5 1      23 120
14  92  68  80   0   0  15 0.12  0.0    0  4.0 18 260   M    M   3 3      24 240
15  90  70  80   0   0  15    T  0.0    0  4.3 18 150   M    M   3 13     23 170
16  84  71  78  -2   0  13 0.37  0.0    0  4.2 17 260   M    M   3 13     23 270
17  91  71  81   1   0  16 1.32  0.0    0  4.8 22 180   M    M   4 13     26 180
18  92  70  81   1   0  16 0.30  0.0    0  3.5 20 150   M    M   2 13     29 150
19  87  72  80   0   0  15 1.75  0.0    0  3.4 22 160   M    M   4 13     29 150
20  87  73  80   0   0  15    T  0.0    0  5.8 15 120   M    M   4        18 120
21  90  72  81   1   0  16 0.78  0.0    0  6.3 23 220   M    M   4 13     32 230
22  92  72  82   2   0  17 0.14  0.0    0  4.5 16 150   M    M   2 13     20 150
23  91  74  83   3   0  18 0.00  0.0    0  4.7 12 210   M    M   2        16 170
24  93  71  82   2   0  17 0.00  0.0    0  5.6 16 250   M    M   2 1      19 240
25  91  72  82   2   0  17    T  0.0    0  4.2 18 310   M    M   2 3      23 310
================================================================================
SM 2187 1747         0 348 14.38     0.0 112.7          M      100
================================================================================
AV 87.5 69.9                               4.5 FASTST   M    M   4    MAX(MPH)
                                 MISC ---->  # 23 120               # 32  230
================================================================================
NOTES:
# LAST OF SEVERAL OCCURRENCES

COLUMN 17 PEAK WIND IN M.P.H.

PRELIMINARY LOCAL CLIMATOLOGICAL DATA (WS FORM: F-6) , PAGE 2

                                          STATION:  GAINESVILLE FL
                                          MONTH:    JUNE
                                          YEAR:     2017
                                          LATITUDE:   29 40 N
                                          LONGITUDE:  82 16 W

[TEMPERATURE DATA]      [PRECIPITATION DATA]       SYMBOLS USED IN COLUMN 16

AVERAGE MONTHLY: 78.7   TOTAL FOR MONTH:  14.38    1 = FOG OR MIST
DPTR FM NORMAL:  -0.7   DPTR FM NORMAL:    8.62    2 = FOG REDUCING VISIBILITY
HIGHEST:    93 ON 24, 1 GRTST 24HR  4.45 ON  7- 7      TO 1/4 MILE OR LESS
LOWEST:     60 ON  9                               3 = THUNDER
                        SNOW, ICE PELLETS, HAIL    4 = ICE PELLETS
                        TOTAL MONTH:   0.0 INCH    5 = HAIL
                        GRTST 24HR     0.0         6 = FREEZING RAIN OR DRIZZLE
                        GRTST DEPTH:   0           7 = DUSTSTORM OR SANDSTORM:
                                                       VSBY 1/2 MILE OR LESS
                                                   8 = SMOKE OR HAZE
[NO. OF DAYS WITH]      [WEATHER - DAYS WITH]      9 = BLOWING SNOW
                                                   X = TORNADO
MAX 32 OR BELOW:   0    0.01 INCH OR MORE:  15
MAX 90 OR ABOVE:  11    0.10 INCH OR MORE:  13
MIN 32 OR BELOW:   0    0.50 INCH OR MORE:   7
MIN  0 OR BELOW:   0    1.00 INCH OR MORE:   5

[HDD (BASE 65) ]
TOTAL THIS MO.     0    CLEAR  (SCALE 0-3)  11
DPTR FM NORMAL     0    PTCLDY (SCALE 4-7)  12
TOTAL FM JUL 1   646    CLOUDY (SCALE 8-10)  2
DPTR FM NORMAL  -572

[CDD (BASE 65) ]
TOTAL THIS MO.   348
DPTR FM NORMAL   -11    [PRESSURE DATA]
TOTAL FM JAN 1  1031    HIGHEST SLP M ON M
DPTR FM NORMAL   162    LOWEST  SLP 29.64 ON  6

[REMARKS]
