000
CXUS55 KMSO 180900
CF6GPI
PRELIMINARY LOCAL CLIMATOLOGICAL DATA (WS FORM: F-6)

                                          STATION:   KALISPELL MT
                                          MONTH:     AUGUST
                                          YEAR:      2017
                                          LATITUDE:   48 17 N
                                          LONGITUDE: 114 16 W

  TEMPERATURE IN F:       :PCPN:    SNOW:  WIND      :SUNSHINE: SKY     :PK WND
================================================================================
1   2   3   4   5  6A  6B    7    8   9   10  11  12  13   14  15   16   17  18
                                     12Z  AVG MX 2MIN
DY MAX MIN AVG DEP HDD CDD  WTR  SNW DPTH SPD SPD DIR MIN PSBL S-S WX    SPD DR
================================================================================

 1  92  51  72   5   0   7 0.00  0.0    0 10.7 26  30   M    M   0 8      35  30
 2  82  63  73   7   0   8 0.00  0.0    0 14.9 25  20   M    M   0 8      33  30
 3  87  54  71   5   0   6 0.00  0.0    0  5.3 14  30   M    M   0 8      18  30
 4  87  46  67   1   0   2 0.00  0.0    0 11.4 32  30   M    M   0 18     41  30
 5  79  51  65  -1   0   0 0.00  0.0    0  9.4 20  20   M    M   5        26  40
 6  86  47  67   1   0   2 0.00  0.0    0  2.4  9  50   M    M   1 8      11 140
 7  89  46  68   2   0   3    T  0.0    0  6.5 32  50   M    M   0 8      40  50
 8  85  61  73   7   0   8 0.01  0.0    0  9.7 24  30   M    M   1 38     31  30
 9  88  50  69   3   0   4 0.00  0.0    0  3.5 13  30   M    M   0 8      16 170
10  89  50  70   4   0   5 0.00  0.0    0  8.4 32  30   M    M   0 8      43  30
11  87  57  72   7   0   7 0.01  0.0    0  6.7 15  30   M    M   0 138    20  40
12  90  50  70   5   0   5 0.00  0.0    0  3.5 12 200   M    M   0 18     15  50
13  76  50  63  -2   2   0 0.06  0.0    0  4.2 24 240   M    M   6 18     32 230
14  78  45  62  -3   3   0 0.00  0.0    0  5.1 18 160   M    M   5        24 140
15  79  36  58  -7   7   0 0.00  0.0    0  2.4 10 190   M    M   0        16 120
16  82  38  60  -4   5   0 0.00  0.0    0  5.2 14 160   M    M   0        19 150
17  84  44  64   0   1   0 0.00  0.0    0  4.9 17 150   M    M   1        23 140
================================================================================
SM 1440  839        18  57  0.08     0.0 114.2          M       19
================================================================================
AV 84.7 49.4                               6.7 FASTST   M    M   1    MAX(MPH)
                                 MISC ---->  # 32  30               # 43   30
================================================================================
NOTES:
# LAST OF SEVERAL OCCURRENCES

COLUMN 17 PEAK WIND IN M.P.H.

PRELIMINARY LOCAL CLIMATOLOGICAL DATA (WS FORM: F-6) , PAGE 2

                                          STATION:  KALISPELL MT
                                          MONTH:    AUGUST
                                          YEAR:     2017
                                          LATITUDE:   48 17 N
                                          LONGITUDE: 114 16 W

[TEMPERATURE DATA]      [PRECIPITATION DATA]       SYMBOLS USED IN COLUMN 16

AVERAGE MONTHLY: 67.0   TOTAL FOR MONTH:   0.08    1 = FOG OR MIST
DPTR FM NORMAL:   1.5   DPTR FM NORMAL:   -0.42    2 = FOG REDUCING VISIBILITY
HIGHEST:    92 ON  1    GRTST 24HR  0.06 ON 13-13      TO 1/4 MILE OR LESS
LOWEST:     36 ON 15                               3 = THUNDER
                        SNOW, ICE PELLETS, HAIL    4 = ICE PELLETS
                        TOTAL MONTH:   0.0 INCH    5 = HAIL
                        GRTST 24HR     0.0         6 = FREEZING RAIN OR DRIZZLE
                        GRTST DEPTH:   0           7 = DUSTSTORM OR SANDSTORM:
                                                       VSBY 1/2 MILE OR LESS
                                                   8 = SMOKE OR HAZE
[NO. OF DAYS WITH]      [WEATHER - DAYS WITH]      9 = BLOWING SNOW
                                                   X = TORNADO
MAX 32 OR BELOW:   0    0.01 INCH OR MORE:   3
MAX 90 OR ABOVE:   2    0.10 INCH OR MORE:   0
MIN 32 OR BELOW:   0    0.50 INCH OR MORE:   0
MIN  0 OR BELOW:   0    1.00 INCH OR MORE:   0

[HDD (BASE 65) ]
TOTAL THIS MO.    18    CLEAR  (SCALE 0-3)  14
DPTR FM NORMAL   -20    PTCLDY (SCALE 4-7)   3
TOTAL FM JUL 1    24    CLOUDY (SCALE 8-10)  0
DPTR FM NORMAL   -91

[CDD (BASE 65) ]
TOTAL THIS MO.    57
DPTR FM NORMAL    12    [PRESSURE DATA]
TOTAL FM JAN 1   206    HIGHEST SLP M ON M
DPTR FM NORMAL    78    LOWEST  SLP 29.73 ON  4

[REMARKS]
