321
CXUS55 KMSO 270900
CF6GPI
PRELIMINARY LOCAL CLIMATOLOGICAL DATA (WS FORM: F-6)

                                          STATION:   KALISPELL MT
                                          MONTH:     JUNE
                                          YEAR:      2017
                                          LATITUDE:   48 17 N
                                          LONGITUDE: 114 16 W

  TEMPERATURE IN F:       :PCPN:    SNOW:  WIND      :SUNSHINE: SKY     :PK WND
================================================================================
1   2   3   4   5  6A  6B    7    8   9   10  11  12  13   14  15   16   17  18
                                     12Z  AVG MX 2MIN
DY MAX MIN AVG DEP HDD CDD  WTR  SNW DPTH SPD SPD DIR MIN PSBL S-S WX    SPD DR
================================================================================

 1  68  39  54  -2  11   0    T    M    0  6.6 15 230   M    M   8 3      19 240
 2  73  41  57   1   8   0    T  0.0    0  9.1 22 230   M    M   6        29 240
 3  81  37  59   3   6   0    T  0.0    0  5.0 14 160   M    M   0        18 140
 4  77  51  64   8   1   0 0.21  0.0    0  7.6 23  40   M    M   4 13     30  20
 5  70  45  58   2   7   0 0.05  0.0    0  7.2 15 180   M    M   5 1      20 170
 6  81  40  61   4   4   0 0.00  0.0    0  3.8 15  20   M    M   0        18  30
 7  88  47  68  11   0   3 0.00  0.0    0  4.1 16  20   M    M   0        19  30
 8  83  57  70  13   0   5 0.08  0.0    0  7.8 22  30   M    M   3 38     30 250
 9  68  42  55  -2  10   0    T  0.0    0 11.0 21 230   M    M   3        27 210
10  63  34  49  -8  16   0    T  0.0    0  8.0 22 230   M    M   5        29 280
11  69  38  54  -3  11   0 0.00  0.0    0  4.4 12 180   M    M   2        17 140
12  83  40  62   4   3   0 0.00  0.0    0  5.7 17  10   M    M   1        21  10
13  65  50  58   0   7   0 0.48  0.0    0 10.6 21 170   M    M   8 1      26 160
14  68  48  58   0   7   0 0.01  0.0    0  9.0 18 270   M    M   4 8      23 220
15  61  45  53  -5  12   0    T  0.0    0  3.2 12 160   M    M  10        14 160
16  64  50  57  -1   8   0 0.41  0.0    0  7.4 17 280   M    M  10 1      23 280
17  68  46  57  -1   8   0 0.05    M    0  5.1 14 160   M    M   7 1      18 300
18  63  51  57  -2   8   0 0.01  0.0    0  2.9 10 170   M    M  10        12  30
19  81  51  66   7   0   1 0.00  0.0    0  4.1 10 170   M    M   3        14 160
20  81  56  69  10   0   4 0.06  0.0    0  4.6 18 250   M    M   5        26 220
21  76  50  63   4   2   0 0.00  0.0    0  9.2 26 260   M    M   1        34 270
22  73  36  55  -4  10   0 0.00  0.0    0  3.5 12 260   M    M   2        19 360
23  76  38  57  -3   8   0 0.00  0.0    0  3.4 12  20   M    M   2        14 200
24  82  42  62   2   3   0 0.00  0.0    0  3.0 14  10   M    M   0        17  20
25  86  44  65   5   0   0 0.00  0.0    0  3.4 16  30   M    M   0        20  30
26  85  49  67   7   0   2 0.10  0.0    0  4.5 15 330   M    M   1 13     29 350
================================================================================
SM 1933 1167       150  15  1.46     0.0 154.2          M      100
================================================================================
AV 74.4 44.9                               5.9 FASTST   M    M   4    MAX(MPH)
                                 MISC ---->  # 26 260               # 34  270
================================================================================
NOTES:
# LAST OF SEVERAL OCCURRENCES

COLUMN 17 PEAK WIND IN M.P.H.

PRELIMINARY LOCAL CLIMATOLOGICAL DATA (WS FORM: F-6) , PAGE 2

                                          STATION:  KALISPELL MT
                                          MONTH:    JUNE
                                          YEAR:     2017
                                          LATITUDE:   48 17 N
                                          LONGITUDE: 114 16 W

[TEMPERATURE DATA]      [PRECIPITATION DATA]       SYMBOLS USED IN COLUMN 16

AVERAGE MONTHLY: 59.6   TOTAL FOR MONTH:   1.46    1 = FOG OR MIST
DPTR FM NORMAL:   1.7   DPTR FM NORMAL:   -0.81    2 = FOG REDUCING VISIBILITY
HIGHEST:    88 ON  7    GRTST 24HR  0.49 ON 13-14      TO 1/4 MILE OR LESS
LOWEST:     34 ON 10                               3 = THUNDER
                        SNOW, ICE PELLETS, HAIL    4 = ICE PELLETS
                        TOTAL MONTH:   0.0 INCH    5 = HAIL
                        GRTST 24HR     0.0         6 = FREEZING RAIN OR DRIZZLE
                        GRTST DEPTH:   0           7 = DUSTSTORM OR SANDSTORM:
                                                       VSBY 1/2 MILE OR LESS
                                                   8 = SMOKE OR HAZE
[NO. OF DAYS WITH]      [WEATHER - DAYS WITH]      9 = BLOWING SNOW
                                                   X = TORNADO
MAX 32 OR BELOW:   0    0.01 INCH OR MORE:  10
MAX 90 OR ABOVE:   0    0.10 INCH OR MORE:   4
MIN 32 OR BELOW:   0    0.50 INCH OR MORE:   0
MIN  0 OR BELOW:   0    1.00 INCH OR MORE:   0

[HDD (BASE 65) ]
TOTAL THIS MO.   150    CLEAR  (SCALE 0-3)  13
DPTR FM NORMAL   -46    PTCLDY (SCALE 4-7)  10
TOTAL FM JUL 1  8273    CLOUDY (SCALE 8-10)  3
DPTR FM NORMAL   254

[CDD (BASE 65) ]
TOTAL THIS MO.    15
DPTR FM NORMAL     8    [PRESSURE DATA]
TOTAL FM JAN 1    20    HIGHEST SLP M ON M
DPTR FM NORMAL    10    LOWEST  SLP 29.54 ON  8

[REMARKS]
