402
CXUS55 KLIX 271000
CF6GPT
PRELIMINARY LOCAL CLIMATOLOGICAL DATA (WS FORM: F-6)

                                          STATION:   GULFPORT
                                          MONTH:     FEBRUARY
                                          YEAR:      2017
                                          LATITUDE:   30 23 N
                                          LONGITUDE:  89  4 W

  TEMPERATURE IN F:       :PCPN:    SNOW:  WIND      :SUNSHINE: SKY     :PK WND
================================================================================
1   2   3   4   5  6A  6B    7    8   9   10  11  12  13   14  15   16   17  18
                                     12Z  AVG MX 2MIN
DY MAX MIN AVG DEP HDD CDD  WTR  SNW DPTH SPD SPD DIR MIN PSBL S-S WX    SPD DR
================================================================================

 1  72  50  61   9   4   0 0.00  0.0    0  4.8 12 160   M    M   1 1      15 200
 2  74  50  62  10   3   0 0.00  0.0    0  3.3 12 170   M    M   3 12     16 150
 3  64  46  55   3  10   0 0.00  0.0    0  7.8 20 360   M    M   7 128    24 360
 4  59  38  49  -3  16   0 0.00  0.0    0  4.9 12  40   M    M   0        16  30
 5  69  43  56   4   9   0 0.00  0.0    0  4.3 13 150   M    M   1        16 160
 6  73  51  62  10   3   0 0.00  0.0    0  5.5 13 150   M    M   2 12     24 100
 7  71  63  67  14   0   2 2.02  0.0    0  5.8 20 310   M    M   5 13     25 240
 8  77  64  71  18   0   6 0.00  0.0    0  5.3 15 230   M    M   5 12     24 230
 9  70  48  59   6   6   0 0.00  0.0    0 11.5 25 350   M    M   0 1      34  40
10  68  43  56   3   9   0 0.00  0.0    0  9.0 18 130   M    M   1        24 120
11  75  61  68  15   0   3 0.00  0.0    0  6.4 12 190   M    M   7        18 110
12  77  66  72  19   0   7 0.00  0.0    0  4.1 13 200   M    M   6 1      21 220
13  77  56  67  13   0   2 0.00  0.0    0  4.7 17  30   M    M   3        25  30
14  73  52  63   9   2   0 0.01  0.0    0  7.3 17 130   M    M   5        24 180
15  69  45  57   3   8   0    T    M    0 11.5 21 310   M    M   6        29 300
16  63  36  50  -4  15   0 0.00  0.0    0  3.6 12 190   M    M   0        14 180
17  62  39  51  -3  14   0 0.53    M    0  2.3 13 310   M    M   4 1      16 300
18  73  53  63   9   2   0 0.15  0.0    0  5.6 31 120   M    M   2 12     38 120
19  80  52  66  12   0   1 0.00  0.0    0  2.7 12 160   M    M   3 12     14 160
20  75  59  67  12   0   2 0.00  0.0    0 12.8 20 120   M    M   7 12     25 120
21  71  58  65  10   0   0 0.38  0.0    0  4.8 23 310   M    M   7 1      29 300
22  74  53  64   9   1   0 0.00  0.0    0  6.9 22 350   M    M   3 12     30 350
23  73  55  64   9   1   0 0.00  0.0    0  5.2 13 140   M    M   0 1      16 150
24  75  57  66  11   0   1 0.00  0.0    0  5.8 14 150   M    M   4 12     19 160
25  72  49  61   6   4   0 0.00  0.0    0  9.8 24 360   M    M   1        30  20
26  66  41  54  -2  11   0 0.00  0.0    0 10.7 20 110   M    M   0        25  70
================================================================================
SM 1852 1328       118  24  3.09     0.0 166.4          M       83
================================================================================
AV 71.2 51.1                               6.4 FASTST   M    M   3    MAX(MPH)
                                 MISC ---->  # 31 120               # 38  120
================================================================================
NOTES:
# LAST OF SEVERAL OCCURRENCES

COLUMN 17 PEAK WIND IN M.P.H.

PRELIMINARY LOCAL CLIMATOLOGICAL DATA (WS FORM: F-6) , PAGE 2

                                          STATION:  GULFPORT
                                          MONTH:    FEBRUARY
                                          YEAR:     2017
                                          LATITUDE:   30 23 N
                                          LONGITUDE:  89  4 W

[TEMPERATURE DATA]      [PRECIPITATION DATA]       SYMBOLS USED IN COLUMN 16

AVERAGE MONTHLY: 61.2   TOTAL FOR MONTH:   3.09    1 = FOG OR MIST
DPTR FM NORMAL:   7.5   DPTR FM NORMAL:   -1.75    2 = FOG REDUCING VISIBILITY
HIGHEST:    80 ON 19    GRTST 24HR  2.02 ON  7- 7      TO 1/4 MILE OR LESS
LOWEST:     36 ON 16                               3 = THUNDER
                        SNOW, ICE PELLETS, HAIL    4 = ICE PELLETS
                        TOTAL MONTH:   0.0 INCH    5 = HAIL
                        GRTST 24HR     0.0         6 = FREEZING RAIN OR DRIZZLE
                        GRTST DEPTH:   0           7 = DUSTSTORM OR SANDSTORM:
                                                       VSBY 1/2 MILE OR LESS
                                                   8 = SMOKE OR HAZE
[NO. OF DAYS WITH]      [WEATHER - DAYS WITH]      9 = BLOWING SNOW
                                                   X = TORNADO
MAX 32 OR BELOW:   0    0.01 INCH OR MORE:   5
MAX 90 OR ABOVE:   0    0.10 INCH OR MORE:   4
MIN 32 OR BELOW:   0    0.50 INCH OR MORE:   2
MIN  0 OR BELOW:   0    1.00 INCH OR MORE:   1

[HDD (BASE 65) ]
TOTAL THIS MO.   118    CLEAR  (SCALE 0-3)  14
DPTR FM NORMAL  -186    PTCLDY (SCALE 4-7)  12
TOTAL FM JUL 1   724    CLOUDY (SCALE 8-10)  0
DPTR FM NORMAL  -627

[CDD (BASE 65) ]
TOTAL THIS MO.    24
DPTR FM NORMAL    24    [PRESSURE DATA]
TOTAL FM JAN 1    62    HIGHEST SLP M ON M
DPTR FM NORMAL    57    LOWEST  SLP 29.72 ON 14

[REMARKS]
