000
CXUS55 KLIX 290830
CF6GPT
PRELIMINARY LOCAL CLIMATOLOGICAL DATA (WS FORM: F-6)

                                          STATION:   GULFPORT
                                          MONTH:     AUGUST
                                          YEAR:      2014
                                          LATITUDE:   30 23 N
                                          LONGITUDE:  89  4 W

  TEMPERATURE IN F:       :PCPN:    SNOW:  WIND      :SUNSHINE: SKY     :PK WND
================================================================================
1   2   3   4   5  6A  6B    7    8   9   10  11  12  13   14  15   16   17  18
                                     12Z  AVG MX 2MIN
DY MAX MIN AVG DEP HDD CDD  WTR  SNW DPTH SPD SPD DIR MIN PSBL S-S WX    SPD DR
================================================================================

 1  89  76  83   0   0  18    T  0.0    0  2.5  8  50   M    M   2        10  20
 2  92  73  83   0   0  18 0.00  0.0    0  2.9 10 150   M    M   2 8       M  M
 3  93  75  84   1   0  19 0.47  0.0    0  4.2 18  90   M    M   3 138    23  80
 4  90  74  82  -1   0  17 0.46  0.0    0  3.4 17 140   M    M   2 138    22 150
 5  91  72  82  -1   0  17 0.00  0.0    0  3.5 13 150   M    M   1 138    16 150
 6  92  75  84   1   0  19 0.00  0.0    0  3.6 12 280   M    M   1 13     16 280
 7  91  74  83   0   0  18 0.00  0.0    0  3.5 14 190   M    M   2 1      19 200
 8  92  78  85   2   0  20 0.00  0.0    0  4.2 15 170   M    M   1 3      20 180
 9  91  74  83   0   0  18 1.10  0.0    0  4.9 21  10   M    M   3 13     26 350
10  89  72  81  -2   0  16 0.00  0.0    0  4.2 13 210   M    M   1 3      18 230
11  93  73  83   0   0  18 0.02  0.0    0  4.7 23 330   M    M   2        29 340
12  90  74  82  -1   0  17    T  0.0    0  4.6 13 190   M    M   3        17 180
13  89  75  82  -1   0  17 0.00  0.0    0  5.4 10 150   M    M   1        15 180
14  90  71  81  -2   0  16 0.00  0.0    0  4.1 10 150   M    M   2        13  20
15  92  69  81  -2   0  16 0.00  0.0    0  3.0 12 190   M    M   1 8      16 300
16  91  71  81  -1   0  16    T  0.0    0  5.0 18 160   M    M   2 3      24 170
17  88  75  82   0   0  17 0.17  0.0    0  3.5 20 300   M    M   3 13     26 300
18  92  76  84   2   0  19 0.00  0.0    0  4.2 14 220   M    M   2 1      21 220
19  93  77  85   3   0  20    T  0.0    0  4.4 15 180   M    M   2 1      20 180
20  92  76  84   2   0  19 0.00  0.0    0  4.0 13 150   M    M   2        17 150
21  93  77  85   3   0  20 0.00  0.0    0  2.9 12 150   M    M   1 18     16 180
22  95  76  86   4   0  21 0.00  0.0    0  3.5 12 300   M    M   1 38     16 160
23  97  78  88   6   0  23    T  0.0    0  3.8 12  40   M    M   2        16  10
24  99  77  88   6   0  23 0.00  0.0    0  6.1 15 350   M    M   1 1      24  10
25  87  78  83   1   0  18    M  0.0    0  7.2 21 110   M    M   2 18     24 110
26  89  75  82   0   0  17 0.00  0.0    0  7.9 15 140   M    M   1        21 110
27  91  75  83   1   0  18 0.00  0.0    0  7.1 21 130   M    M   1 8      25 110
28  90  76  83   1   0  18 0.00  0.0    0  4.9 14 120   M    M   3 8      17 120
================================================================================
SM 2561 2092         0 513  2.22     0.0 123.2          M       50
================================================================================
AV 91.5 74.7                               4.4 FASTST   M    M   2    MAX(MPH)
                                 MISC ---->  # 23 330               # 29  340
================================================================================
NOTES:
# LAST OF SEVERAL OCCURRENCES

COLUMN 17 PEAK WIND IN M.P.H.

PRELIMINARY LOCAL CLIMATOLOGICAL DATA (WS FORM: F-6) , PAGE 2

                                          STATION:  GULFPORT
                                          MONTH:    AUGUST
                                          YEAR:     2014
                                          LATITUDE:   30 23 N
                                          LONGITUDE:  89  4 W

[TEMPERATURE DATA]      [PRECIPITATION DATA]       SYMBOLS USED IN COLUMN 16

AVERAGE MONTHLY: 83.1   TOTAL FOR MONTH:   2.22    1 = FOG OR MIST
DPTR FM NORMAL:   0.6   DPTR FM NORMAL:   -3.49    2 = FOG REDUCING VISIBILITY
HIGHEST:    99 ON 24    GRTST 24HR  1.10 ON  9- 9      TO 1/4 MILE OR LESS
LOWEST:     69 ON 15                               3 = THUNDER
                        SNOW, ICE PELLETS, HAIL    4 = ICE PELLETS
                        TOTAL MONTH:   0.0 INCH    5 = HAIL
                        GRTST 24HR     0.0         6 = FREEZING RAIN OR DRIZZLE
                        GRTST DEPTH:   0           7 = DUSTSTORM OR SANDSTORM:
                                                       VSBY 1/2 MILE OR LESS
                                                   8 = SMOKE OR HAZE
[NO. OF DAYS WITH]      [WEATHER - DAYS WITH]      9 = BLOWING SNOW
                                                   X = TORNADO
MAX 32 OR BELOW:   0    0.01 INCH OR MORE:   5
MAX 90 OR ABOVE:  22    0.10 INCH OR MORE:   4
MIN 32 OR BELOW:   0    0.50 INCH OR MORE:   1
MIN  0 OR BELOW:   0    1.00 INCH OR MORE:   1

[HDD (BASE 65) ]
TOTAL THIS MO.     0    CLEAR  (SCALE 0-3)  28
DPTR FM NORMAL     0    PTCLDY (SCALE 4-7)   0
TOTAL FM JUL 1     0    CLOUDY (SCALE 8-10)  0
DPTR FM NORMAL     0

[CDD (BASE 65) ]
TOTAL THIS MO.   513
DPTR FM NORMAL    20    [PRESSURE DATA]
TOTAL FM JAN 1  2148    HIGHEST SLP M ON M
DPTR FM NORMAL   221    LOWEST  SLP 29.86 ON M

[REMARKS]
