000
CXUS53 KIWX 250800
CF6GSH
PRELIMINARY LOCAL CLIMATOLOGICAL DATA (WS FORM: F-6)

                                          STATION:   GOSHEN
                                          MONTH:     JULY
                                          YEAR:      2014
                                          LATITUDE:   41 31 N
                                          LONGITUDE:  85 47 W

  TEMPERATURE IN F:       :PCPN:    SNOW:  WIND      :SUNSHINE: SKY     :PK WND
================================================================================
1   2   3   4   5  6A  6B    7    8   9   10  11  12  13   14  15   16   17  18
                                     12Z  AVG MX 2MIN
DY MAX MIN AVG DEP HDD CDD  WTR  SNW DPTH SPD SPD DIR MIN PSBL S-S WX    SPD DR
================================================================================

 1  86  66  76   4   0  11 0.30  0.0    0 11.3 18 240   M    M   5 3      30 240
 2  74  60  67  -5   0   2 0.00  0.0    0  9.7 17 270   M    M   7        23 290
 3  73  54  64  -8   1   0    T  0.0    0  9.6 21 320   M    M   4 1      28 300
 4  79  50  65  -7   0   0 0.00  0.0    0  3.5 10  10   M    M   0 18     17 360
 5  80  51  66  -6   0   1 0.00  0.0    0  5.2 15 200   M    M   0 18     19 200
 6  81  63  72   0   0   7 0.00  0.0    0 10.8 20 210   M    M   7 3      27 210
 7  86  70  78   6   0  13 0.22  0.0    0 11.7 25 310   M    M   6 3      34 220
 8  81  68  75   3   0  10 0.61  0.0    0 11.7 20 300   M    M   6 13     32 310
 9  77  60  69  -3   0   4 0.00  0.0    0  7.8 17 300   M    M   2        22 290
10  77  54  66  -6   0   1 0.00  0.0    0  4.4 13  50   M    M   2 1      16  50
11  82  54  68  -4   0   3    T  0.0    0  2.8 12 180   M    M   2 1      17 210
12  82  66  74   2   0   9 0.04  0.0    0  8.1 18 220   M    M   6 1      24 220
13  83  70  77   5   0  12 0.37  0.0    0  9.7 26 240   M    M   3 13     36 250
14  83  65  74   2   0   9 0.06  0.0    0  6.9 15 210   M    M   5 13     21 210
15  69  54  62 -10   3   0    T  0.0    0 10.4 25 290   M    M   5        31 300
16  70  52  61 -11   4   0 0.00  0.0    0  5.8 17 350   M    M   6 1      21 360
17  76  47  62 -10   3   0 0.00  0.0    0  2.0  8 270   M    M   3 1      12 140
18  79  51  65  -7   0   0 0.00  0.0    0  2.7 12 160   M    M   0 1      16 130
19  81  54  68  -4   0   3 0.00  0.0    0  2.1  9 120   M    M   4 18     11 130
20  85  59  72   0   0   7 0.00  0.0    0  2.1  9 160   M    M   1 18     11 160
21  87  60  74   2   0   9 0.00  0.0    0  3.1 10 180   M    M   1 18     17 170
22  89  63  76   4   0  11 0.00  0.0    0  8.3 18 230   M    M   2 1      24 210
23  78  60  69  -3   0   4 0.14  0.0    0 10.6 25  10   M    M   7 13     33 330
24  76  58  67  -5   0   2 0.00  0.0    0  6.8 14  10   M    M   5        18  20
================================================================================
SM 1914 1409        11 118  1.74     0.0 167.1          M       89
================================================================================
AV 79.8 58.7                               7.0 FASTST   M    M   4    MAX(MPH)
                                 MISC ---->  # 26 240               # 36  250
================================================================================
NOTES:
# LAST OF SEVERAL OCCURRENCES

COLUMN 17 PEAK WIND IN M.P.H.

PRELIMINARY LOCAL CLIMATOLOGICAL DATA (WS FORM: F-6) , PAGE 2

                                          STATION:  GOSHEN
                                          MONTH:    JULY
                                          YEAR:     2014
                                          LATITUDE:   41 31 N
                                          LONGITUDE:  85 47 W

[TEMPERATURE DATA]      [PRECIPITATION DATA]       SYMBOLS USED IN COLUMN 16

AVERAGE MONTHLY: 69.2   TOTAL FOR MONTH:   1.74    1 = FOG OR MIST
DPTR FM NORMAL:  -2.8   DPTR FM NORMAL:   -1.36    2 = FOG REDUCING VISIBILITY
HIGHEST:    89 ON 22    GRTST 24HR  0.82 ON  7- 8      TO 1/4 MILE OR LESS
LOWEST:     47 ON 17                               3 = THUNDER
                        SNOW, ICE PELLETS, HAIL    4 = ICE PELLETS
                        TOTAL MONTH:   0.0 INCH    5 = HAIL
                        GRTST 24HR     0.0         6 = FREEZING RAIN OR DRIZZLE
                        GRTST DEPTH:   0           7 = DUSTSTORM OR SANDSTORM:
                                                       VSBY 1/2 MILE OR LESS
                                                   8 = SMOKE OR HAZE
[NO. OF DAYS WITH]      [WEATHER - DAYS WITH]      9 = BLOWING SNOW
                                                   X = TORNADO
MAX 32 OR BELOW:   0    0.01 INCH OR MORE:   7
MAX 90 OR ABOVE:   0    0.10 INCH OR MORE:   5
MIN 32 OR BELOW:   0    0.50 INCH OR MORE:   1
MIN  0 OR BELOW:   0    1.00 INCH OR MORE:   0

[HDD (BASE 65) ]
TOTAL THIS MO.    11    CLEAR  (SCALE 0-3)  11
DPTR FM NORMAL    11    PTCLDY (SCALE 4-7)  13
TOTAL FM JUL 1    11    CLOUDY (SCALE 8-10)  0
DPTR FM NORMAL    11

[CDD (BASE 65) ]
TOTAL THIS MO.   118
DPTR FM NORMAL   -50    [PRESSURE DATA]
TOTAL FM JAN 1   420    HIGHEST SLP M ON M
DPTR FM NORMAL    50    LOWEST  SLP 29.66 ON  7

[REMARKS]
