000
CXUS56 KTFX 010925
CF6GTF
PRELIMINARY LOCAL CLIMATOLOGICAL DATA (WS FORM: F-6)

                                          STATION:   GREAT FALLS MT
                                          MONTH:     SEPTEMBER
                                          YEAR:      2014
                                          LATITUDE:   47 28 N
                                          LONGITUDE: 111 22 W

  TEMPERATURE IN F:       :PCPN:    SNOW:  WIND      :SUNSHINE: SKY     :PK WND
================================================================================
1   2   3   4   5  6A  6B    7    8   9   10  11  12  13   14  15   16   17  18
                                     12Z  AVG MX 2MIN
DY MAX MIN AVG DEP HDD CDD  WTR  SNW DPTH SPD SPD DIR MIN PSBL S-S WX    SPD DR
================================================================================

 1  72  45  59  -3   6   0 0.00  0.0    0 12.2 25 270   M    M   4        31 270
 2  78  48  63   2   2   0 0.00  0.0    0 10.3 22 250   M    M   0        29 250
 3  65  46  56  -5   9   0    T  0.0    0  9.6 22 320   M    M   5 3      28 310
 4  67  40  54  -6  11   0 0.06  0.0    0  6.6 13 230   M    M   3 1      23 240
 5  70  39  55  -5  10   0 0.00  0.0    0  6.6 13 190   M    M   0        17 260
 6  78  38  58  -2   7   0 0.00  0.0    0  7.0 13 210   M    M   0        21 250
 7  83  44  64   5   1   0 0.00  0.0    0 12.1 21 250   M    M   0        32 270
 8  80  37  59   0   6   0 0.01  0.0    0 11.1 25 330   M    M   2 1      32 330
 9  48  34  41 -18  24   0 0.04    T    0  6.8 18 360   M    M  10 12     23 350
10  40  33  37 -21  28   0 0.18    T    0  8.0 20  20   M    M  10 1      24  20
11  45  32  39 -19  26   0 0.01    T    0  7.7 17  30   M    M   8 18     21  40
12  66  35  51  -6  14   0 0.00  0.0    0 10.6 22 210   M    M   0        29 210
13  57  34  46 -11  19   0 0.00  0.0    0  6.7 14  60   M    M   4        17  50
14  66  32  49  -8  16   0 0.00  0.0    0  5.7 13  40   M    M   0        15 120
15  78  39  59   3   6   0 0.00  0.0    0  5.3 12 180   M    M   0        15 180
16  81  39  60   4   5   0 0.00  0.0    0  6.5 14 230   M    M   0        17 240
17  84  53  69  13   0   4    T  0.0    0  6.5 18 190   M    M   1        22 190
18  78  56  67  12   0   2 0.00  0.0    0 12.5 24 200   M    M   0 8      31 200
19  76  51  64   9   1   0 0.00  0.0    0 16.6 32 260   M    M   1        38 260
20  74  47  61   7   4   0 0.00  0.0    0  8.0 15  60   M    M   0        21  10
21  77  42  60   6   5   0 0.00  0.0    0  6.8 15 210   M    M   0        21 180
22  84  48  66  12   0   1 0.00  0.0    0 10.5 16 220   M    M   0        20 210
23  81  58  70  17   0   5 0.00  0.0    0 11.8 21 210   M    M   1 8      24 220
24  88  60  74  21   0   9 0.00  0.0    0 13.6 25 220   M    M   0        32 190
25  91  46  69  16   0   4 0.00  0.0    0  9.0 24 180   M    M   0        29 190
26  72  55  64  12   1   0    T  0.0    0 10.1 22 240   M    M   5        28 230
27  56  47  52   0  13   0 0.34  0.0    0 10.7 21  60   M    M  10 1      26  60
28  49  46  48  -4  17   0    T  0.0    0 12.0 18  50   M    M  10        23  40
29  66  39  53   2  12   0 0.00  0.0    0  9.5 20 220   M    M   4 1      26 220
30  63  42  53   2  12   0 0.08  0.0    0 12.6 23 260   M    M   9 1      29 270
================================================================================
SM 2113 1305       255  25  0.72    T    283.0          M       87
================================================================================
AV 70.4 43.5                               9.4 FASTST   M    M   3    MAX(MPH)
                                 MISC ---->  # 32 260               # 38  260
================================================================================
NOTES:
# LAST OF SEVERAL OCCURRENCES

COLUMN 17 PEAK WIND IN M.P.H.

PRELIMINARY LOCAL CLIMATOLOGICAL DATA (WS FORM: F-6) , PAGE 2

                                          STATION:  GREAT FALLS MT
                                          MONTH:    SEPTEMBER
                                          YEAR:     2014
                                          LATITUDE:   47 28 N
                                          LONGITUDE: 111 22 W

[TEMPERATURE DATA]      [PRECIPITATION DATA]       SYMBOLS USED IN COLUMN 16

AVERAGE MONTHLY: 57.0   TOTAL FOR MONTH:   0.72    1 = FOG OR MIST
DPTR FM NORMAL:   0.9   DPTR FM NORMAL:   -0.70    2 = FOG REDUCING VISIBILITY
HIGHEST:    91 ON 25    GRTST 24HR  0.34 ON 27-27      TO 1/4 MILE OR LESS
LOWEST:     32 ON 14,11                            3 = THUNDER
                        SNOW, ICE PELLETS, HAIL    4 = ICE PELLETS
                        TOTAL MONTH:    T          5 = HAIL
                        GRTST 24HR    T  ON 11-11  6 = FREEZING RAIN OR DRIZZLE
                        GRTST DEPTH:   0           7 = DUSTSTORM OR SANDSTORM:
                                                       VSBY 1/2 MILE OR LESS
                                                   8 = SMOKE OR HAZE
[NO. OF DAYS WITH]      [WEATHER - DAYS WITH]      9 = BLOWING SNOW
                                                   X = TORNADO
MAX 32 OR BELOW:   0    0.01 INCH OR MORE:   7
MAX 90 OR ABOVE:   1    0.10 INCH OR MORE:   2
MIN 32 OR BELOW:   2    0.50 INCH OR MORE:   0
MIN  0 OR BELOW:   0    1.00 INCH OR MORE:   0

[HDD (BASE 65) ]
TOTAL THIS MO.   255    CLEAR  (SCALE 0-3)  19
DPTR FM NORMAL   -31    PTCLDY (SCALE 4-7)   6
TOTAL FM JUL 1   325    CLOUDY (SCALE 8-10)  5
DPTR FM NORMAL   -82

[CDD (BASE 65) ]
TOTAL THIS MO.    25
DPTR FM NORMAL     4    [PRESSURE DATA]
TOTAL FM JAN 1   349    HIGHEST SLP 30.64 ON 11
DPTR FM NORMAL    52    LOWEST  SLP 29.57 ON  3

[REMARKS]
#FINAL-09-14#
