000
CXGM50 PGUM 010005
CF6GUM
PRELIMINARY LOCAL CLIMATOLOGICAL DATA (WS FORM: F-6)

                                          STATION:   GUAM INTERNATIONAL AIRPORT
                                          MONTH:     JULY
                                          YEAR:      2014
                                          LATITUDE:   13 29 N
                                          LONGITUDE: 144-48 E

  TEMPERATURE IN F:       :PCPN:    SNOW:  WIND      :SUNSHINE: SKY     :PK WND
================================================================================
1   2   3   4   5  6A  6B    7    8   9   10  11  12  13   14  15   16   17  18
                                     12Z  AVG MX 2MIN
DY MAX MIN AVG DEP HDD CDD  WTR  SNW DPTH SPD SPD DIR MIN PSBL S-S WX    SPD DR
================================================================================

 1  89  80  85   3   0  20 0.16  0.0    0  5.8 14 110   M    M   4 1      20 130
 2  90  79  85   3   0  20 0.15  0.0    0  6.8 20  10   M    M   3 138    23  10
 3  90  81  86   4   0  21 0.15  0.0    0 15.7 31  80   M    M   4 18     43  70
 4  86  78  82   0   0  17 0.28  0.0    0 17.5 30  90   M    M   8 18     45 160
 5  87  76  82   0   0  17 0.85  0.0    0  6.4 17 220   M    M   5 13     24 210
 6  92  77  85   3   0  20 0.24  0.0    0  4.5 21 110   M    M   3 13     31 110
 7  89  80  85   3   0  20 0.20  0.0    0  9.6 22  80   M    M   3 18     26 120
 8  87  80  84   2   0  19 0.38  0.0    0  8.2 28  80   M    M   5 1      35  80
 9  90  78  84   2   0  19 0.18  0.0    0  5.1 13  80   M    M   2 1      17  80
10  90  78  84   2   0  19 0.03  0.0    0  3.8 13  90   M    M   2        16  90
11  87  77  82   0   0  17 1.03  0.0    0  2.0 13 340   M    M   5 1      15 350
12  84  74  79  -3   0  14 1.36  0.0    0  6.4 14 300   M    M   6 1      18 230
13  87  75  81  -1   0  16 0.05  0.0    0  4.1 12 150   M    M   3 18     15 160
14  88  79  84   2   0  19 0.22  0.0    0  7.9 16 110   M    M   3 1      23 110
15  90  77  84   2   0  19 0.16  0.0    0  9.4 22  80   M    M   3 13     26  70
16  90  77  84   2   0  19 0.17  0.0    0  6.3 22  80   M    M   5 138    26  70
17  86  77  82   0   0  17 0.16  0.0    0  6.7 25  60   M    M   4 1      30  60
18  84  79  82   0   0  17 0.28  0.0    0  5.8 13 110   M    M   5 1      16 110
19  87  78  83   1   0  18 0.18  0.0    0  4.7 18  90   M    M   3 1      26 110
20  90  76  83   1   0  18 0.26  0.0    0  5.7 14  90   M    M   4 1      17  80
21  86  75  81  -1   0  16 4.88  0.0    0 11.8 24 100   M    M   6 18     32 100
22  88  77  83   1   0  18 0.21  0.0    0  9.0 15  80   M    M   4 1      20  80
23  89  79  84   2   0  19 0.33  0.0    0  6.8 21  40   M    M   3 13     25  20
24  89  76  83   1   0  18 0.23  0.0    0  6.8 16  80   M    M   5 3      20  80
25  88  76  82   0   0  17 0.75  0.0    0  6.5 15 150   M    M   7 1      23 100
26  83  75  79  -3   0  14 0.80  0.0    0  4.9 18 170   M    M   6 1      29 180
27  82  75  79  -3   0  14 1.17  0.0    0  4.2 18 220   M    M   7 1      24 300
28  84  75  80  -2   0  15 0.75  0.0    0  8.3 24 360   M    M   7 1      32 340
29  83  74  79  -3   0  14 1.43  0.0    0 17.3 32 290   M    M   9 1      41 310
30  79  75  77  -5   0  1210.44  0.0    0 22.5 44 270   M    M   9 12     53 270
31  80  74  77  -5   0  12 1.91  0.0    0  4.6 14 230   M    M   8 1      21 230
================================================================================
SM 2694 2387         0 535 29.39     0.0 245.1          M      151
================================================================================
AV 86.9 77.0                               7.9 FASTST   M    M   5    MAX(MPH)
                                 MISC ---->  # 44 270               # 53  270
================================================================================
NOTES:
# LAST OF SEVERAL OCCURRENCES

COLUMN 17 PEAK WIND IN M.P.H.

PRELIMINARY LOCAL CLIMATOLOGICAL DATA (WS FORM: F-6) , PAGE 2

                                          STATION:  GUAM INTERNATIONAL AIRPORT
                                          MONTH:    JULY
                                          YEAR:     2014
                                          LATITUDE:   13 29 N
                                          LONGITUDE: 144-48 E

[TEMPERATURE DATA]      [PRECIPITATION DATA]       SYMBOLS USED IN COLUMN 16

AVERAGE MONTHLY: 82.0   TOTAL FOR MONTH:  29.39    1 = FOG OR MIST
DPTR FM NORMAL:   0.1   DPTR FM NORMAL:   17.25    2 = FOG REDUCING VISIBILITY
HIGHEST:    92 ON  6    GRTST 24HR 11.66 ON 29-30      TO 1/4 MILE OR LESS
LOWEST:     74 ON 31,29                            3 = THUNDER
                        SNOW, ICE PELLETS, HAIL    4 = ICE PELLETS
                        TOTAL MONTH:   0.0 INCH    5 = HAIL
                        GRTST 24HR     0.0         6 = FREEZING RAIN OR DRIZZLE
                        GRTST DEPTH:   0           7 = DUSTSTORM OR SANDSTORM:
                                                       VSBY 1/2 MILE OR LESS
                                                   8 = SMOKE OR HAZE
[NO. OF DAYS WITH]      [WEATHER - DAYS WITH]      9 = BLOWING SNOW
                                                   X = TORNADO
MAX 32 OR BELOW:   0    0.01 INCH OR MORE:  31
MAX 90 OR ABOVE:   8    0.10 INCH OR MORE:  29
MIN 32 OR BELOW:   0    0.50 INCH OR MORE:  11
MIN  0 OR BELOW:   0    1.00 INCH OR MORE:   7

[HDD (BASE 65) ]
TOTAL THIS MO.     0    CLEAR  (SCALE 0-3)   8
DPTR FM NORMAL     0    PTCLDY (SCALE 4-7)  19
TOTAL FM JUL 1     0    CLOUDY (SCALE 8-10)  4
DPTR FM NORMAL     0

[CDD (BASE 65) ]
TOTAL THIS MO.   535
DPTR FM NORMAL    13    [PRESSURE DATA]
TOTAL FM JAN 1  3759    HIGHEST SLP M ON M
DPTR FM NORMAL   280    LOWEST  SLP 29.57 ON 31

[REMARKS]
#FINAL-07-14#
