000
CXUS55 KBOU 261343
CF6GXY
PRELIMINARY LOCAL CLIMATOLOGICAL DATA (WS FORM: F-6)

                                          STATION:   GREELEY  CO
                                          MONTH:     MARCH
                                          YEAR:      2015
                                          LATITUDE:   40 25 N
                                          LONGITUDE: 104 38 W

  TEMPERATURE IN F:       :PCPN:    SNOW:  WIND      :SUNSHINE: SKY     :PK WND
================================================================================
1   2   3   4   5  6A  6B    7    8   9   10  11  12  13   14  15   16   17  18
                                     12Z  AVG MX 2MIN
DY MAX MIN AVG DEP HDD CDD  WTR  SNW DPTH SPD SPD DIR MIN PSBL S-S WX    SPD DR
================================================================================

 1  28  14  21   M  44   0    M    M    M  2.9  6 140   M    M   4         M  M
 2  41  19  30   M  35   0    M    M    M  4.4  8  70   M    M   1         M  M
 3  28  16  22   M  43   0    M    M    M  9.6 18  20   M    M   5        28  20
 4  25   3  14   M  51   0    M    M    M  5.1 10 220   M    M   2         M  M
 5  43   3  23   M  42   0    M    M    M  2.3  9 290   M    M   0         M  M
 6  57  18  38   M  27   0    M    M    M  2.9  8 310   M    M   0         M  M
 7  61  23  42   M  23   0    M    M    M  5.1 12 150   M    M   0         M  M
 8  55  28  42   M  23   0    M    M    M  5.7 10 170   M    M   0        16 170
 9  63  21  42   M  23   0    M    M    M  4.2 12  20   M    M   0         M  M
10  64  21  43   M  22   0    M    M    M  3.1  7  30   M    M   0         M  M
11  68  19  44   M  21   0    M    M    M  4.3 12 180   M    M   0        16 170
12  68  30  49   M  16   0    M    M    M  7.0 23  20   M    M   1        32  20
13  63  34  49   M  16   0    M    M    M  6.8 13 350   M    M   2        18  10
14  70  23  47   M  18   0    M    M    M  4.6 10 190   M    M   0         M  M
15  82  32  57   M   8   0    M    M    M  4.9 16 160   M    M   0        21 160
16  82  34  58   M   7   0    M    M    M 12.4 28  50   M    M   0        37 350
17  64  36  50   M  15   0    M    M    M 13.9 20  50   M    M   4        25  50
18  70  30  50   M  15   0    M    M    M  5.5 15 350   M    M   2        24 350
19  54  28  41   M  24   0    M    M    M  5.1  8 270   M    M   5         M  M
20  70  21  46   M  19   0    M    M    M  3.5  9 200   M    M   0         M  M
21  73  25  49   M  16   0    M    M    M  4.5 10 180   M    M   0        17 190
22  72  28  50   M  15   0    M    M    M  7.9 17 320   M    M   0        27 320
23  72  39  56   M   9   0    M    M    M 10.6 24 320   M    M   0        33 360
24  64  37  51   M  14   0    M    M    M 13.9 28 320   M    M   1        33 320
25  50  30  40   M  25   0    M    M    M  9.7 22 350   M    M   5        28  10
================================================================================
SM 1487  612       571   0    M     M    159.9          M       32
================================================================================
AV 59.5 24.5                               6.4 FASTST   M    M   1    MAX(MPH)
                                 MISC ---->    28   M                 37    M
================================================================================
NOTES:
# LAST OF SEVERAL OCCURRENCES

COLUMN 17 PEAK WIND IN M.P.H.

PRELIMINARY LOCAL CLIMATOLOGICAL DATA (WS FORM: F-6) , PAGE 2

                                          STATION:  GREELEY  CO
                                          MONTH:    MARCH
                                          YEAR:     2015
                                          LATITUDE:   40 25 N
                                          LONGITUDE: 104 38 W

[TEMPERATURE DATA]      [PRECIPITATION DATA]       SYMBOLS USED IN COLUMN 16

AVERAGE MONTHLY: 42.0   TOTAL FOR MONTH:      M    1 = FOG OR MIST
DPTR FM NORMAL:     M   DPTR FM NORMAL:       M    2 = FOG REDUCING VISIBILITY
HIGHEST:    82 ON 16,15 GRTST 24HR    M  ON   M        TO 1/4 MILE OR LESS
LOWEST:      3 ON  5, 4                            3 = THUNDER
                        SNOW, ICE PELLETS, HAIL    4 = ICE PELLETS
                        TOTAL MONTH:    M          5 = HAIL
                        GRTST 24HR    M  ON   M    6 = FREEZING RAIN OR DRIZZLE
                        GRTST DEPTH:  M  ON   M    7 = DUSTSTORM OR SANDSTORM:
                                                       VSBY 1/2 MILE OR LESS
                                                   8 = SMOKE OR HAZE
[NO. OF DAYS WITH]      [WEATHER - DAYS WITH]      9 = BLOWING SNOW
                                                   X = TORNADO
MAX 32 OR BELOW:   3    0.01 INCH OR MORE:   0
MAX 90 OR ABOVE:   0    0.10 INCH OR MORE:   0
MIN 32 OR BELOW:  20    0.50 INCH OR MORE:   0
MIN  0 OR BELOW:   0    1.00 INCH OR MORE:   0

[HDD (BASE 65) ]
TOTAL THIS MO.   571    CLEAR  (SCALE 0-3)  20
DPTR FM NORMAL     M    PTCLDY (SCALE 4-7)   5
TOTAL FM JUL 1  5171    CLOUDY (SCALE 8-10)  0
DPTR FM NORMAL     M

[CDD (BASE 65) ]
TOTAL THIS MO.     0
DPTR FM NORMAL     M    [PRESSURE DATA]
TOTAL FM JAN 1     0    HIGHEST SLP M ON M
DPTR FM NORMAL     M    LOWEST  SLP M ON M

[REMARKS]
