000
CXUS55 KBOU 270757
CF6GXY
PRELIMINARY LOCAL CLIMATOLOGICAL DATA (WS FORM: F-6)

                                          STATION:   GREELEY  CO
                                          MONTH:     AUGUST
                                          YEAR:      2016
                                          LATITUDE:   40 25 N
                                          LONGITUDE: 104 38 W

  TEMPERATURE IN F:       :PCPN:    SNOW:  WIND      :SUNSHINE: SKY     :PK WND
================================================================================
1   2   3   4   5  6A  6B    7    8   9   10  11  12  13   14  15   16   17  18
                                     12Z  AVG MX 2MIN
DY MAX MIN AVG DEP HDD CDD  WTR  SNW DPTH SPD SPD DIR MIN PSBL S-S WX    SPD DR
================================================================================

 1  97  57  77   M   0  12    M    M    M  5.1 13  10   M    M   0        17  10
 2  91  59  75   M   0  10    M    M    M  7.9 17 110   M    M   1 3      25 200
 3  97  57  77   M   0  12    M    M    M  5.8 12 310   M    M   1        21 310
 4  73  61  67   M   0   2    M    M    M  7.5 17  20   M    M   4        24  20
 5  77  61  69   M   0   4    M    M    M  8.5 15 120   M    M   8        20 130
 6  79  63  71   M   0   6    M    M    M  6.6 13 140   M    M   5         M  M
 7  90  63  77   M   0  12    M    M    M  6.5 13 140   M    M   3        18 140
 8  93  61  77   M   0  12    M    M    M  7.1 13 160   M    M   0        21  50
 9  99  55  77   M   0  12    M    M    M  4.6 12 150   M    M   1 3      16 140
10  93  57  75   M   0  10    M    M    M  4.2 20 320   M    M   1        27 320
11  90  57  74   M   0   9    M    M    M  5.8 21  10   M    M   2        27  10
12  84  52  68   M   0   3    M    M    M  3.6  9 110   M    M   0         M  M
13  88  48  68   M   0   3    M    M    M  4.9  9  70   M    M   0 3      16  80
14  91  57  74   M   0   9    M    M    M  6.7 14 160   M    M   0        17 130
15  91  48  70   M   0   5    M    M    M  6.2 15  50   M    M   1 3       M  M
16  90  52  71   M   0   6    M    M    M  5.5 12 130   M    M   0        16 110
17  91  52  72   M   0   7    M    M    M  5.4 13 130   M    M   0         M  M
18  90  52  71   M   0   6    M    M    M 10.4 30 320   M    M   1        40 320
19  79  54  67   M   0   2    M    M    M  6.1 20  10   M    M   7 3      80 340
20  75  46  61   M   4   0    M    M    M  3.9  7 220   M    M   1         M  M
21  90  46  68   M   0   3    M    M    M  4.3 13 130   M    M   0        16 130
22  90  52  71   M   0   6    M    M    M  5.8 14 340   M    M   0         M  M
23  88  48  68   M   0   3    M    M    M  6.0 17 260   M    M   0        25 230
24  75  54  65   M   0   0    M    M    M  4.8 16 200   M    M   4        20 200
25  75  45  60   M   5   0    M    M    M  6.0 15 140   M    M   1        21 140
26  79  50  65   M   0   0    M    M    M  5.4 21  70   M    M   2 3      30  70
================================================================================
SM 2255 1407         9 154    M     M    154.6          M       43
================================================================================
AV 86.7 54.1                               5.9 FASTST   M    M   2    MAX(MPH)
                                 MISC ---->    30   M               # 80  340
================================================================================
NOTES:
# LAST OF SEVERAL OCCURRENCES

COLUMN 17 PEAK WIND IN M.P.H.

PRELIMINARY LOCAL CLIMATOLOGICAL DATA (WS FORM: F-6) , PAGE 2

                                          STATION:  GREELEY  CO
                                          MONTH:    AUGUST
                                          YEAR:     2016
                                          LATITUDE:   40 25 N
                                          LONGITUDE: 104 38 W

[TEMPERATURE DATA]      [PRECIPITATION DATA]       SYMBOLS USED IN COLUMN 16

AVERAGE MONTHLY: 70.4   TOTAL FOR MONTH:      M    1 = FOG OR MIST
DPTR FM NORMAL:     M   DPTR FM NORMAL:       M    2 = FOG REDUCING VISIBILITY
HIGHEST:    99 ON  9    GRTST 24HR    M  ON   M        TO 1/4 MILE OR LESS
LOWEST:     45 ON 25                               3 = THUNDER
                        SNOW, ICE PELLETS, HAIL    4 = ICE PELLETS
                        TOTAL MONTH:    M          5 = HAIL
                        GRTST 24HR    M  ON   M    6 = FREEZING RAIN OR DRIZZLE
                        GRTST DEPTH:  M  ON   M    7 = DUSTSTORM OR SANDSTORM:
                                                       VSBY 1/2 MILE OR LESS
                                                   8 = SMOKE OR HAZE
[NO. OF DAYS WITH]      [WEATHER - DAYS WITH]      9 = BLOWING SNOW
                                                   X = TORNADO
MAX 32 OR BELOW:   0    0.01 INCH OR MORE:   0
MAX 90 OR ABOVE:  15    0.10 INCH OR MORE:   0
MIN 32 OR BELOW:   0    0.50 INCH OR MORE:   0
MIN  0 OR BELOW:   0    1.00 INCH OR MORE:   0

[HDD (BASE 65) ]
TOTAL THIS MO.     9    CLEAR  (SCALE 0-3)  20
DPTR FM NORMAL     M    PTCLDY (SCALE 4-7)   6
TOTAL FM JUL 1     9    CLOUDY (SCALE 8-10)  0
DPTR FM NORMAL     M

[CDD (BASE 65) ]
TOTAL THIS MO.   154
DPTR FM NORMAL     M    [PRESSURE DATA]
TOTAL FM JAN 1   692    HIGHEST SLP M ON M
DPTR FM NORMAL     M    LOWEST  SLP M ON M

[REMARKS]
