046
CXUS54 KEWX 180910
CF6GYB
PRELIMINARY LOCAL CLIMATOLOGICAL DATA (WS FORM: F-6)

                                          STATION:   Giddings-Lee County Airport
                                          MONTH:     FEBRUARY
                                          YEAR:      2018
                                          LATITUDE:   30 10 N
                                          LONGITUDE:  96 59 W

  TEMPERATURE IN F:       :PCPN:    SNOW:  WIND      :SUNSHINE: SKY     :PK WND
================================================================================
1   2   3   4   5  6A  6B    7    8   9   10  11  12  13   14  15   16   17  18
                                     12Z  AVG MX 2MIN
DY MAX MIN AVG DEP HDD CDD  WTR  SNW DPTH SPD SPD DIR MIN PSBL S-S WX    SPD DR
================================================================================

 1  72  53  63   M   2   0 0.00    M    M  8.4 13 200   M    M   0        22 200
 2  59  44  52   M  13   0 0.00    M    M  8.3 13  20   M    M   6        18  20
 3  55  43  49   M  16   0 0.03    M    M  3.3  7 200   M    M   9 1       M  M
 4  68  43  56   M   9   0 0.00    M    M  4.1 10  40   M    M   7 12      M  M
 5  54  37  46   M  19   0 0.00    M    M  5.0 13  20   M    M  10        23  20
 6  54  37  46   M  19   0 0.04    M    M  5.7 10 350   M    M  10 18     17 360
 7  44  34  39   M  26   0 0.01    M    M  9.9 13 360   M    M   8 1      24  10
 8  59  32  46   M  19   0 0.00    M    M  4.0  9  10   M    M   5 1       M  M
 9  59  49  54   M  11   0 0.00    M    M  3.1  7 200   M    M  10 1       M  M
10  57  36  47   M  18   0 0.01    M    M  5.0 12 350   M    M  10 1      20 350
11  36  31  34   M  31   0 0.00    M    M 10.8 16 340   M    M   8 1      25 360
12  40  29  35   M  30   0 0.00    M    M  5.8  9  30   M    M   6 1       M  M
13  43  37  40   M  25   0 0.02    M    M  3.1  6  20   M    M  10 1       M  M
14  57  40  49   M  16   0 0.03    M    M  2.9 10 190   M    M  10 12      M  M
15  75  56  66   M   0   1 0.00    M    M  8.7 14 210   M    M   9 1      22 200
16  75  57  66   M   0   1 0.00    M    M  6.4 13 200   M    M   9 1      17 200
17  60  49  55   M  10   0 0.00    M    M  5.3 10  10   M    M  10 18      M  M
================================================================================
SM  967  707       264   2  0.14    M     99.8          M      137
================================================================================
AV 56.9 41.6                               5.9 FASTST   M    M   8    MAX(MPH)
                                 MISC ---->  # 16 340               # 25  360
================================================================================
NOTES:
# LAST OF SEVERAL OCCURRENCES

COLUMN 17 PEAK WIND IN M.P.H.

PRELIMINARY LOCAL CLIMATOLOGICAL DATA (WS FORM: F-6) , PAGE 2

                                          STATION:  Giddings-Lee County Airport
                                          MONTH:    FEBRUARY
                                          YEAR:     2018
                                          LATITUDE:   30 10 N
                                          LONGITUDE:  96 59 W

[TEMPERATURE DATA]      [PRECIPITATION DATA]       SYMBOLS USED IN COLUMN 16

AVERAGE MONTHLY: 49.2   TOTAL FOR MONTH:   0.14    1 = FOG OR MIST
DPTR FM NORMAL:     M   DPTR FM NORMAL:       M    2 = FOG REDUCING VISIBILITY
HIGHEST:    75 ON 16,15 GRTST 24HR  0.04 ON  6- 6      TO 1/4 MILE OR LESS
LOWEST:     29 ON 12                               3 = THUNDER
                        SNOW, ICE PELLETS, HAIL    4 = ICE PELLETS
                        TOTAL MONTH:    M          5 = HAIL
                        GRTST 24HR    M  ON   M    6 = FREEZING RAIN OR DRIZZLE
                        GRTST DEPTH:  M  ON   M    7 = DUSTSTORM OR SANDSTORM:
                                                       VSBY 1/2 MILE OR LESS
                                                   8 = SMOKE OR HAZE
[NO. OF DAYS WITH]      [WEATHER - DAYS WITH]      9 = BLOWING SNOW
                                                   X = TORNADO
MAX 32 OR BELOW:   0    0.01 INCH OR MORE:   6
MAX 90 OR ABOVE:   0    0.10 INCH OR MORE:   0
MIN 32 OR BELOW:   3    0.50 INCH OR MORE:   0
MIN  0 OR BELOW:   0    1.00 INCH OR MORE:   0

[HDD (BASE 65) ]
TOTAL THIS MO.   264    CLEAR  (SCALE 0-3)   1
DPTR FM NORMAL     M    PTCLDY (SCALE 4-7)   5
TOTAL FM JUL 1  1426    CLOUDY (SCALE 8-10) 11
DPTR FM NORMAL     M

[CDD (BASE 65) ]
TOTAL THIS MO.     2
DPTR FM NORMAL     M    [PRESSURE DATA]
TOTAL FM JAN 1     2    HIGHEST SLP M ON M
DPTR FM NORMAL     M    LOWEST  SLP M ON M

[REMARKS]
