000
CXUS54 KOUN 200700
CF6HBR
PRELIMINARY LOCAL CLIMATOLOGICAL DATA (WS FORM: F-6)

                                          STATION:   HOBART
                                          MONTH:     JANUARY
                                          YEAR:      2018
                                          LATITUDE:   35  0 N
                                          LONGITUDE:  99  3 W

  TEMPERATURE IN F:       :PCPN:    SNOW:  WIND      :SUNSHINE: SKY     :PK WND
================================================================================
1   2   3   4   5  6A  6B    7    8   9   10  11  12  13   14  15   16   17  18
                                     12Z  AVG MX 2MIN
DY MAX MIN AVG DEP HDD CDD  WTR  SNW DPTH SPD SPD DIR MIN PSBL S-S WX    SPD DR
================================================================================

 1  23   6  15 -22  50   0 0.00  0.0    0 10.2 18  60   M    M   0        21  30
 2  25   8  17 -20  48   0 0.00  0.0    0  7.3 13  90   M    M   5        14  90
 3  52   7  30  -7  35   0 0.00  0.0    0  8.7 18 350   M    M   0        24 350
 4  47  18  33  -4  32   0 0.00  0.0    0  9.1 20 190   M    M   0        22 180
 5  57  17  37   0  28   0 0.00  0.0    0  5.6 12  50   M    M   0        14 210
 6  58  25  42   5  23   0 0.00  0.0    0 11.9 25 180   M    M   0        33 180
 7  60  36  48  11  17   0    T  0.0    0 18.6 32 190   M    M   5 8      39 190
 8  61  29  45   8  20   0 0.00  0.0    0  6.9 13 330   M    M   0        15  30
 9  69  33  51  14  14   0 0.00  0.0    0 18.0 29 190   M    M   0        33 190
10  64  43  54  16  11   0 0.01  0.0    0 24.8 37 180   M    M   0        44 170
11  52  23  38   0  27   0 0.00  0.0    0 23.8 43 360   M    M   3 8      53 360
12  39  14  27 -11  38   0 0.00  0.0    0 10.7 16  50   M    M   1        20  30
13  39  22  31  -7  34   0 0.00  0.0    0  8.4 18  30   M    M   5        21  30
14  53  24  39   1  26   0 0.00  0.0    0 10.2 16 180   M    M   0        20 180
15  41  17  29  -9  36   0 0.00  0.0    0 19.4 39  40   M    M   5        45  50
16  27   6  17 -21  48   0 0.00  0.0    0 12.6 30  10   M    M   0        35  10
17  38   2  20 -18  45   0 0.00  0.0    0 11.1 18 180   M    M   0        23 170
18  53  17  35  -3  30   0 0.00  0.0    0 14.1 24 200   M    M   0        29 210
19  64  24  44   6  21   0 0.00  0.0    0 18.2 29 190   M    M   0        35 190
================================================================================
SM  922  371       583   0  0.01     0.0 249.6          M       24
================================================================================
AV 48.5 19.5                              13.1 FASTST   M    M   1    MAX(MPH)
                                 MISC ---->  # 43 360               # 53  360
================================================================================
NOTES:
# LAST OF SEVERAL OCCURRENCES

COLUMN 17 PEAK WIND IN M.P.H.

PRELIMINARY LOCAL CLIMATOLOGICAL DATA (WS FORM: F-6) , PAGE 2

                                          STATION:  HOBART
                                          MONTH:    JANUARY
                                          YEAR:     2018
                                          LATITUDE:   35  0 N
                                          LONGITUDE:  99  3 W

[TEMPERATURE DATA]      [PRECIPITATION DATA]       SYMBOLS USED IN COLUMN 16

AVERAGE MONTHLY: 34.0   TOTAL FOR MONTH:   0.01    1 = FOG OR MIST
DPTR FM NORMAL:  -3.5   DPTR FM NORMAL:   -0.48    2 = FOG REDUCING VISIBILITY
HIGHEST:    69 ON  9    GRTST 24HR  0.01 ON 10-10      TO 1/4 MILE OR LESS
LOWEST:      2 ON 17                               3 = THUNDER
                        SNOW, ICE PELLETS, HAIL    4 = ICE PELLETS
                        TOTAL MONTH:   0.0 INCH    5 = HAIL
                        GRTST 24HR     0.0         6 = FREEZING RAIN OR DRIZZLE
                        GRTST DEPTH:   0           7 = DUSTSTORM OR SANDSTORM:
                                                       VSBY 1/2 MILE OR LESS
                                                   8 = SMOKE OR HAZE
[NO. OF DAYS WITH]      [WEATHER - DAYS WITH]      9 = BLOWING SNOW
                                                   X = TORNADO
MAX 32 OR BELOW:   3    0.01 INCH OR MORE:   1
MAX 90 OR ABOVE:   0    0.10 INCH OR MORE:   0
MIN 32 OR BELOW:  16    0.50 INCH OR MORE:   0
MIN  0 OR BELOW:   0    1.00 INCH OR MORE:   0

[HDD (BASE 65) ]
TOTAL THIS MO.   583    CLEAR  (SCALE 0-3)  15
DPTR FM NORMAL    60    PTCLDY (SCALE 4-7)   4
TOTAL FM JUL 1  1817    CLOUDY (SCALE 8-10)  0
DPTR FM NORMAL  -175

[CDD (BASE 65) ]
TOTAL THIS MO.     0
DPTR FM NORMAL     0    [PRESSURE DATA]
TOTAL FM JAN 1     0    HIGHEST SLP M ON M
DPTR FM NORMAL     0    LOWEST  SLP 29.53 ON M

[REMARKS]
