000
CXUS54 KEWX 180910
CF6HDO
PRELIMINARY LOCAL CLIMATOLOGICAL DATA (WS FORM: F-6)

                                          STATION:   HONDO
                                          MONTH:     JANUARY
                                          YEAR:      2017
                                          LATITUDE:   29 21 N
                                          LONGITUDE:  99 10 W

  TEMPERATURE IN F:       :PCPN:    SNOW:  WIND      :SUNSHINE: SKY     :PK WND
================================================================================
1   2   3   4   5  6A  6B    7    8   9   10  11  12  13   14  15   16   17  18
                                     12Z  AVG MX 2MIN
DY MAX MIN AVG DEP HDD CDD  WTR  SNW DPTH SPD SPD DIR MIN PSBL S-S WX    SPD DR
================================================================================

 1  79  50  65  14   0   0 0.00    M    M  6.3 13 160   M    M   0        17 170
 2  79  46  63  13   2   0    T    M    M  8.0 24 320   M    M   2 18     29 320
 3  83  42  63  13   2   0 0.00    M    M  8.2 17  30   M    M   0 8      27 330
 4  54  42  48  -2  17   0 0.00    M    M  7.6 17  40   M    M   5 8      23  40
 5  70  40  55   4  10   0    T    M    M  8.8 28  30   M    M   7 8      36  30
 6  40  25  33 -18  32   0    T    M    M 15.5 28  20   M    M   8        34  20
 7  48  17  33 -18  32   0 0.00    M    M  5.2 16  20   M    M   0        19  30
 8  55  17  36 -15  29   0 0.00    M    M  6.4 17 190   M    M   2 8      23 190
 9  73  43  58   7   7   0 0.00    M    M  5.0 18 180   M    M   5 8      22 160
10  80  44  62  11   3   0 0.00    M    M  5.7 13 160   M    M   1 12     19 220
11  85  48  67  16   0   2    T    M    M 10.0 24 170   M    M   0 1      29 170
12  81  60  71  20   0   6 0.00    M    M 11.6 22 130   M    M   9        30 350
13  82  69  76  25   0  11    M    M    M 13.7 23 160   M    M   8 1      28 170
14  82  64  73  22   0   8    M    M    M 13.8 24 140   M    M   9        29 130
15   M   M   M   M   M   M 0.03    M    M 14.8 25 150   M    M   8 13     35 160
16   M  54   M   M   M   M 0.19    M    M  7.9 26 150   M    M   7 13     34 170
17  65  52  59   8   6   0 0.09    M    M 11.5 23  80   M    M  10 18     29  80
================================================================================
SM 1056  713       140  27  0.31    M    160.0          M       81
================================================================================
AV 70.4 44.6                               9.4 FASTST   M    M   5    MAX(MPH)
                                 MISC ---->  # 28  30               # 36   30
================================================================================
NOTES:
# LAST OF SEVERAL OCCURRENCES

COLUMN 17 PEAK WIND IN M.P.H.

PRELIMINARY LOCAL CLIMATOLOGICAL DATA (WS FORM: F-6) , PAGE 2

                                          STATION:  HONDO
                                          MONTH:    JANUARY
                                          YEAR:     2017
                                          LATITUDE:   29 21 N
                                          LONGITUDE:  99 10 W

[TEMPERATURE DATA]      [PRECIPITATION DATA]       SYMBOLS USED IN COLUMN 16

AVERAGE MONTHLY: 57.5   TOTAL FOR MONTH:   0.31    1 = FOG OR MIST
DPTR FM NORMAL:   6.7   DPTR FM NORMAL:   -0.38    2 = FOG REDUCING VISIBILITY
HIGHEST:    85 ON 11    GRTST 24HR  0.19 ON 16-16      TO 1/4 MILE OR LESS
LOWEST:     17 ON  8, 7                            3 = THUNDER
                        SNOW, ICE PELLETS, HAIL    4 = ICE PELLETS
                        TOTAL MONTH:    M          5 = HAIL
                        GRTST 24HR    M  ON   M    6 = FREEZING RAIN OR DRIZZLE
                        GRTST DEPTH:  M  ON   M    7 = DUSTSTORM OR SANDSTORM:
                                                       VSBY 1/2 MILE OR LESS
                                                   8 = SMOKE OR HAZE
[NO. OF DAYS WITH]      [WEATHER - DAYS WITH]      9 = BLOWING SNOW
                                                   X = TORNADO
MAX 32 OR BELOW:   0    0.01 INCH OR MORE:   3
MAX 90 OR ABOVE:   0    0.10 INCH OR MORE:   1
MIN 32 OR BELOW:   3    0.50 INCH OR MORE:   0
MIN  0 OR BELOW:   0    1.00 INCH OR MORE:   0

[HDD (BASE 65) ]
TOTAL THIS MO.   140    CLEAR  (SCALE 0-3)   7
DPTR FM NORMAL  -108    PTCLDY (SCALE 4-7)   5
TOTAL FM JUL 1   485    CLOUDY (SCALE 8-10)  5
DPTR FM NORMAL  -406

[CDD (BASE 65) ]
TOTAL THIS MO.    27
DPTR FM NORMAL    27    [PRESSURE DATA]
TOTAL FM JAN 1    27    HIGHEST SLP M ON M
DPTR FM NORMAL    27    LOWEST  SLP 29.70 ON  2

[REMARKS]
