000
CXUS54 KEWX 201343
CF6HDO
PRELIMINARY LOCAL CLIMATOLOGICAL DATA (WS FORM: F-6)

                                          STATION:   HONDO
                                          MONTH:     FEBRUARY
                                          YEAR:      2017
                                          LATITUDE:   29 21 N
                                          LONGITUDE:  99 10 W

  TEMPERATURE IN F:       :PCPN:    SNOW:  WIND      :SUNSHINE: SKY     :PK WND
================================================================================
1   2   3   4   5  6A  6B    7    8   9   10  11  12  13   14  15   16   17  18
                                     12Z  AVG MX 2MIN
DY MAX MIN AVG DEP HDD CDD  WTR  SNW DPTH SPD SPD DIR MIN PSBL S-S WX    SPD DR
================================================================================

 1  85  40  63  11   2   0 0.00    M    M  6.2 20 250   M    M   0        24 250
 2  64  48  56   3   9   0 0.00    M    M 11.5 20  20   M    M   7        33 350
 3  56  50  53   0  12   0    T    M    M 11.1 18  10   M    M  10        26 340
 4  54  48  51  -2  14   0    T    M    M  5.3 12  60   M    M  10 12     14  50
 5  71  53  62   9   3   0    T    M    M  3.8 13 170   M    M  10 12     16 150
 6  78  58  68  15   0   3    T    M    M  8.3 17 210   M    M   7 1      27 250
 7  89  52  71  18   0   6 0.00    M    M  4.9 20 290   M    M   4 128    31 210
 8  91  46  69  15   0   4 0.00    M    M 10.8 25  30   M    M   0        33  30
 9  75  43  59   5   6   0 0.00    M    M  8.8 20  30   M    M   0 8      29 210
10  78  46  62   8   3   0 0.00    M    M  6.1 17 180   M    M   5 8      22 270
11  88  53  71  17   0   6 0.00    M    M  4.3 13 150   M    M   5 128    16 170
12  85  60  73  19   0   8    T    M    M 10.1 22 140   M    M   6 128    36 190
13  81  63  72  18   0   7 0.18    M    M 15.6 28 150   M    M   8 13     37 140
14  70  50  60   5   5   0 0.90    M    M 14.1 26 330   M    M   7 13     32 320
15  67  39  53  -2  12   0 0.00    M    M 10.1 24 350   M    M   1        31 350
16  69  37  53  -2  12   0 0.00    M    M  6.4 14 190   M    M   0        18 210
17  80  43  62   7   3   0 0.00    M    M  6.2 18 240   M    M   0 8      21 250
18  87  48  68  12   0   3 0.00    M    M  6.8 22 140   M    M   3 12     28 130
19   M   M   M   M   M   M    T    M    0 11.6 16 140   M    M   7 138    21 160
================================================================================
SM 1368  877        81  37  1.08    M    162.0          M       90
================================================================================
AV 76.0 48.7                               8.5 FASTST   M    M   5    MAX(MPH)
                                 MISC ---->  # 28 150               # 37  140
================================================================================
NOTES:
# LAST OF SEVERAL OCCURRENCES

COLUMN 17 PEAK WIND IN M.P.H.

PRELIMINARY LOCAL CLIMATOLOGICAL DATA (WS FORM: F-6) , PAGE 2

                                          STATION:  HONDO
                                          MONTH:    FEBRUARY
                                          YEAR:     2017
                                          LATITUDE:   29 21 N
                                          LONGITUDE:  99 10 W

[TEMPERATURE DATA]      [PRECIPITATION DATA]       SYMBOLS USED IN COLUMN 16

AVERAGE MONTHLY: 62.4   TOTAL FOR MONTH:   1.08    1 = FOG OR MIST
DPTR FM NORMAL:   8.4   DPTR FM NORMAL:    0.06    2 = FOG REDUCING VISIBILITY
HIGHEST:    91 ON  8    GRTST 24HR  1.08 ON 13-14      TO 1/4 MILE OR LESS
LOWEST:     37 ON 16                               3 = THUNDER
                        SNOW, ICE PELLETS, HAIL    4 = ICE PELLETS
                        TOTAL MONTH:    M          5 = HAIL
                        GRTST 24HR    M  ON   M    6 = FREEZING RAIN OR DRIZZLE
                        GRTST DEPTH:   0           7 = DUSTSTORM OR SANDSTORM:
                                                       VSBY 1/2 MILE OR LESS
                                                   8 = SMOKE OR HAZE
[NO. OF DAYS WITH]      [WEATHER - DAYS WITH]      9 = BLOWING SNOW
                                                   X = TORNADO
MAX 32 OR BELOW:   0    0.01 INCH OR MORE:   2
MAX 90 OR ABOVE:   1    0.10 INCH OR MORE:   2
MIN 32 OR BELOW:   0    0.50 INCH OR MORE:   1
MIN  0 OR BELOW:   0    1.00 INCH OR MORE:   0

[HDD (BASE 65) ]
TOTAL THIS MO.    81    CLEAR  (SCALE 0-3)   6
DPTR FM NORMAL  -137    PTCLDY (SCALE 4-7)   9
TOTAL FM JUL 1   670    CLOUDY (SCALE 8-10)  4
DPTR FM NORMAL  -627

[CDD (BASE 65) ]
TOTAL THIS MO.    37
DPTR FM NORMAL    36    [PRESSURE DATA]
TOTAL FM JAN 1    66    HIGHEST SLP M ON M
DPTR FM NORMAL    60    LOWEST  SLP 29.65 ON 18

[REMARKS]
