000
CXUS53 KBIS 010730
CF6HEI
PRELIMINARY LOCAL CLIMATOLOGICAL DATA (WS FORM: F-6)

                                          STATION:   HETTINGER ND
                                          MONTH:     MAY
                                          YEAR:      2016
                                          LATITUDE:   46  0 N
                                          LONGITUDE: 102 39 W

  TEMPERATURE IN F:       :PCPN:    SNOW:  WIND      :SUNSHINE: SKY     :PK WND
================================================================================
1   2   3   4   5  6A  6B    7    8   9   10  11  12  13   14  15   16   17  18
                                     12Z  AVG MX 2MIN
DY MAX MIN AVG DEP HDD CDD  WTR  SNW DPTH SPD SPD DIR MIN PSBL S-S WX    SPD DR
================================================================================

 1  63  24  44  -4  21   0 0.00    M    M  5.0 14  10   M    M   0        19  50
 2  71  32  52   4  13   0    T    M    M 13.5 30 340   M    M   3        40 340
 3  77  30  54   6  11   0 0.00    M    M  7.5 20 350   M    M   0        26 310
 4  79  32  56   7   9   0 0.00    M    M  6.4 12 190   0    0   0         M  M
 5  84  43  64  15   1   0 0.00    M    M  4.2 14 180   M    M   0        17 200
 6  75  46  61  12   4   0    T    M    M 14.1 31  10   M    M   1 8      39 360
 7  70  34  52   2  13   0 0.00    M    M  3.3 12 110   M    M   1 18     15  90
 8  70  30  50   0  15   0 0.00    M    M 10.4 24 150   M    M   1 18     30 130
 9  59  39  49  -1  16   0 0.09    M    M  8.1 20  80   M    M   7 18     23  80
10  54  40  47  -3  18   0 0.04    M    M 17.3 31 230   M    M   9 12     42 240
11  52  37  45  -6  20   0    T    M    M 25.8 43 290   M    M   8 1      51 280
12  63  32  48  -3  17   0    T    M    M 14.9 25  20   M    M   2 1      31  10
13  47  27  37 -15  28   0 0.08    M    M 17.3 31 320   M    M   6 1      38 330
14  58  23  41 -11  24   0 0.00    M    M  7.4 17 320   M    M   3        23 330
15  63  23  43  -9  22   0 0.00    M    M  3.1 13 190   M    M   0 8      15 200
16  70  25  48  -4  17   0 0.00    M    M  7.3 18  40   M    M   0        23  40
17  68  31  50  -3  15   0 0.00    M    M  7.5 16 130   M    M   0        21 130
18  72  41  57   4   8   0 0.00    M    M 12.5 26 170   M    M   0        45 190
19  78  37  58   5   7   0 0.00    M    M 10.5 20 130   M    M   0        27 150
20  74  50  62   8   3   0 0.00    M    M 18.2 29 120   M    M   0        37 130
21  71  50  61   7   4   0 0.00    M    M 23.2 35 150   M    M   6        46 140
22  80  46  63   9   2   0    T    M    M  7.6 23 160   M    M   6 1      31 150
23  75  36  56   1   9   0    T    M    M  8.7 17 260   M    M   2        22 270
24  75  33  54  -1  11   0 0.00    M    M  6.7 18 170   M    M   2 3      22 170
25  67  35  51  -4  14   0 0.00    M    M 10.3 26 290   M    M   5        32 310
26  69  35  52  -4  13   0    T    M    M  8.4 24 280   M    M   3 18     29 270
27  70  33  52  -4  13   0 0.00    M    M  4.2 14 130   M    M   4 1      19 130
28  74  37  56   0   9   0 0.11    M    M  4.2 24 280   M    M   5 123    33 270
29  77  37  57   1   8   0 0.02    M    M  4.7 23 230   M    M   5 12     31 230
30  68  43  56  -1   9   0 0.40    M    M 10.4 33 310   M    M   3 13     43 310
31  55  44  50  -7  15   0 0.04    M    M 20.8 38 310   M    M   8 1      46 300
================================================================================
SM 2128 1105       389   0  0.78    M    323.5            0     90
================================================================================
AV 68.6 35.6                              10.4 FASTST    0   0   3    MAX(MPH)
                                 MISC ---->  # 43 290               # 51  280
================================================================================
NOTES:
# LAST OF SEVERAL OCCURRENCES

COLUMN 17 PEAK WIND IN M.P.H.

PRELIMINARY LOCAL CLIMATOLOGICAL DATA (WS FORM: F-6) , PAGE 2

                                          STATION:  HETTINGER ND
                                          MONTH:    MAY
                                          YEAR:     2016
                                          LATITUDE:   46  0 N
                                          LONGITUDE: 102 39 W

[TEMPERATURE DATA]      [PRECIPITATION DATA]       SYMBOLS USED IN COLUMN 16

AVERAGE MONTHLY: 52.1   TOTAL FOR MONTH:   0.78    1 = FOG OR MIST
DPTR FM NORMAL:  -0.3   DPTR FM NORMAL:   -1.58    2 = FOG REDUCING VISIBILITY
HIGHEST:    84 ON  5    GRTST 24HR  0.42 ON 30-31      TO 1/4 MILE OR LESS
LOWEST:     23 ON 15,14                            3 = THUNDER
                        SNOW, ICE PELLETS, HAIL    4 = ICE PELLETS
                        TOTAL MONTH:    M          5 = HAIL
                        GRTST 24HR    M  ON   M    6 = FREEZING RAIN OR DRIZZLE
                        GRTST DEPTH:  M  ON   M    7 = DUSTSTORM OR SANDSTORM:
                                                       VSBY 1/2 MILE OR LESS
                                                   8 = SMOKE OR HAZE
[NO. OF DAYS WITH]      [WEATHER - DAYS WITH]      9 = BLOWING SNOW
                                                   X = TORNADO
MAX 32 OR BELOW:   0    0.01 INCH OR MORE:   7
MAX 90 OR ABOVE:   0    0.10 INCH OR MORE:   2
MIN 32 OR BELOW:  11    0.50 INCH OR MORE:   0
MIN  0 OR BELOW:   0    1.00 INCH OR MORE:   0

[HDD (BASE 65) ]
TOTAL THIS MO.   389    CLEAR  (SCALE 0-3)  19
DPTR FM NORMAL    -6    PTCLDY (SCALE 4-7)  11
TOTAL FM JUL 1  7339    CLOUDY (SCALE 8-10)  1
DPTR FM NORMAL -1160

[CDD (BASE 65) ]
TOTAL THIS MO.     0
DPTR FM NORMAL    -5    [PRESSURE DATA]
TOTAL FM JAN 1     0    HIGHEST SLP  0.00 ON  4
DPTR FM NORMAL    -5    LOWEST  SLP 29.51 ON 22

[REMARKS]
#FINAL-05-16#
