422
CXUS56 KPQR 201200
CF6HIO
PRELIMINARY LOCAL CLIMATOLOGICAL DATA (WS FORM: F-6)

                                          STATION:   HILLSBORO OR
                                          MONTH:     JANUARY
                                          YEAR:      2018
                                          LATITUDE:   45 32 N
                                          LONGITUDE: 122 57 W

  TEMPERATURE IN F:       :PCPN:    SNOW:  WIND      :SUNSHINE: SKY     :PK WND
================================================================================
1   2   3   4   5  6A  6B    7    8   9   10  11  12  13   14  15   16   17  18
                                     12Z  AVG MX 2MIN
DY MAX MIN AVG DEP HDD CDD  WTR  SNW DPTH SPD SPD DIR MIN PSBL S-S WX    SPD DR
================================================================================

 1  47  26  37  -1  28   0 0.00  0.0    0  1.6  7  50   M    M   1 1       9  50
 2  43  26  35  -3  30   0 0.00  0.0    0  3.5  8 290   M    M   0         9 290
 3  47  31  39   0  26   0 0.00  0.0    0  2.7  7 290   M    M   1         8  30
 4  46  32  39   0  26   0 0.09    M    0  2.0  6 270   M    M   7 18      8  40
 5  51  40  46   7  19   0 0.37    M    0  3.6 22 170   M    M   8 1      26 190
 6  49  35  42   3  23   0 0.01  0.0    0  1.2 12 240   M    M   7 12     15 240
 7  45  37  41   2  24   0 0.23  0.0    0  1.1  6 180   M    M  10 12      7  80
 8  45  41  43   4  22   0 0.13    M    0  1.7  7 290   M    M  10 12      8  50
 9  49  40  45   6  20   0 0.36    M    0  2.1  9 320   M    M  10 1      13 350
10  49  38  44   4  21   0 0.09    M    0  3.9 13 160   M    M  10 1      17 180
11  58  48  53  13  12   0 0.61    M    0 11.1 20 200   M    M  10 1      27 230
12  51  47  49   9  16   0    T    M    M  6.8 16 190   M    M  10 1      25 190
13  60  38  49   9  16   0 0.00    M    M  1.0  7 310   M    M   5 12      9 300
14  59  36  48   8  17   0 0.00    M    M  4.6 12 110   M    M   1 12     15 120
15  57  36  47   7  18   0 0.10    M    M  6.7 18  80   M    M   4 1      29 100
16  55  40  48   8  17   0 0.08    M    0  4.5 13 170   M    M   5 1      16 170
17  54  40  47   7  18   0 0.23    M    0  4.0 14 170   M    M   7 1      19 170
18  51  41  46   6  19   0 0.21    M    0  9.6 16 180   M    M   9 1      23 170
19  47  41  44   3  21   0 0.03    M    0  9.3 17 210   M    M   9        22 210
================================================================================
SM  963  713       393   0  2.54     0.0  81.0          M      124
================================================================================
AV 50.7 37.5                               4.3 FASTST   M    M   7    MAX(MPH)
                                 MISC ---->  # 22 170               # 29  100
================================================================================
NOTES:
# LAST OF SEVERAL OCCURRENCES

COLUMN 17 PEAK WIND IN M.P.H.

PRELIMINARY LOCAL CLIMATOLOGICAL DATA (WS FORM: F-6) , PAGE 2

                                          STATION:  HILLSBORO OR
                                          MONTH:    JANUARY
                                          YEAR:     2018
                                          LATITUDE:   45 32 N
                                          LONGITUDE: 122 57 W

[TEMPERATURE DATA]      [PRECIPITATION DATA]       SYMBOLS USED IN COLUMN 16

AVERAGE MONTHLY: 44.1   TOTAL FOR MONTH:   2.54    1 = FOG OR MIST
DPTR FM NORMAL:   4.6   DPTR FM NORMAL:   -1.50    2 = FOG REDUCING VISIBILITY
HIGHEST:    60 ON 13    GRTST 24HR  0.61 ON 11-11      TO 1/4 MILE OR LESS
LOWEST:     26 ON  2, 1                            3 = THUNDER
                        SNOW, ICE PELLETS, HAIL    4 = ICE PELLETS
                        TOTAL MONTH:   0.0 INCH    5 = HAIL
                        GRTST 24HR     0.0         6 = FREEZING RAIN OR DRIZZLE
                        GRTST DEPTH:   0           7 = DUSTSTORM OR SANDSTORM:
                                                       VSBY 1/2 MILE OR LESS
                                                   8 = SMOKE OR HAZE
[NO. OF DAYS WITH]      [WEATHER - DAYS WITH]      9 = BLOWING SNOW
                                                   X = TORNADO
MAX 32 OR BELOW:   0    0.01 INCH OR MORE:  13
MAX 90 OR ABOVE:   0    0.10 INCH OR MORE:   8
MIN 32 OR BELOW:   4    0.50 INCH OR MORE:   1
MIN  0 OR BELOW:   0    1.00 INCH OR MORE:   0

[HDD (BASE 65) ]
TOTAL THIS MO.   393    CLEAR  (SCALE 0-3)   4
DPTR FM NORMAL   -93    PTCLDY (SCALE 4-7)   7
TOTAL FM JUL 1  2303    CLOUDY (SCALE 8-10)  8
DPTR FM NORMAL  -304

[CDD (BASE 65) ]
TOTAL THIS MO.     0
DPTR FM NORMAL     0    [PRESSURE DATA]
TOTAL FM JAN 1     0    HIGHEST SLP M ON M
DPTR FM NORMAL     0    LOWEST  SLP 29.61 ON  9

[REMARKS]
