000
CXUS54 KJAN 231200
CF6HKS
PRELIMINARY LOCAL CLIMATOLOGICAL DATA (WS FORM: F-6)

                                          STATION:   JACKSON HAWKINS
                                          MONTH:     JANUARY
                                          YEAR:      2018
                                          LATITUDE:   32 20 N
                                          LONGITUDE:  90 14 W

  TEMPERATURE IN F:       :PCPN:    SNOW:  WIND      :SUNSHINE: SKY     :PK WND
================================================================================
1   2   3   4   5  6A  6B    7    8   9   10  11  12  13   14  15   16   17  18
                                     12Z  AVG MX 2MIN
DY MAX MIN AVG DEP HDD CDD  WTR  SNW DPTH SPD SPD DIR MIN PSBL S-S WX    SPD DR
================================================================================

 1  30  17  24 -23  41   0 0.00  0.0    0  8.3 15  10   M    M   0        23  20
 2  35  14  25 -22  40   0 0.00  0.0    0  6.1 12  30   M    M   2        20  30
 3  39  22  31 -16  34   0 0.00  0.0    0  5.2 15 300   M    M   4        20 300
 4  41  20  31 -15  34   0 0.00  0.0    0  4.6 14 300   M    M   0        19 310
 5  50  20  35 -11  30   0 0.00  0.0    0  1.5  9 140   M    M   0 8      10 140
 6  57  25  41  -5  24   0 0.00  0.0    0  3.2 10 120   M    M   0 18     15  90
 7  54  37  46   0  19   0 0.60  0.0    0 12.0 20 130   M    M   5 18     26 120
 8  54  46  50   4  15   0 0.31  0.0    0  7.3 18 120   M    M  10 1      26 130
 9  55  47  51   5  14   0 0.00  0.0    0  2.7  7  80   M    M  10 12     12  30
10  64  55  60  14   5   0 0.00  0.0    0  7.5 15 130   M    M  10 12     21 120
11  67  55  61  15   4   0 0.25  0.0    0  8.8 32 260   M    M  10 1      41 240
12  55  28  42  -4  23   0 0.08    M    0 11.5 25 300   M    M  10 1      34 310
13  33  22  28 -18  37   0 0.00  0.0    0  8.4 15 360   M    M   4        23 350
14  45  20  33 -13  32   0 0.00  0.0    0  3.0  9 310   M    M   1        12 320
15  57  24  41  -5  24   0 0.00  0.0    0  2.0  9 190   M    M   0 8      12 160
16  38  13  26 -20  39   0    M    M    0  8.8 15 350   M    M   8 18     23 340
17  29  11  20 -26  45   0 0.00  0.0    M  6.8 13 350   M    M   0        18 330
18  43  13  28 -18  37   0 0.00  0.0    0  1.4  7  30   M    M   0 8      12 330
19  54  20  37  -9  28   0 0.00  0.0    0  3.2  9 160   M    M   8        12 200
20  69  37  53   7  12   0    T  0.0    0  8.2 17 180   M    M   5        23 160
21  75  48  62  16   3   0 0.00  0.0    0 10.9 21 160   M    M   4        29 150
22  69  47  58  11   7   0 0.96  0.0    0 11.6 25 260   M    M   5 13     32 250
================================================================================
SM 1113  641       547   0  2.20     0.0 143.0          M       96
================================================================================
AV 50.6 29.1                               6.5 FASTST   M    M   4    MAX(MPH)
                                 MISC ---->  # 32 260               # 41  240
================================================================================
NOTES:
# LAST OF SEVERAL OCCURRENCES

COLUMN 17 PEAK WIND IN M.P.H.

PRELIMINARY LOCAL CLIMATOLOGICAL DATA (WS FORM: F-6) , PAGE 2

                                          STATION:  JACKSON HAWKINS
                                          MONTH:    JANUARY
                                          YEAR:     2018
                                          LATITUDE:   32 20 N
                                          LONGITUDE:  90 14 W

[TEMPERATURE DATA]      [PRECIPITATION DATA]       SYMBOLS USED IN COLUMN 16

AVERAGE MONTHLY: 39.9   TOTAL FOR MONTH:   2.20    1 = FOG OR MIST
DPTR FM NORMAL:  -6.3   DPTR FM NORMAL:   -1.27    2 = FOG REDUCING VISIBILITY
HIGHEST:    75 ON 21    GRTST 24HR  0.96 ON 22-22      TO 1/4 MILE OR LESS
LOWEST:     11 ON 17                               3 = THUNDER
                        SNOW, ICE PELLETS, HAIL    4 = ICE PELLETS
                        TOTAL MONTH:   0.0 INCH    5 = HAIL
                        GRTST 24HR     0.0         6 = FREEZING RAIN OR DRIZZLE
                        GRTST DEPTH:   0           7 = DUSTSTORM OR SANDSTORM:
                                                       VSBY 1/2 MILE OR LESS
                                                   8 = SMOKE OR HAZE
[NO. OF DAYS WITH]      [WEATHER - DAYS WITH]      9 = BLOWING SNOW
                                                   X = TORNADO
MAX 32 OR BELOW:   2    0.01 INCH OR MORE:   5
MAX 90 OR ABOVE:   0    0.10 INCH OR MORE:   4
MIN 32 OR BELOW:  14    0.50 INCH OR MORE:   2
MIN  0 OR BELOW:   0    1.00 INCH OR MORE:   0

[HDD (BASE 65) ]
TOTAL THIS MO.   547    CLEAR  (SCALE 0-3)   9
DPTR FM NORMAL   131    PTCLDY (SCALE 4-7)   8
TOTAL FM JUL 1  1369    CLOUDY (SCALE 8-10)  5
DPTR FM NORMAL    75

[CDD (BASE 65) ]
TOTAL THIS MO.     0
DPTR FM NORMAL     0    [PRESSURE DATA]
TOTAL FM JAN 1     0    HIGHEST SLP M ON M
DPTR FM NORMAL     0    LOWEST  SLP 29.64 ON 12

[REMARKS]
