930
CXUS53 KGLD 220800
CF6HLC
PRELIMINARY LOCAL CLIMATOLOGICAL DATA (WS FORM: F-6)

                                          STATION:   HILL CITY KS
                                          MONTH:     MAY
                                          YEAR:      2015
                                          LATITUDE:   39 22 N
                                          LONGITUDE:  99 50 W

  TEMPERATURE IN F:       :PCPN:    SNOW:  WIND      :SUNSHINE: SKY     :PK WND
================================================================================
1   2   3   4   5  6A  6B    7    8   9   10  11  12  13   14  15   16   17  18
                                     12Z  AVG MX 2MIN
DY MAX MIN AVG DEP HDD CDD  WTR  SNW DPTH SPD SPD DIR MIN PSBL S-S WX    SPD DR
================================================================================

 1  78  56  67  10   0   2 0.02    M    M  6.3 15 200   M    M   4 1      22 220
 2  85  59  72  14   0   7    T    M    M  9.0 20 220   M    M   1        25 220
 3  88  54  71  13   0   6 0.31    M    M  6.0 26 360   M    M   1 3      32 360
 4  72  56  64   6   1   0    T    M    M  8.7 24 350   M    M   7 18     30 360
 5  68  57  63   4   2   0 0.26    M    M 11.8 29 140   M    M   9 1      37 140
 6  77  58  68   9   0   3 0.32    M    M 11.2 24 220   M    M   6 138    33 210
 7  75  54  65   6   0   0 0.00    M    M 10.0 22  10   M    M   4 3      32  10
 8  67  49  58  -2   7   0    T    M    M  9.9 20  60   M    M   7        25  70
 9  66  53  60   0   5   0 0.23    M    M 14.8 37  70   M    M   9 13     48  70
10  59  41  50 -10  15   0 0.00    M    M 18.3 28 290   M    M   4        38 290
11  63  36  50 -11  15   0 0.00    M    M 15.1 30 320   M    M   0        42 320
12  72  31  52  -9  13   0 0.00    M    M 12.4 26 170   M    M   0        38 150
13  66  50  58  -4   7   0 0.35    M    M 12.2 24 180   M    M   5 1      32 160
14  80  54  67   5   0   2 0.01    M    M  3.0 10 200   M    M   4 1      14 140
15  80  62  71   9   0   6 0.00    M    M 13.8 25 140   M    M   2 13     33 130
16  72  50  61  -2   4   0 0.09    M    M 14.8 31 170   M    M   3 3      46 180
17  80  48  64   1   1   0 0.00    M    M  8.9 20 250   M    M   2 1      27 250
18  68  46  57  -6   8   0 0.00    M    M 10.6 21  10   M    M   1        28  10
19  47  42  45 -19  20   0 0.78    M    M 12.3 26  50   M    M   8 1      33  50
20  55  42  49 -15  16   0    T    M    M  8.9 16  30   M    M  10 1      21 350
21  65  36  51 -13  14   0 0.00    M    M  4.3 13 160   M    M   1        19 150
================================================================================
SM 1483 1034       128  26  2.37    M    222.3          M       88
================================================================================
AV 70.6 49.2                              10.6 FASTST   M    M   4    MAX(MPH)
                                 MISC ---->  # 37  70               # 48   70
================================================================================
NOTES:
# LAST OF SEVERAL OCCURRENCES

COLUMN 17 PEAK WIND IN M.P.H.

PRELIMINARY LOCAL CLIMATOLOGICAL DATA (WS FORM: F-6) , PAGE 2

                                          STATION:  HILL CITY KS
                                          MONTH:    MAY
                                          YEAR:     2015
                                          LATITUDE:   39 22 N
                                          LONGITUDE:  99 50 W

[TEMPERATURE DATA]      [PRECIPITATION DATA]       SYMBOLS USED IN COLUMN 16

AVERAGE MONTHLY: 59.9   TOTAL FOR MONTH:   2.37    1 = FOG OR MIST
DPTR FM NORMAL:  -0.9   DPTR FM NORMAL:   -0.17    2 = FOG REDUCING VISIBILITY
HIGHEST:    88 ON  3    GRTST 24HR  0.78 ON 19-19      TO 1/4 MILE OR LESS
LOWEST:     31 ON 12                               3 = THUNDER
                        SNOW, ICE PELLETS, HAIL    4 = ICE PELLETS
                        TOTAL MONTH:    M          5 = HAIL
                        GRTST 24HR    M  ON   M    6 = FREEZING RAIN OR DRIZZLE
                        GRTST DEPTH:  M  ON   M    7 = DUSTSTORM OR SANDSTORM:
                                                       VSBY 1/2 MILE OR LESS
                                                   8 = SMOKE OR HAZE
[NO. OF DAYS WITH]      [WEATHER - DAYS WITH]      9 = BLOWING SNOW
                                                   X = TORNADO
MAX 32 OR BELOW:   0    0.01 INCH OR MORE:   9
MAX 90 OR ABOVE:   0    0.10 INCH OR MORE:   6
MIN 32 OR BELOW:   1    0.50 INCH OR MORE:   1
MIN  0 OR BELOW:   0    1.00 INCH OR MORE:   0

[HDD (BASE 65) ]
TOTAL THIS MO.   128    CLEAR  (SCALE 0-3)   8
DPTR FM NORMAL     4    PTCLDY (SCALE 4-7)   9
TOTAL FM JUL 1  5023    CLOUDY (SCALE 8-10)  4
DPTR FM NORMAL  -478

[CDD (BASE 65) ]
TOTAL THIS MO.    26
DPTR FM NORMAL    -8    [PRESSURE DATA]
TOTAL FM JAN 1    36    HIGHEST SLP M ON M
DPTR FM NORMAL    -5    LOWEST  SLP 29.50 ON 16

[REMARKS]
