000
CXHW50 PHFO 221250
CF6HNL
PRELIMINARY LOCAL CLIMATOLOGICAL DATA (WS FORM: F-6)

                                          STATION:   HONOLULU HI
                                          MONTH:     AUGUST
                                          YEAR:      2014
                                          LATITUDE:   21 21 N
                                          LONGITUDE: 157 56 W

  TEMPERATURE IN F:       :PCPN:    SNOW:  WIND      :SUNSHINE: SKY     :PK WND
================================================================================
1   2   3   4   5  6A  6B    7    8   9   10  11  12  13   14  15   16   17  18
                                     12Z  AVG MX 2MIN
DY MAX MIN AVG DEP HDD CDD  WTR  SNW DPTH SPD SPD DIR MIN PSBL S-S WX    SPD DR
================================================================================

 1  89  78  84   2   0  19 0.00  0.0    0 12.6 23  70   M    M   4        36  60
 2  89  79  84   2   0  19 0.00  0.0    0 12.8 21  60   M    M   6        26  40
 3  90  78  84   2   0  19 0.00  0.0    0 13.3 24  70   M    M   5        29  60
 4  89  79  84   2   0  19    T  0.0    0 14.5 23  70   M    M   5        35  50
 5  89  78  84   2   0  19 0.00  0.0    0 15.7 25  70   M    M   5        33  70
 6  88  75  82   0   0  17    T  0.0    0 11.8 23  60   M    M   6        30  70
 7  89  76  83   1   0  18 0.02  0.0    0 12.7 29  60   M    M   6        40  60
 8  87  77  82   0   0  17 0.34  0.0    0 16.2 31  80   M    M   8 1      41  60
 9  87  76  82   0   0  17 0.06  0.0    0  9.1 17  60   M    M   8        24  70
10  90  75  83   1   0  18 0.00  0.0    0  6.1 17 270   M    M   4        24 260
11  87  73  80  -2   0  15 0.00  0.0    0  6.4 14 220   M    M   2        17 220
12  87  75  81  -1   0  16 0.02  0.0    0  6.2 16 230   M    M   4 1      20 250
13  89  76  83   1   0  18    T  0.0    0  9.2 18  30   M    M   4 1      26  40
14  90  77  84   2   0  19 0.00  0.0    0 10.1 21  50   M    M   4        29  20
15  88  76  82   0   0  17    T  0.0    0 12.0 22  80   M    M   5        28  50
16  89  77  83   1   0  18    T  0.0    0 12.7 22  70   M    M   6        29  50
17  88  78  83   1   0  18    T  0.0    0 10.4 21  70   M    M   5        28  40
18  89  77  83   1   0  18    T  0.0    0 11.4 22  80   M    M   4        28  60
19  89  75  82   0   0  17    T  0.0    0  9.9 22  70   M    M   5        29  70
20  90  76  83   1   0  18 0.00  0.0    0 10.5 20  70   M    M   4        25  50
21  88  76  82   0   0  17    T  0.0    0 10.2 20  60   M    M   5        26  70
================================================================================
SM 1861 1607         0 373  0.44     0.0 233.8          M      105
================================================================================
AV 88.6 76.5                              11.1 FASTST   M    M   5    MAX(MPH)
                                 MISC ---->  # 31  80               # 41   60
================================================================================
NOTES:
# LAST OF SEVERAL OCCURRENCES

COLUMN 17 PEAK WIND IN M.P.H.

PRELIMINARY LOCAL CLIMATOLOGICAL DATA (WS FORM: F-6) , PAGE 2

                                          STATION:  HONOLULU HI
                                          MONTH:    AUGUST
                                          YEAR:     2014
                                          LATITUDE:   21 21 N
                                          LONGITUDE: 157 56 W

[TEMPERATURE DATA]      [PRECIPITATION DATA]       SYMBOLS USED IN COLUMN 16

AVERAGE MONTHLY: 82.6   TOTAL FOR MONTH:   0.44    1 = FOG OR MIST
DPTR FM NORMAL:   0.6   DPTR FM NORMAL:    0.06    2 = FOG REDUCING VISIBILITY
HIGHEST:    90 ON 20,14 GRTST 24HR  0.38 ON  8- 9      TO 1/4 MILE OR LESS
LOWEST:     73 ON 11                               3 = THUNDER
                        SNOW, ICE PELLETS, HAIL    4 = ICE PELLETS
                        TOTAL MONTH:   0.0 INCH    5 = HAIL
                        GRTST 24HR     0.0         6 = FREEZING RAIN OR DRIZZLE
                        GRTST DEPTH:   0           7 = DUSTSTORM OR SANDSTORM:
                                                       VSBY 1/2 MILE OR LESS
                                                   8 = SMOKE OR HAZE
[NO. OF DAYS WITH]      [WEATHER - DAYS WITH]      9 = BLOWING SNOW
                                                   X = TORNADO
MAX 32 OR BELOW:   0    0.01 INCH OR MORE:   4
MAX 90 OR ABOVE:   4    0.10 INCH OR MORE:   1
MIN 32 OR BELOW:   0    0.50 INCH OR MORE:   0
MIN  0 OR BELOW:   0    1.00 INCH OR MORE:   0

[HDD (BASE 65) ]
TOTAL THIS MO.     0    CLEAR  (SCALE 0-3)   1
DPTR FM NORMAL     0    PTCLDY (SCALE 4-7)  18
TOTAL FM JUL 1     0    CLOUDY (SCALE 8-10)  2
DPTR FM NORMAL     0

[CDD (BASE 65) ]
TOTAL THIS MO.   373
DPTR FM NORMAL    16    [PRESSURE DATA]
TOTAL FM JAN 1  2985    HIGHEST SLP M ON M
DPTR FM NORMAL   168    LOWEST  SLP 29.91 ON  8

[REMARKS]
