000
CXHW50 PHFO 311250
CF6HNL
PRELIMINARY LOCAL CLIMATOLOGICAL DATA (WS FORM: F-6)

                                          STATION:   HONOLULU HI
                                          MONTH:     JULY
                                          YEAR:      2014
                                          LATITUDE:   21 21 N
                                          LONGITUDE: 157 56 W

  TEMPERATURE IN F:       :PCPN:    SNOW:  WIND      :SUNSHINE: SKY     :PK WND
================================================================================
1   2   3   4   5  6A  6B    7    8   9   10  11  12  13   14  15   16   17  18
                                     12Z  AVG MX 2MIN
DY MAX MIN AVG DEP HDD CDD  WTR  SNW DPTH SPD SPD DIR MIN PSBL S-S WX    SPD DR
================================================================================

 1  88  75  82   1   0  17    T  0.0    0 10.3 20  60   M    M   4        28  40
 2  89  76  83   2   0  18    T  0.0    0 10.1 18  70   M    M   5        24  70
 3  89  75  82   1   0  17 0.04  0.0    0 12.1 22  50   M    M   6 1      30  30
 4  88  76  82   1   0  17    T  0.0    0 11.3 22  50   M    M   6        29  70
 5  86  75  81   0   0  16    T  0.0    0  8.3 18  70   M    M   7        24  80
 6  88  74  81   0   0  16 0.01  0.0    0 10.9 21  50   M    M   7 1      28  50
 7  87  74  81   0   0  16 0.01  0.0    0 10.7 23  80   M    M   6        28  70
 8  89  76  83   2   0  18    T  0.0    0 11.8 20  60   M    M   4 8      28  30
 9  88  74  81   0   0  16    T  0.0    0 12.2 24  60   M    M   7        32  50
10  89  75  82   1   0  17    T  0.0    0 13.0 24  50   M    M   6        33  70
11  88  75  82   1   0  17    T  0.0    0 13.2 23  60   M    M   8        32  60
12  89  76  83   2   0  18 0.01  0.0    0 11.4 22  50   M    M   6        28  50
13  90  74  82   1   0  17 0.00  0.0    0 10.4 23  70   M    M   7        31  70
14  87  79  83   2   0  18    T  0.0    0 10.3 20  60   M    M   7        25  80
15  90  78  84   3   0  19 0.00  0.0    0 10.0 18  60   M    M   6 8      25  60
16  89  78  84   3   0  19 0.01  0.0    0 12.8 24  70   M    M   6        30  50
17  88  76  82   1   0  17 0.01  0.0    0 13.1 24  60   M    M   5        41  60
18  88  76  82   1   0  17    T  0.0    0 14.9 25  60   M    M   4        32  70
19  89  76  83   2   0  18 0.11  0.0    0 11.9 24  80   M    M   5 13     31  80
20  86  72  79  -2   0  14 0.86  0.0    0 13.3 28  80   M    M   7 13     37  80
21  87  76  82   1   0  17 0.00  0.0    0  4.3 13 150   M    M   6        17 160
22  90  78  84   3   0  19 0.00  0.0    0  8.5 22  70   M    M   6        26  80
23  89  77  83   2   0  18    T  0.0    0 14.1 24  60   M    M   6        32  30
24  88  77  83   2   0  18    T  0.0    0 12.9 24  80   M    M   5        29  70
25  88  76  82   0   0  17 0.00  0.0    0 11.3 18  50   M    M   5        24  40
26  90  74  82   0   0  17 0.06  0.0    0  8.5 18  40   M    M   5 1      25  20
27  89  77  83   1   0  18    T  0.0    0 10.1 18  50   M    M   5        24  40
28  90  78  84   2   0  19 0.00  0.0    0 12.5 21  60   M    M   4        26  60
29  89  77  83   1   0  18 0.00  0.0    0 11.4 21  60   M    M   3        25  50
30  89  77  83   1   0  18    T  0.0    0 11.6 21  70   M    M   4        32  50
================================================================================
SM 2654 2277         0 521  1.12     0.0 337.2          M      168
================================================================================
AV 88.5 75.9                              11.2 FASTST   M    M   6    MAX(MPH)
                                 MISC ---->  # 28  80               # 41   60
================================================================================
NOTES:
# LAST OF SEVERAL OCCURRENCES

COLUMN 17 PEAK WIND IN M.P.H.

PRELIMINARY LOCAL CLIMATOLOGICAL DATA (WS FORM: F-6) , PAGE 2

                                          STATION:  HONOLULU HI
                                          MONTH:    JULY
                                          YEAR:     2014
                                          LATITUDE:   21 21 N
                                          LONGITUDE: 157 56 W

[TEMPERATURE DATA]      [PRECIPITATION DATA]       SYMBOLS USED IN COLUMN 16

AVERAGE MONTHLY: 82.2   TOTAL FOR MONTH:   1.12    1 = FOG OR MIST
DPTR FM NORMAL:   1.0   DPTR FM NORMAL:    0.63    2 = FOG REDUCING VISIBILITY
HIGHEST:    90 ON 28,26 GRTST 24HR  0.97 ON 19-20      TO 1/4 MILE OR LESS
LOWEST:     72 ON 20                               3 = THUNDER
                        SNOW, ICE PELLETS, HAIL    4 = ICE PELLETS
                        TOTAL MONTH:   0.0 INCH    5 = HAIL
                        GRTST 24HR     0.0         6 = FREEZING RAIN OR DRIZZLE
                        GRTST DEPTH:   0           7 = DUSTSTORM OR SANDSTORM:
                                                       VSBY 1/2 MILE OR LESS
                                                   8 = SMOKE OR HAZE
[NO. OF DAYS WITH]      [WEATHER - DAYS WITH]      9 = BLOWING SNOW
                                                   X = TORNADO
MAX 32 OR BELOW:   0    0.01 INCH OR MORE:   9
MAX 90 OR ABOVE:   5    0.10 INCH OR MORE:   2
MIN 32 OR BELOW:   0    0.50 INCH OR MORE:   1
MIN  0 OR BELOW:   0    1.00 INCH OR MORE:   0

[HDD (BASE 65) ]
TOTAL THIS MO.     0    CLEAR  (SCALE 0-3)   0
DPTR FM NORMAL     0    PTCLDY (SCALE 4-7)  30
TOTAL FM JUL 1     0    CLOUDY (SCALE 8-10)  0
DPTR FM NORMAL     0

[CDD (BASE 65) ]
TOTAL THIS MO.   521
DPTR FM NORMAL    37    [PRESSURE DATA]
TOTAL FM JAN 1  2593    HIGHEST SLP M ON M
DPTR FM NORMAL   151    LOWEST  SLP 29.92 ON 20

[REMARKS]
