000
CXUS54 KMAF 251100
CF6HOB
PRELIMINARY LOCAL CLIMATOLOGICAL DATA (WS FORM: F-6)

                                          STATION:   Lea Airport, Hobbs
                                          MONTH:     DECEMBER
                                          YEAR:      2014
                                          LATITUDE:   32 40 N
                                          LONGITUDE: 103-12 E

  TEMPERATURE IN F:       :PCPN:    SNOW:  WIND      :SUNSHINE: SKY     :PK WND
================================================================================
1   2   3   4   5  6A  6B    7    8   9   10  11  12  13   14  15   16   17  18
                                     12Z  AVG MX 2MIN
DY MAX MIN AVG DEP HDD CDD  WTR  SNW DPTH SPD SPD DIR MIN PSBL S-S WX    SPD DR
================================================================================

 1  43  19  31   M  34   0 0.00  0.0    0 10.3 23  20   M    M   0        31  20
 2  57  25  41   M  24   0 0.00  0.0    0  2.5 10 190   M    M   0         M  M
 3  73  41  57   M   8   0 0.00  0.0    0  3.7 13 290   M    M   0         M  M
 4   M   M   M   M   M   M 0.00  0.0    0  2.9 10 160   M    M   5 12      M  M
 5  68  39  54   M  11   0 0.00  0.0    0  8.7 21 300   M    M   0 1      27 300
 6  59  36  48   M  17   0 0.00  0.0    0  7.4 14 100   M    M   0         M  M
 7   M   M   M   M   M   M 0.00  0.0    0  2.7  9 130   M    M   6 12      M  M
 8   M   M   M   M   M   M 0.00  0.0    0  2.6  7 150   M    M   3 12      M  M
 9  54  36  45   M  20   0 0.00  0.0    0  3.6 10 160   M    M   6 12      M  M
10  63  45  54   M  11   0 0.00  0.0    0  5.0 10 140   M    M   7 12     16 160
11  59  45  52   M  13   0 0.00  0.0    0  3.9  8 160   M    M   7 12      M  M
12   M   M   M   M   M   M 0.00  0.0    0  5.7  9 190   M    M   5 12      M  M
13   M   M   M   M   M   M 0.00  0.0    M 11.4 20 150   M    M   6 12     29 160
14  59  37  48   M  17   0 0.00  0.0    0 16.9 31 230   M    M   1 1      39 230
15  63  34  49   M  16   0 0.00  0.0    0  7.0 14 290   M    M   0         M  M
16  48  30  39   M  26   0 0.00  0.0    0  8.1 12 110   M    M   3        17  70
17  59  41  50   M  15   0 0.00  0.0    0  9.9 23 240   M    M   4        32 240
18  59  36  48   M  17   0 0.00  0.0    0  3.6 10 260   M    M   1         M  M
19   M   M   M   M   M   M 0.00  0.0    0  3.4 12 280   M    M   4 12      M  M
20   M   M   M   M   M   M 0.00  0.0    0  4.5 12 180   M    M   5 12      M  M
21  64  32  48   M  17   0 0.00  0.0    0 13.4 20 220   M    M   2 12     29 240
22  64  39  52   M  13   0 0.10    M    0 13.1 23 290   M    M   2        30 290
23   M   M   M   M   M   M 0.00  0.0    0 19.3 39 330   M    M   7        53 330
24  46  27  37   M  28   0 0.00  0.0    0  9.7 16 200   M    M   0        24 200
================================================================================
SM  938  562       287   0  0.10     0.0 179.3          M       74
================================================================================
AV 58.6 35.1                               7.5 FASTST   M    M   3    MAX(MPH)
                                 MISC ---->    39   M                 53    M
================================================================================
NOTES:
# LAST OF SEVERAL OCCURRENCES

COLUMN 17 PEAK WIND IN M.P.H.

PRELIMINARY LOCAL CLIMATOLOGICAL DATA (WS FORM: F-6) , PAGE 2

                                          STATION:  Lea Airport, Hobbs
                                          MONTH:    DECEMBER
                                          YEAR:     2014
                                          LATITUDE:   32 40 N
                                          LONGITUDE: 103-12 E

[TEMPERATURE DATA]      [PRECIPITATION DATA]       SYMBOLS USED IN COLUMN 16

AVERAGE MONTHLY: 46.9   TOTAL FOR MONTH:   0.10    1 = FOG OR MIST
DPTR FM NORMAL:     M   DPTR FM NORMAL:       M    2 = FOG REDUCING VISIBILITY
HIGHEST:    73 ON  3    GRTST 24HR  0.10 ON 22-22      TO 1/4 MILE OR LESS
LOWEST:     19 ON  1                               3 = THUNDER
                        SNOW, ICE PELLETS, HAIL    4 = ICE PELLETS
                        TOTAL MONTH:   0.0 INCH    5 = HAIL
                        GRTST 24HR     0.0         6 = FREEZING RAIN OR DRIZZLE
                        GRTST DEPTH:   0           7 = DUSTSTORM OR SANDSTORM:
                                                       VSBY 1/2 MILE OR LESS
                                                   8 = SMOKE OR HAZE
[NO. OF DAYS WITH]      [WEATHER - DAYS WITH]      9 = BLOWING SNOW
                                                   X = TORNADO
MAX 32 OR BELOW:   0    0.01 INCH OR MORE:   1
MAX 90 OR ABOVE:   0    0.10 INCH OR MORE:   1
MIN 32 OR BELOW:   5    0.50 INCH OR MORE:   0
MIN  0 OR BELOW:   0    1.00 INCH OR MORE:   0

[HDD (BASE 65) ]
TOTAL THIS MO.   287    CLEAR  (SCALE 0-3)  12
DPTR FM NORMAL     M    PTCLDY (SCALE 4-7)  12
TOTAL FM JUL 1   819    CLOUDY (SCALE 8-10)  0
DPTR FM NORMAL     M

[CDD (BASE 65) ]
TOTAL THIS MO.     0
DPTR FM NORMAL     M    [PRESSURE DATA]
TOTAL FM JAN 1  1469    HIGHEST SLP M ON M
DPTR FM NORMAL     M    LOWEST  SLP M ON M

[REMARKS]
