000
CXUS54 KLZK 291130
CF6HOT
PRELIMINARY LOCAL CLIMATOLOGICAL DATA (WS FORM: F-6)

                                          STATION:   Hot Springs Memorial Field
                                          MONTH:     MAY
                                          YEAR:      2016
                                          LATITUDE:   34 28 N
                                          LONGITUDE:  93  6 W

  TEMPERATURE IN F:       :PCPN:    SNOW:  WIND      :SUNSHINE: SKY     :PK WND
================================================================================
1   2   3   4   5  6A  6B    7    8   9   10  11  12  13   14  15   16   17  18
                                     12Z  AVG MX 2MIN
DY MAX MIN AVG DEP HDD CDD  WTR  SNW DPTH SPD SPD DIR MIN PSBL S-S WX    SPD DR
================================================================================

 1  80  61  71   4   0   6    T    M    M  4.4 12 270   M    M   2        19 270
 2  68  55  62  -5   3   0 0.06    M    M  3.9 13 310   M    M   8 13     23 300
 3  71  52  62  -5   3   0 0.00    M    M  2.9  9 320   M    M   5        16  60
 4  80  48  64  -3   1   0 0.00    M    M  6.9 18 290   M    M   1        28 290
 5  77  48  63  -5   2   0 0.00    M    M  3.6 14 360   M    M   0        20 360
 6  78  48  63  -5   2   0 0.00    M    M  1.8 10 340   M    M   0        14 330
 7  84  51  68   0   0   3 0.00    M    M  3.3 12 230   M    M   0        16 230
 8  76  58  67  -1   0   2    T    M    M  5.3 17 230   M    M   1        23 240
 9  72  63  68  -1   0   3 0.37    M    M  7.3 16 140   M    M   8 13     23 140
10  85  63  74   5   0   9 0.00    M    M  6.7 16 240   M    M   7        20 230
11  82  72  77   8   0  12 0.00    M    M  6.1 14 210   M    M   2        21 200
12  80  63  72   2   0   7 0.02    M    M  5.3 23 280   M    M   4 13     37 300
13  81  56  69  -1   0   4 0.00    M    M  2.1  6 230   M    M   0         M  M
14  72  56  64  -6   1   0 0.00    M    M  3.9 13  40   M    M   3        20  40
15  67  57  62  -8   3   0    T    M    M  7.7 17  70   M    M  10        23  60
16  63  57  60 -11   5   0 0.44    M    M  6.9 14 130   M    M  10 1      17 140
17  81  60  71   0   0   6    T    M    M  4.2 15  50   M    M   8 1      20  40
18  64  54  59 -12   6   0 0.00    M    M  6.9 15  70   M    M   9        21  50
19  71  51  61 -11   4   0 0.15    M    M  4.0 15  80   M    M   5 1      19  90
20  72  56  64  -8   1   0 0.00    M    M  2.4  8 320   M    M   6 1      12 290
21  80  57  69  -3   0   4 0.00    M    M  3.0 10  80   M    M   5 12     12  80
22  82  59  71  -1   0   6 0.00    M    M  4.5 13 110   M    M   0        18 140
23  82  57  70  -3   0   5 0.00    M    M  4.0 14 150   M    M   1        20 190
24  87  65  76   3   0  11 0.00    M    M  6.7 18 100   M    M   5        23  90
25  87  66  77   4   0  12 0.38    M    M  5.8 14 270   M    M   5 13     20 280
26  83  70  77   3   0  12 0.07    M    M  6.9 15 250   M    M   7 13     21 240
27  77  66  72  -2   0   7    T    M    M  5.4 21 200   M    M   5        30 190
28  80  63  72  -2   0   7 0.00    M    M  3.7 10 240   M    M   3        15 240
================================================================================
SM 2162 1632        31 116  1.49    M    135.6          M      120
================================================================================
AV 77.2 58.3                               4.8 FASTST   M    M   4    MAX(MPH)
                                 MISC ---->  # 23 280               # 37  300
================================================================================
NOTES:
# LAST OF SEVERAL OCCURRENCES

COLUMN 17 PEAK WIND IN M.P.H.

PRELIMINARY LOCAL CLIMATOLOGICAL DATA (WS FORM: F-6) , PAGE 2

                                          STATION:  Hot Springs Memorial Field
                                          MONTH:    MAY
                                          YEAR:     2016
                                          LATITUDE:   34 28 N
                                          LONGITUDE:  93  6 W

[TEMPERATURE DATA]      [PRECIPITATION DATA]       SYMBOLS USED IN COLUMN 16

AVERAGE MONTHLY: 67.8   TOTAL FOR MONTH:   1.49    1 = FOG OR MIST
DPTR FM NORMAL:  -2.6   DPTR FM NORMAL:   -3.99    2 = FOG REDUCING VISIBILITY
HIGHEST:    87 ON 25,24 GRTST 24HR  1.00 ON 30- 1      TO 1/4 MILE OR LESS
LOWEST:     48 ON  6, 5                            3 = THUNDER
                        SNOW, ICE PELLETS, HAIL    4 = ICE PELLETS
                        TOTAL MONTH:    M          5 = HAIL
                        GRTST 24HR    M  ON   M    6 = FREEZING RAIN OR DRIZZLE
                        GRTST DEPTH:  M  ON   M    7 = DUSTSTORM OR SANDSTORM:
                                                       VSBY 1/2 MILE OR LESS
                                                   8 = SMOKE OR HAZE
[NO. OF DAYS WITH]      [WEATHER - DAYS WITH]      9 = BLOWING SNOW
                                                   X = TORNADO
MAX 32 OR BELOW:   0    0.01 INCH OR MORE:   7
MAX 90 OR ABOVE:   0    0.10 INCH OR MORE:   4
MIN 32 OR BELOW:   0    0.50 INCH OR MORE:   0
MIN  0 OR BELOW:   0    1.00 INCH OR MORE:   0

[HDD (BASE 65) ]
TOTAL THIS MO.    31    CLEAR  (SCALE 0-3)  11
DPTR FM NORMAL    10    PTCLDY (SCALE 4-7)  14
TOTAL FM JUL 1  2276    CLOUDY (SCALE 8-10)  3
DPTR FM NORMAL  -657

[CDD (BASE 65) ]
TOTAL THIS MO.   116
DPTR FM NORMAL   -54    [PRESSURE DATA]
TOTAL FM JAN 1   188    HIGHEST SLP M ON M
DPTR FM NORMAL   -63    LOWEST  SLP 29.66 ON  9

[REMARKS]
