000
CXUS54 KLZK 291130
CF6HOT
PRELIMINARY LOCAL CLIMATOLOGICAL DATA (WS FORM: F-6)

                                          STATION:   Hot Springs Memorial Field
                                          MONTH:     MARCH
                                          YEAR:      2017
                                          LATITUDE:   34 28 N
                                          LONGITUDE:  93  6 W

  TEMPERATURE IN F:       :PCPN:    SNOW:  WIND      :SUNSHINE: SKY     :PK WND
================================================================================
1   2   3   4   5  6A  6B    7    8   9   10  11  12  13   14  15   16   17  18
                                     12Z  AVG MX 2MIN
DY MAX MIN AVG DEP HDD CDD  WTR  SNW DPTH SPD SPD DIR MIN PSBL S-S WX    SPD DR
================================================================================

 1  74  45  60  10   5   0    T    M    M 10.3 22 310   M    M   2 3      34 320
 2  64  33  49  -1  16   0 0.00    M    M  2.3 14 250   M    M   0        16 240
 3  65  33  49  -1  16   0 0.00    M    M  4.5 12 130   M    M   0 8      17 150
 4  70  40  55   4  10   0 0.00    M    M  5.4 14 220   M    M   0        21 170
 5  63  50  57   6   8   0 0.11    M    M  7.5 16 150   M    M  10 18     23 150
 6  70  56  63  12   2   0 0.18    M    M 10.4 18 190   M    M  10 1      28 200
 7  70  39  55   3  10   0 0.77    M    M  7.2 20 230   M    M   5 13     31 190
 8  71  32  52   0  13   0 0.00    M    M  3.9 14 160   M    M   0        19 140
 9  68  48  58   6   7   0 0.00    M    M  4.3 14 230   M    M   7 1      18 240
10  66  48  57   5   8   0 0.00    M    M 10.0 24  70   M    M   2 1      29  60
11  48  36  42 -11  23   0 0.15    M    M 11.1 20  50   M    M  10 13     27  30
12  55  33  44  -9  21   0 0.00    M    M  7.4 17  60   M    M   2        27  40
13  58  37  48  -5  17   0 0.16    M    M  6.6 18 340   M    M   7 1      29 330
14  50  37  44 -10  21   0 0.00    M    M  5.7 15  40   M    M   9        18  40
15  51  34  43 -11  22   0 0.00    M    M  6.6 17  60   M    M   5        20  60
16  55  40  48  -6  17   0    T    M    M  6.3 12 140   M    M  10        14 150
17  71  55  63   9   2   0    T    M    M  4.8 14 220   M    M  10        18 220
18  79  57  68  13   0   3    T  0.0    0   M   M   M   M    M   M         M  M
19  84  51  68  13   0   3 0.00  0.0    M  4.9 14 230   M    M   2        22 230
20  86  60  73  18   0   8 0.00  0.0    0  7.1 18 230   M    M   2        24 200
21  85  60  73  17   0   8 0.00  0.0    0  7.3 24  70   M    M   0        29  60
22  67  52  60   4   5   0 0.00  0.0    0 11.1 18  60   M    M   1        23  50
23  83  49  66  10   0   1 0.00  0.0    0  7.2 15 170   M    M   2        22 200
24  78  60  69  12   0   4 1.94  0.0    0  9.8 24 150   M    M   7 1      37 180
25  71  50  61   4   4   0 0.00  0.0    0  7.4 21 240   M    M   6        28 240
26  79  46  63   6   2   0 0.00  0.0    0  3.7 12 180   M    M   2 12     17 190
27  81  56  69  11   0   4 0.33  0.0    0  7.8 20 230   M    M   6 18     31 300
28  78  51  65   7   0   0 0.00  0.0    0  6.9 20  80   M    M   5 1      27  90
================================================================================
SM 1940 1288       229  31  3.64     0.0 187.5          M      122
================================================================================
AV 69.3 46.0                               6.9 FASTST   M    M   5    MAX(MPH)
                                 MISC ---->  # 24  70               # 37  180
================================================================================
NOTES:
# LAST OF SEVERAL OCCURRENCES

COLUMN 17 PEAK WIND IN M.P.H.

PRELIMINARY LOCAL CLIMATOLOGICAL DATA (WS FORM: F-6) , PAGE 2

                                          STATION:  Hot Springs Memorial Field
                                          MONTH:    MARCH
                                          YEAR:     2017
                                          LATITUDE:   34 28 N
                                          LONGITUDE:  93  6 W

[TEMPERATURE DATA]      [PRECIPITATION DATA]       SYMBOLS USED IN COLUMN 16

AVERAGE MONTHLY: 57.6   TOTAL FOR MONTH:   3.64    1 = FOG OR MIST
DPTR FM NORMAL:   3.9   DPTR FM NORMAL:   -0.95    2 = FOG REDUCING VISIBILITY
HIGHEST:    86 ON 20    GRTST 24HR  1.94 ON 24-24      TO 1/4 MILE OR LESS
LOWEST:     32 ON  8                               3 = THUNDER
                        SNOW, ICE PELLETS, HAIL    4 = ICE PELLETS
                        TOTAL MONTH:   0.0 INCH    5 = HAIL
                        GRTST 24HR     0.0         6 = FREEZING RAIN OR DRIZZLE
                        GRTST DEPTH:   0           7 = DUSTSTORM OR SANDSTORM:
                                                       VSBY 1/2 MILE OR LESS
                                                   8 = SMOKE OR HAZE
[NO. OF DAYS WITH]      [WEATHER - DAYS WITH]      9 = BLOWING SNOW
                                                   X = TORNADO
MAX 32 OR BELOW:   0    0.01 INCH OR MORE:   7
MAX 90 OR ABOVE:   0    0.10 INCH OR MORE:   7
MIN 32 OR BELOW:   1    0.50 INCH OR MORE:   2
MIN  0 OR BELOW:   0    1.00 INCH OR MORE:   1

[HDD (BASE 65) ]
TOTAL THIS MO.   229    CLEAR  (SCALE 0-3)  13
DPTR FM NORMAL   -99    PTCLDY (SCALE 4-7)   8
TOTAL FM JUL 1  1991    CLOUDY (SCALE 8-10)  6
DPTR FM NORMAL  -766

[CDD (BASE 65) ]
TOTAL THIS MO.    31
DPTR FM NORMAL    21    [PRESSURE DATA]
TOTAL FM JAN 1    47    HIGHEST SLP M ON M
DPTR FM NORMAL    35    LOWEST  SLP 29.66 ON  1

[REMARKS]
