000
CXUS54 KLZK 281130
CF6HOT
PRELIMINARY LOCAL CLIMATOLOGICAL DATA (WS FORM: F-6)

                                          STATION:   Hot Springs Memorial Field
                                          MONTH:     APRIL
                                          YEAR:      2016
                                          LATITUDE:   34 28 N
                                          LONGITUDE:  93  6 W

  TEMPERATURE IN F:       :PCPN:    SNOW:  WIND      :SUNSHINE: SKY     :PK WND
================================================================================
1   2   3   4   5  6A  6B    7    8   9   10  11  12  13   14  15   16   17  18
                                     12Z  AVG MX 2MIN
DY MAX MIN AVG DEP HDD CDD  WTR  SNW DPTH SPD SPD DIR MIN PSBL S-S WX    SPD DR
================================================================================

 1  60  43  52  -7  13   0 0.00    M    M  4.2 13 360   M    M   1        18 340
 2  68  38  53  -6  12   0 0.00    M    M  4.8 15 300   M    M   0        21 300
 3  75  39  57  -3   8   0 0.00    M    M  4.6 18 200   M    M   0        26 180
 4  84  46  65   5   0   0 0.00    M    M  5.3 17 230   M    M   0        22 260
 5  78  56  67   7   0   2 0.00    M    M  9.0 16 100   M    M   0        21 110
 6  73  54  64   4   1   0 0.00    M    M  8.7 21 240   M    M   1        31 330
 7  82  44  63   3   2   0    T    M    M  6.0 15 330   M    M   0        25 300
 8  70  45  58  -3   7   0 0.00    M    M  4.5 15 320   M    M   0        26 320
 9  74  38  56  -5   9   0 0.01    M    M  4.5 16  90   M    M   3        21  80
10  78  58  68   7   0   3    T    M    M 11.1 22 210   M    M   8        30 230
11  70  52  61  -1   4   0 1.85    M    M  5.5 16 310   M    M   7 13     27 330
12  67  50  59  -3   6   0    T    M    M  7.1 22  80   M    M   1        27  80
13  64  50  57  -5   8   0 0.01    M    M  5.6 16  60   M    M   6        20  60
14  67  50  59  -3   6   0 0.20    M    M  4.7 15  70   M    M   8 1      20  70
15  73  57  65   2   0   0    T    M    M  7.9 17 110   M    M  10 1      23 110
16  66  59  63   0   2   0    T    M    M  8.9 16  80   M    M  10 1      20 110
17  76  61  69   6   0   4 0.00    M    M  9.1 16 120   M    M   7        22 140
18  68  62  65   2   0   0 0.23    M    M  2.6 12 100   M    M  10 1      15  90
19  63  59  61  -3   4   0 0.42    M    M  6.9 15 100   M    M  10 1      19 110
20  71  59  65   1   0   0 0.90    M    M  3.8 10 340   M    M   8 13     14 330
21  76  56  66   2   0   1 0.13    M    M  2.6  9 300   M    M   4 12     13 310
22  80  51  66   2   0   1 0.00    M    M  3.7 13 350   M    M   1        18 330
23  81  50  66   1   0   1 0.00    M    M  3.5  9 150   M    M   0        13 150
24  79  57  68   3   0   3 0.00    M    M  6.1 15 190   M    M   3        21 180
25  81  65  73   8   0   8 0.00    M    M  7.0 14 190   M    M   5        20 200
26  83  71  77  12   0  12 0.00    M    M  6.9 14 180   M    M   7        19 190
27  82  62  72   6   0   7 0.01    M    M  7.5 18 200   M    M   2        27 270
================================================================================
SM 1989 1432        82  42  3.76    M    162.1          M      112
================================================================================
AV 73.7 53.0                               6.0 FASTST   M    M   4    MAX(MPH)
                                 MISC ---->  # 22 210               # 31  330
================================================================================
NOTES:
# LAST OF SEVERAL OCCURRENCES

COLUMN 17 PEAK WIND IN M.P.H.

PRELIMINARY LOCAL CLIMATOLOGICAL DATA (WS FORM: F-6) , PAGE 2

                                          STATION:  Hot Springs Memorial Field
                                          MONTH:    APRIL
                                          YEAR:     2016
                                          LATITUDE:   34 28 N
                                          LONGITUDE:  93  6 W

[TEMPERATURE DATA]      [PRECIPITATION DATA]       SYMBOLS USED IN COLUMN 16

AVERAGE MONTHLY: 63.4   TOTAL FOR MONTH:   3.76    1 = FOG OR MIST
DPTR FM NORMAL:   1.0   DPTR FM NORMAL:   -0.51    2 = FOG REDUCING VISIBILITY
HIGHEST:    84 ON  4    GRTST 24HR  1.85 ON 11-11      TO 1/4 MILE OR LESS
LOWEST:     38 ON  9, 2                            3 = THUNDER
                        SNOW, ICE PELLETS, HAIL    4 = ICE PELLETS
                        TOTAL MONTH:    M          5 = HAIL
                        GRTST 24HR    M  ON   M    6 = FREEZING RAIN OR DRIZZLE
                        GRTST DEPTH:  M  ON   M    7 = DUSTSTORM OR SANDSTORM:
                                                       VSBY 1/2 MILE OR LESS
                                                   8 = SMOKE OR HAZE
[NO. OF DAYS WITH]      [WEATHER - DAYS WITH]      9 = BLOWING SNOW
                                                   X = TORNADO
MAX 32 OR BELOW:   0    0.01 INCH OR MORE:   9
MAX 90 OR ABOVE:   0    0.10 INCH OR MORE:   6
MIN 32 OR BELOW:   0    0.50 INCH OR MORE:   2
MIN  0 OR BELOW:   0    1.00 INCH OR MORE:   1

[HDD (BASE 65) ]
TOTAL THIS MO.    82    CLEAR  (SCALE 0-3)  14
DPTR FM NORMAL   -43    PTCLDY (SCALE 4-7)   8
TOTAL FM JUL 1  2245    CLOUDY (SCALE 8-10)  5
DPTR FM NORMAL  -660

[CDD (BASE 65) ]
TOTAL THIS MO.    42
DPTR FM NORMAL   -10    [PRESSURE DATA]
TOTAL FM JAN 1    60    HIGHEST SLP M ON M
DPTR FM NORMAL   -10    LOWEST  SLP 29.57 ON 27

[REMARKS]
