000
CXUS54 KHGX 261415
CF6HOU
PRELIMINARY LOCAL CLIMATOLOGICAL DATA (WS FORM: F-6)

                                          STATION:   HOUSTON/HOBBY AIRPORT
                                          MONTH:     NOVEMBER
                                          YEAR:      2014
                                          LATITUDE:   29 38 N
                                          LONGITUDE:  95 17 W

  TEMPERATURE IN F:       :PCPN:    SNOW:  WIND      :SUNSHINE: SKY     :PK WND
================================================================================
1   2   3   4   5  6A  6B    7    8   9   10  11  12  13   14  15   16   17  18
                                     12Z  AVG MX 2MIN
DY MAX MIN AVG DEP HDD CDD  WTR  SNW DPTH SPD SPD DIR MIN PSBL S-S WX    SPD DR
================================================================================

 1  65  48  57 -11   8   0 0.00  0.0    0  6.5 17  70   M    M   2        25  30
 2  71  48  60  -7   5   0 0.00  0.0    0  7.9 15 120   M    M   5        21 110
 3  80  59  70   3   0   5 0.00  0.0    0  6.7 20 150   M    M   8        25 150
 4  81  68  75   8   0  10 0.00  0.0    0  7.4 18 150   M    M   8        25 160
 5  82  66  74   8   0   9 0.36  0.0    0  7.2 21 290   M    M   9 1      25 280
 6  67  59  63  -3   2   0 0.13  0.0    0 10.1 18  10   M    M   9        24 340
 7  66  52  59  -7   6   0 0.00  0.0    0  6.3 15  50   M    M   6        21  40
 8  75  52  64  -2   1   0    T  0.0    0  3.8 20 350   M    M   6        23 360
 9  72  49  61  -4   4   0 0.00  0.0    0  4.4 10 170   M    M   0        31 280
10  79  49  64  -1   1   0 0.00  0.0    0  8.4 22 190   M    M   4        29 180
11  73  51  62  -3   3   0 0.02  0.0    0  9.9 21 360   M    M   9        30 340
12  56  45  51 -13  14   0    T    M    0 15.4 24  20   M    M   9        30  10
13  47  37  42 -22  23   0 0.33  0.0    0 16.1 23 360   M    M   8 1      29 340
14  47  37  42 -22  23   0 0.00  0.0    0  6.6 17  10   M    M   9        24  20
15  54  45  50 -13  15   0 0.14  0.0    0  9.5 17  80   M    M  10 1      23  90
16  60  45  53 -10  12   0 0.55    M    0  7.7 24 340   M    M  10 13     30 340
17  51  37  44 -19  21   0 0.00  0.0    0 15.6 28 340   M    M   4        35 330
18  54  34  44 -18  21   0 0.00  0.0    0  6.1 14  60   M    M   3        17  60
19  69  34  52 -10  13   0 0.00  0.0    0  5.2 18 170   M    M   4        22 160
20  74  50  62   0   3   0 0.07  0.0    0  6.4 16 140   M    M   7 1      22 160
21  67  63  65   4   0   0 0.84  0.0    0  7.4 15 110   M    M   9 1      21 110
22  67  62  65   4   0   0 1.69  0.0    0 10.2 17 110   M    M   8 13     25 100
23  80  59  70   9   0   5 0.31  0.0    0 10.4 24 240   M    M   3 13     31 320
24  66  49  58  -2   7   0 0.00  0.0    0 11.9 25 340   M    M   3        31 330
25  66  46  56  -4   9   0 0.00  0.0    0  5.8 13 340   M    M   3         M  M
================================================================================
SM 1669 1244       191  29  4.44     0.0 212.9          M      156
================================================================================
AV 66.8 49.8                               8.5 FASTST   M    M   6    MAX(MPH)
                                 MISC ---->  # 28 340               # 35  330
================================================================================
NOTES:
# LAST OF SEVERAL OCCURRENCES

COLUMN 17 PEAK WIND IN M.P.H.

PRELIMINARY LOCAL CLIMATOLOGICAL DATA (WS FORM: F-6) , PAGE 2

                                          STATION:  HOUSTON/HOBBY AIRPORT
                                          MONTH:    NOVEMBER
                                          YEAR:     2014
                                          LATITUDE:   29 38 N
                                          LONGITUDE:  95 17 W

[TEMPERATURE DATA]      [PRECIPITATION DATA]       SYMBOLS USED IN COLUMN 16

AVERAGE MONTHLY: 58.3   TOTAL FOR MONTH:   4.44    1 = FOG OR MIST
DPTR FM NORMAL:  -5.7   DPTR FM NORMAL:    0.81    2 = FOG REDUCING VISIBILITY
HIGHEST:    82 ON  5    GRTST 24HR  2.00 ON 22-23      TO 1/4 MILE OR LESS
LOWEST:     34 ON 19,18                            3 = THUNDER
                        SNOW, ICE PELLETS, HAIL    4 = ICE PELLETS
                        TOTAL MONTH:   0.0 INCH    5 = HAIL
                        GRTST 24HR     0.0         6 = FREEZING RAIN OR DRIZZLE
                        GRTST DEPTH:   0           7 = DUSTSTORM OR SANDSTORM:
                                                       VSBY 1/2 MILE OR LESS
                                                   8 = SMOKE OR HAZE
[NO. OF DAYS WITH]      [WEATHER - DAYS WITH]      9 = BLOWING SNOW
                                                   X = TORNADO
MAX 32 OR BELOW:   0    0.01 INCH OR MORE:  10
MAX 90 OR ABOVE:   0    0.10 INCH OR MORE:   8
MIN 32 OR BELOW:   0    0.50 INCH OR MORE:   3
MIN  0 OR BELOW:   0    1.00 INCH OR MORE:   1

[HDD (BASE 65) ]
TOTAL THIS MO.   191    CLEAR  (SCALE 0-3)   4
DPTR FM NORMAL    92    PTCLDY (SCALE 4-7)  12
TOTAL FM JUL 1   191    CLOUDY (SCALE 8-10)  9
DPTR FM NORMAL    71

[CDD (BASE 65) ]
TOTAL THIS MO.    29
DPTR FM NORMAL   -44    [PRESSURE DATA]
TOTAL FM JAN 1  3112    HIGHEST SLP M ON M
DPTR FM NORMAL     3    LOWEST  SLP 29.52 ON 23

[REMARKS]
