000
CXUS55 KSEW 302249
CF6HQM
PRELIMINARY LOCAL CLIMATOLOGICAL DATA (WS FORM: F-6)

                                          STATION:   HOQUIAM WA AIRPORT
                                          MONTH:     JUNE
                                          YEAR:      2015
                                          LATITUDE:   46 58 N
                                          LONGITUDE: 123 56 W

  TEMPERATURE IN F:       :PCPN:    SNOW:  WIND      :SUNSHINE: SKY     :PK WND
================================================================================
1   2   3   4   5  6A  6B    7    8   9   10  11  12  13   14  15   16   17  18
                                     12Z  AVG MX 2MIN
DY MAX MIN AVG DEP HDD CDD  WTR  SNW DPTH SPD SPD DIR MIN PSBL S-S WX    SPD DR
================================================================================

 1  59  53  56   1   9   0 0.19  0.0    0  8.3 17 220   M    M  10 1      20 220
 2  59  53  56   1   9   0 0.18  0.0    0 10.1 15 240   M    M  10 1      17 230
 3  62  53  58   3   7   0    T  0.0    0  9.0 18 260   M    M   7 1      23 270
 4  65  49  57   1   8   0 0.00  0.0    0  6.8 20 270   M    M   2 1      23 260
 5  68  48  58   2   7   0 0.00  0.0    0  6.3 18 230   M    M   0 1      21 230
 6  68  51  60   4   5   0 0.00  0.0    0  7.4 18 230   M    M   4 12     22 230
 7  70  52  61   5   4   0 0.00  0.0    0  8.0 21 240   M    M   1 1      23 230
 8  70  51  61   5   4   0 0.00  0.0    0  7.7 18 230   M    M   4 1      20 220
 9  67  50  59   3   6   0 0.00  0.0    0  9.1 17 240   M    M   1 1      23 260
10  62  53  58   2   7   0 0.00  0.0    0 10.5 18 240   M    M   6 1      24 250
11  65  53  59   3   6   0 0.00  0.0    0 14.4 26 270   M    M   3 1      32 270
12  62  51  57   1   8   0 0.00  0.0    0 12.7 24 270   M    M   2 1      32 250
13  61  46  54  -3  11   0 0.00  0.0    0  6.3 16 240   M    M   4 1      21 240
14  72  49  61   4   4   0 0.00  0.0    0  6.9 16 230   M    M   4 1      20 290
15  65  49  57   0   8   0 0.00  0.0    0  9.8 22 230   M    M   3 12     26 270
16  63  53  58   1   7   0 0.00  0.0    0 12.6 22 260   M    M   5        29 270
17  65  52  59   2   6   0 0.00  0.0    0 10.1 20 270   M    M   0 1      23 260
18  63  54  59   2   6   0    T  0.0    0 10.0 21 230   M    M   7 1      24 230
19  67  52  60   3   5   0    T  0.0    0 10.7 20 250   M    M   3 1      24 250
20  69  47  58   1   7   0 0.00  0.0    0  6.9 18 270   M    M   1 1      23 260
21  71  51  61   3   4   0 0.00  0.0    0  8.2 17 230   M    M   1 1      20 220
22  65  54  60   2   5   0 0.00  0.0    0  8.9 18 240   M    M   6 8      23 240
23  68  50  59   1   6   0 0.00  0.0    0  6.9 20 240   M    M   0 1      23 230
24  72  54  63   5   2   0 0.01  0.0    0  5.3 16 220   M    M   4 1      18 220
25  75  53  64   6   1   0 0.00  0.0    0  7.0 17 240   M    M   0 1      20 230
26  74  57  66   8   0   1 0.00  0.0    0  7.4 18 230   M    M   5 12     21 240
27  79  55  67   9   0   2 0.00  0.0    0  5.7 17 200   M    M   0 1      20 210
28  68  58  63   5   2   0    T  0.0    0  6.3 21 190   M    M   4 18     24 200
29  66  57  62   3   3   0 0.00  0.0    0  8.6 16 220   M    M  10 1      19 210
================================================================================
SM 1940 1508       157   3  0.38     0.0 247.9          M      107
================================================================================
AV 66.9 52.0                               8.5 FASTST   M    M   4    MAX(MPH)
                                 MISC ---->  # 26 270               # 32  270
================================================================================
NOTES:
# LAST OF SEVERAL OCCURRENCES

COLUMN 17 PEAK WIND IN M.P.H.

PRELIMINARY LOCAL CLIMATOLOGICAL DATA (WS FORM: F-6) , PAGE 2

                                          STATION:  HOQUIAM WA AIRPORT
                                          MONTH:    JUNE
                                          YEAR:     2015
                                          LATITUDE:   46 58 N
                                          LONGITUDE: 123 56 W

[TEMPERATURE DATA]      [PRECIPITATION DATA]       SYMBOLS USED IN COLUMN 16

AVERAGE MONTHLY: 59.4   TOTAL FOR MONTH:   0.38    1 = FOG OR MIST
DPTR FM NORMAL:   2.6   DPTR FM NORMAL:   -1.81    2 = FOG REDUCING VISIBILITY
HIGHEST:    79 ON 27    GRTST 24HR  0.33 ON  1- 2      TO 1/4 MILE OR LESS
LOWEST:     46 ON 13                               3 = THUNDER
                        SNOW, ICE PELLETS, HAIL    4 = ICE PELLETS
                        TOTAL MONTH:   0.0 INCH    5 = HAIL
                        GRTST 24HR     0.0         6 = FREEZING RAIN OR DRIZZLE
                        GRTST DEPTH:   0           7 = DUSTSTORM OR SANDSTORM:
                                                       VSBY 1/2 MILE OR LESS
                                                   8 = SMOKE OR HAZE
[NO. OF DAYS WITH]      [WEATHER - DAYS WITH]      9 = BLOWING SNOW
                                                   X = TORNADO
MAX 32 OR BELOW:   0    0.01 INCH OR MORE:   3
MAX 90 OR ABOVE:   0    0.10 INCH OR MORE:   2
MIN 32 OR BELOW:   0    0.50 INCH OR MORE:   0
MIN  0 OR BELOW:   0    1.00 INCH OR MORE:   0

[HDD (BASE 65) ]
TOTAL THIS MO.   157    CLEAR  (SCALE 0-3)  11
DPTR FM NORMAL   -80    PTCLDY (SCALE 4-7)  15
TOTAL FM JUL 1  4052    CLOUDY (SCALE 8-10)  3
DPTR FM NORMAL -1129

[CDD (BASE 65) ]
TOTAL THIS MO.     3
DPTR FM NORMAL     3    [PRESSURE DATA]
TOTAL FM JAN 1     3    HIGHEST SLP M ON M
DPTR FM NORMAL     2    LOWEST  SLP 29.81 ON  1

[REMARKS]
