000
CXUS54 KBRO 300900
CF6HRL
PRELIMINARY LOCAL CLIMATOLOGICAL DATA (WS FORM: F-6)

                                          STATION:   HARLINGEN
                                          MONTH:     JULY
                                          YEAR:      2015
                                          LATITUDE:   26 13 N
                                          LONGITUDE:  97 40 W

  TEMPERATURE IN F:       :PCPN:    SNOW:  WIND      :SUNSHINE: SKY     :PK WND
================================================================================
1   2   3   4   5  6A  6B    7    8   9   10  11  12  13   14  15   16   17  18
                                     12Z  AVG MX 2MIN
DY MAX MIN AVG DEP HDD CDD  WTR  SNW DPTH SPD SPD DIR MIN PSBL S-S WX    SPD DR
================================================================================

 1  84  72  78  -7   0  13 0.98  0.0    0 10.0 25 150   M    M   4 1      30 150
 2  92  71  82  -3   0  17 0.12    M    M  9.9 31 200   M    M   M 13     39 190
 3  93  73  83  -2   0  18 0.00  0.0    0 11.7 23 140   M    M   3 1      28 130
 4  93  76  85   0   0  20 0.02  0.0    0 13.4 36 160   M    M   1 3      40 160
 5  93  77  85   0   0  20 0.00  0.0    0 15.8 28 150   M    M   4 1      36 150
 6  93  78  86   1   0  21    T  0.0    0 16.5 28 160   M    M   3 1      34 150
 7  94  79  87   2   0  22 0.00  0.0    0 16.9 30 170   M    M   4 1      37 180
 8  95  76  86   1   0  21 0.00  0.0    0 14.9 26 170   M    M   5 1      32 140
 9  95  75  85   0   0  20 0.00  0.0    0 12.7 23 140   M    M   2 1      32 140
10  95  75  85   0   0  20 0.00  0.0    0 11.8 22 150   M    M   2 1      27 120
11  96  72  84  -1   0  19 0.00  0.0    0 10.2 20 130   M    M   3 12     33 130
12  97  73  85   0   0  20 0.00  0.0    0  9.7 22 150   M    M   2 12     26 150
13  97  73  85   0   0  20 0.00  0.0    0 11.1 20 140   M    M   0 1      25 140
14  96  73  85   0   0  20 0.00  0.0    0 13.3 23 140   M    M   1        29 140
15  96  73  85   0   0  20 0.00  0.0    0 11.7 23 150   M    M   1        27 170
16  97  73  85   0   0  20 0.00  0.0    0 11.1 22 130   M    M   1 1      27 130
17  98  76  87   2   0  22 0.00  0.0    0 13.4 24 140   M    M   2 1      30 150
18  98  80  89   4   0  24 0.00  0.0    0 14.7 24 170   M    M   1        31 160
19  98  79  89   4   0  24 0.00  0.0    0 13.4 23 160   M    M   1 1      30 150
20  98  74  86   1   0  21 0.00  0.0    0 11.4 22 140   M    M   1 1      29 160
21  97  77  87   2   0  22 0.00  0.0    0 13.2 24 140   M    M   2 1      33 150
22  98  78  88   3   0  23    T  0.0    0 15.6 28 150   M    M   1 1      35 150
23  98  77  88   3   0  23 0.00  0.0    0 15.0 26 140   M    M   1 1      39 130
24  98  79  89   4   0  24 0.00  0.0    0 12.4 21 160   M    M   4 1      27 150
25  99  76  88   3   0  23 0.00  0.0    0 11.9 25 140   M    M   1 1      29 130
26 100  80  90   5   0  25 0.00  0.0    0 13.8 23 160   M    M   2        31 180
27  99  78  89   4   0  24 0.00  0.0    0 15.5 28 140   M    M   2        33 140
28  99  78  89   3   0  24 0.00  0.0    0 14.6 25 150   M    M   1 1      32 170
29  99  78  89   3   0  24 0.00  0.0    0 11.5 22 140   M    M   3 1      30 150
================================================================================
SM 2785 2199         0 614  1.12     0.0 377.1          M       58
================================================================================
AV 96.0 75.8                              13.0 FASTST   M    M   2    MAX(MPH)
                                 MISC ---->  # 36 160               # 40  160
================================================================================
NOTES:
# LAST OF SEVERAL OCCURRENCES

COLUMN 17 PEAK WIND IN M.P.H.

PRELIMINARY LOCAL CLIMATOLOGICAL DATA (WS FORM: F-6) , PAGE 2

                                          STATION:  HARLINGEN
                                          MONTH:    JULY
                                          YEAR:     2015
                                          LATITUDE:   26 13 N
                                          LONGITUDE:  97 40 W

[TEMPERATURE DATA]      [PRECIPITATION DATA]       SYMBOLS USED IN COLUMN 16

AVERAGE MONTHLY: 85.9   TOTAL FOR MONTH:   1.12    1 = FOG OR MIST
DPTR FM NORMAL:   0.9   DPTR FM NORMAL:   -0.72    2 = FOG REDUCING VISIBILITY
HIGHEST:   100 ON 26    GRTST 24HR  1.44 ON 30- 1      TO 1/4 MILE OR LESS
LOWEST:     71 ON  2                               3 = THUNDER
                        SNOW, ICE PELLETS, HAIL    4 = ICE PELLETS
                        TOTAL MONTH:   0.0 INCH    5 = HAIL
                        GRTST 24HR     0.0         6 = FREEZING RAIN OR DRIZZLE
                        GRTST DEPTH:   0           7 = DUSTSTORM OR SANDSTORM:
                                                       VSBY 1/2 MILE OR LESS
                                                   8 = SMOKE OR HAZE
[NO. OF DAYS WITH]      [WEATHER - DAYS WITH]      9 = BLOWING SNOW
                                                   X = TORNADO
MAX 32 OR BELOW:   0    0.01 INCH OR MORE:   3
MAX 90 OR ABOVE:  28    0.10 INCH OR MORE:   2
MIN 32 OR BELOW:   0    0.50 INCH OR MORE:   1
MIN  0 OR BELOW:   0    1.00 INCH OR MORE:   0

[HDD (BASE 65) ]
TOTAL THIS MO.     0    CLEAR  (SCALE 0-3)  23
DPTR FM NORMAL     0    PTCLDY (SCALE 4-7)   5
TOTAL FM JUL 1     0    CLOUDY (SCALE 8-10)  0
DPTR FM NORMAL     0

[CDD (BASE 65) ]
TOTAL THIS MO.   614
DPTR FM NORMAL    34    [PRESSURE DATA]
TOTAL FM JAN 1  2265    HIGHEST SLP M ON M
DPTR FM NORMAL    16    LOWEST  SLP 29.82 ON 21

[REMARKS]
