000
CXUS54 KLZK 271330
CF6HRO
PRELIMINARY LOCAL CLIMATOLOGICAL DATA (WS FORM: F-6)

                                          STATION:   Harrison
                                          MONTH:     MARCH
                                          YEAR:      2015
                                          LATITUDE:   36 15 N
                                          LONGITUDE:  93  9 W

  TEMPERATURE IN F:       :PCPN:    SNOW:  WIND      :SUNSHINE: SKY     :PK WND
================================================================================
1   2   3   4   5  6A  6B    7    8   9   10  11  12  13   14  15   16   17  18
                                     12Z  AVG MX 2MIN
DY MAX MIN AVG DEP HDD CDD  WTR  SNW DPTH SPD SPD DIR MIN PSBL S-S WX    SPD DR
================================================================================

 1  34  26  30 -14  35   0 0.18  0.0    0  5.1 10  10   M    M  10 16     15  10
 2  35  25  30 -14  35   0 0.00  0.0    0  9.2 21 150   M    M   9        24 150
 3  57  35  46   1  19   0 0.11  0.0    0  7.9 21 230   M    M  10 1      30 240
 4  45  19  32 -13  33   0 0.85  4.0    0  8.2 21  30   M    M  10 12     29  30
 5  34  17  26 -19  39   0    T  0.3    4  7.1 17 340   M    M   1        25 330
 6  49  14  32 -14  33   0 0.00  0.0    3  5.5 12 260   M    M   0        18 290
 7  65  33  49   3  16   0 0.00  0.0    1  7.2 21 250   M    M   0        26 260
 8  55  38  47   1  18   0 0.00  0.0    0  6.3 15 170   M    M   6        19 170
 9  51  43  47   0  18   0 0.47    M    0  6.2 12 120   M    M   9 1      14 130
10  51  43  47   0  18   0 0.09  0.0    0  3.9 10 320   M    M   8 12     14 310
11  69  36  53   6  12   0 0.00  0.0    0  4.9 12  40   M    M   1 12     15 320
12  60  40  50   2  15   0 0.28  0.0    0  5.8 18 130   M    M   5 12     26 120
13  56  50  53   5  12   0 1.08  0.0    0  5.0 18  30   M    M  10 12     26  20
14  56  48  52   4  13   0 0.32  0.0    0  5.7 22  20   M    M   6 1      33  10
15  71  39  55   7  10   0 0.00  0.0    0  3.8 13 140   M    M   0 12     17 170
16  76  47  62  13   3   0 0.00  0.0    0  6.0 14 210   M    M   0 1      19 170
17  68  52  60  11   5   0    T  0.0    0  9.8 18  50   M    M   3        24  40
18  52  37  45  -4  20   0 0.62  0.0    0 10.8 16 100   M    M   9 1      21  90
19  50  36  43  -7  22   0 0.13  0.0    M  3.8 12 120   M    M  10 12     14 130
20  60  42  51   1  14   0 0.09  0.0    0  4.2 10 300   M    M   5 12     14 310
21  66  39  53   3  12   0 0.00  0.0    0  3.1  9 160   M    M   0        11 160
22  61  46  54   3  11   0 0.06  0.0    0  3.6  9 140   M    M   5        11 210
23  75  40  58   7   7   0 0.00  0.0    0  4.4 14 300   M    M   1 1      18 300
24  77  50  64  13   1   0 0.18  0.0    0 10.3 28 170   M    M   2 3      35 180
25  79  44  62  10   3   0 1.16  0.0    0  9.7 31 340   M    M   1 13     42 290
26  54  37  46  -6  19   0 0.32  0.0    0  9.4 22  10   M    M   5 1      32  20
================================================================================
SM 1506  976       443   0  5.94     4.3 166.9          M      126
================================================================================
AV 57.9 37.5                               6.4 FASTST   M    M   5    MAX(MPH)
                                 MISC ---->  # 31 340               # 42  290
================================================================================
NOTES:
# LAST OF SEVERAL OCCURRENCES

COLUMN 17 PEAK WIND IN M.P.H.

PRELIMINARY LOCAL CLIMATOLOGICAL DATA (WS FORM: F-6) , PAGE 2

                                          STATION:  Harrison
                                          MONTH:    MARCH
                                          YEAR:     2015
                                          LATITUDE:   36 15 N
                                          LONGITUDE:  93  9 W

[TEMPERATURE DATA]      [PRECIPITATION DATA]       SYMBOLS USED IN COLUMN 16

AVERAGE MONTHLY: 47.7   TOTAL FOR MONTH:   5.94    1 = FOG OR MIST
DPTR FM NORMAL:  -0.3   DPTR FM NORMAL:    2.84    2 = FOG REDUCING VISIBILITY
HIGHEST:    79 ON 25    GRTST 24HR  1.16 ON 25-25      TO 1/4 MILE OR LESS
LOWEST:     14 ON  6                               3 = THUNDER
                        SNOW, ICE PELLETS, HAIL    4 = ICE PELLETS
                        TOTAL MONTH:   4.3 INCHES  5 = HAIL
                        GRTST 24HR   4.0 ON  4- 4  6 = FREEZING RAIN OR DRIZZLE
                        GRTST DEPTH:   4 ON  5     7 = DUSTSTORM OR SANDSTORM:
                                                       VSBY 1/2 MILE OR LESS
                                                   8 = SMOKE OR HAZE
[NO. OF DAYS WITH]      [WEATHER - DAYS WITH]      9 = BLOWING SNOW
                                                   X = TORNADO
MAX 32 OR BELOW:   0    0.01 INCH OR MORE:  15
MAX 90 OR ABOVE:   0    0.10 INCH OR MORE:  12
MIN 32 OR BELOW:   5    0.50 INCH OR MORE:   4
MIN  0 OR BELOW:   0    1.00 INCH OR MORE:   2

[HDD (BASE 65) ]
TOTAL THIS MO.   443    CLEAR  (SCALE 0-3)  10
DPTR FM NORMAL    -2    PTCLDY (SCALE 4-7)   7
TOTAL FM JUL 1  3838    CLOUDY (SCALE 8-10)  9
DPTR FM NORMAL   221

[CDD (BASE 65) ]
TOTAL THIS MO.     0
DPTR FM NORMAL     0    [PRESSURE DATA]
TOTAL FM JAN 1     0    HIGHEST SLP M ON M
DPTR FM NORMAL     0    LOWEST  SLP 29.67 ON 24

[REMARKS]
ALL SNOWFALL DATA IS FROM THE HARRISON COOPERATIVE OBSERVER SITE
