000
CXUS53 KGID 230730
CF6HSI
PRELIMINARY LOCAL CLIMATOLOGICAL DATA (WS FORM: F-6)

                                          STATION:   HASTINGS NE
                                          MONTH:     NOVEMBER
                                          YEAR:      2017
                                          LATITUDE:   40 35 N
                                          LONGITUDE:  98 26 W

  TEMPERATURE IN F:       :PCPN:    SNOW:  WIND      :SUNSHINE: SKY     :PK WND
================================================================================
1   2   3   4   5  6A  6B    7    8   9   10  11  12  13   14  15   16   17  18
                                     12Z  AVG MX 2MIN
DY MAX MIN AVG DEP HDD CDD  WTR  SNW DPTH SPD SPD DIR MIN PSBL S-S WX    SPD DR
================================================================================

 1  52  28  40  -6  25   0 0.00  0.0    T  7.8 16 180   M    M   2        27 170
 2  50  31  41  -4  24   0 0.00  0.0    0 12.9 25  20   M    M   0        33  20
 3  44  27  36  -9  29   0 0.00  0.0    0  6.5 13 120   M    M   5 1      18 110
 4  51  38  45   1  20   0 0.00  0.0    0  4.8 14 180   M    M   6        21 200
 5  46  31  39  -5  26   0 0.00  0.0    0 14.0 23 350   M    M   7        32  10
 6  45  22  34  -9  31   0 0.00  0.0    0  5.8 13  60   M    M   3        16  70
 7  41  24  33 -10  32   0 0.00  0.0    0  7.8 16  10   M    M   7        20  10
 8  51  20  36  -6  29   0 0.00  0.0    0  7.1 17 200   M    M   0 1      26 230
 9  36  21  29 -13  36   0 0.00  0.0    0 10.4 20  30   M    M   0        26  20
10  38  22  30 -11  35   0 0.00  0.0    0 12.2 17 160   M    M   9        25 150
11  44  38  41   0  24   0 0.00  0.0    0  4.6 15 160   M    M  10 12     21 160
12  53  31  42   2  23   0 0.00  0.0    0  5.4 13  10   M    M   3 12     16 360
13  46  31  39  -1  26   0 0.00  0.0    0  9.0 17 180   M    M   8 128    28 190
14  51  42  47   7  18   0 0.00  0.0    0  8.4 16 330   M    M  10 12     24 330
15  55  29  42   3  23   0 0.00  0.0    0 10.5 18 310   M    M   0        26 320
16  57  27  42   4  23   0 0.00  0.0    0 13.6 24 170   M    M   0        36 160
17  60  40  50  12  15   0    T  0.0    0 12.6 26  20   M    M   5 1      37  10
18  50  27  39   1  26   0 0.08  0.0    0 17.3 32 330   M    M   3 1      42 330
19  57  24  41   4  24   0 0.00  0.0    0  8.1 16 220   M    M   0        28 240
20  64  27  46  10  19   0 0.00  0.0    0  6.8 16 240   M    M   0        25 230
21  44  13  29  -7  36   0 0.00  0.0    0 14.6 37 350   M    M   2        53 340
22  52  15  34  -2  31   0 0.00  0.0    0  8.6 21 210   M    M   0        29 200
================================================================================
SM 1087  608       575   0  0.08     0.0 208.8          M       80
================================================================================
AV 49.4 27.6                               9.5 FASTST   M    M   4    MAX(MPH)
                                 MISC ---->  # 37 350               # 53  340
================================================================================
NOTES:
# LAST OF SEVERAL OCCURRENCES

COLUMN 17 PEAK WIND IN M.P.H.

PRELIMINARY LOCAL CLIMATOLOGICAL DATA (WS FORM: F-6) , PAGE 2

                                          STATION:  HASTINGS NE
                                          MONTH:    NOVEMBER
                                          YEAR:     2017
                                          LATITUDE:   40 35 N
                                          LONGITUDE:  98 26 W

[TEMPERATURE DATA]      [PRECIPITATION DATA]       SYMBOLS USED IN COLUMN 16

AVERAGE MONTHLY: 38.5   TOTAL FOR MONTH:   0.08    1 = FOG OR MIST
DPTR FM NORMAL:  -2.1   DPTR FM NORMAL:   -0.98    2 = FOG REDUCING VISIBILITY
HIGHEST:    64 ON 20    GRTST 24HR  0.08 ON 18-18      TO 1/4 MILE OR LESS
LOWEST:     13 ON 21                               3 = THUNDER
                        SNOW, ICE PELLETS, HAIL    4 = ICE PELLETS
                        TOTAL MONTH:   0.0 INCH    5 = HAIL
                        GRTST 24HR     0.0         6 = FREEZING RAIN OR DRIZZLE
                        GRTST DEPTH:   T           7 = DUSTSTORM OR SANDSTORM:
                                                       VSBY 1/2 MILE OR LESS
                                                   8 = SMOKE OR HAZE
[NO. OF DAYS WITH]      [WEATHER - DAYS WITH]      9 = BLOWING SNOW
                                                   X = TORNADO
MAX 32 OR BELOW:   0    0.01 INCH OR MORE:   1
MAX 90 OR ABOVE:   0    0.10 INCH OR MORE:   0
MIN 32 OR BELOW:  18    0.50 INCH OR MORE:   0
MIN  0 OR BELOW:   0    1.00 INCH OR MORE:   0

[HDD (BASE 65) ]
TOTAL THIS MO.   575    CLEAR  (SCALE 0-3)  13
DPTR FM NORMAL    39    PTCLDY (SCALE 4-7)   5
TOTAL FM JUL 1  1004    CLOUDY (SCALE 8-10)  4
DPTR FM NORMAL   -25

[CDD (BASE 65) ]
TOTAL THIS MO.     0
DPTR FM NORMAL     0    [PRESSURE DATA]
TOTAL FM JAN 1  1129    HIGHEST SLP M ON M
DPTR FM NORMAL    52    LOWEST  SLP 29.53 ON 17

[REMARKS]
