000
CXUS53 KGID 290730
CF6HSI
PRELIMINARY LOCAL CLIMATOLOGICAL DATA (WS FORM: F-6)

                                          STATION:   HASTINGS NE
                                          MONTH:     APRIL
                                          YEAR:      2016
                                          LATITUDE:   40 35 N
                                          LONGITUDE:  98 26 W

  TEMPERATURE IN F:       :PCPN:    SNOW:  WIND      :SUNSHINE: SKY     :PK WND
================================================================================
1   2   3   4   5  6A  6B    7    8   9   10  11  12  13   14  15   16   17  18
                                     12Z  AVG MX 2MIN
DY MAX MIN AVG DEP HDD CDD  WTR  SNW DPTH SPD SPD DIR MIN PSBL S-S WX    SPD DR
================================================================================

 1  45  29  37  -9  28   0 0.00  0.0    0 15.6 37 340   M    M   3        46 350
 2  65  27  46   0  19   0 0.00  0.0    0 10.8 21 340   M    M   1        26 340
 3  82  38  60  13   5   0 0.00  0.0    0 12.2 24 320   M    M   1        30 290
 4  63  39  51   4  14   0 0.00  0.0    0 10.4 20 130   M    M   0        27 140
 5  73  46  60  13   5   0 0.00  0.0    0 14.4 32 320   M    M   1        40 320
 6  66  43  55   7  10   0 0.00  0.0    0 21.6 43 330   M    M   3 8      53 330
 7  62  33  48   0  17   0 0.00  0.0    0 20.9 44 320   M    M   1        53 330
 8  64  26  45  -3  20   0 0.00  0.0    0 10.1 22 330   M    M   0        30 320
 9  70  28  49   0  16   0 0.00  0.0    0 15.0 24 150   M    M   0        33 140
10  65  39  52   3  13   0    T  0.0    0 14.2 32  20   M    M   2        38  20
11  57  31  44  -5  21   0 0.00  0.0    0 11.2 20  20   M    M   2        26  30
12  68  34  51   1  14   0 0.00  0.0    0 12.2 25 200   M    M   0        38 160
13  76  41  59   9   6   0 0.00  0.0    0 10.0 20 210   M    M   0        25 170
14  74  50  62  12   3   0 0.00  0.0    0 13.2 24 150   M    M   2 1      33 150
15  74  53  64  13   1   0 0.00  0.0    0 18.2 26 160   M    M   1        38 160
16  65  57  61  10   4   0 1.29  0.0    0 10.9 20 150   M    M   8 1      28 150
17  60  44  52   1  13   0 1.85  0.0    0 12.9 23 350   M    M  10 13     28 130
18  53  42  48  -4  17   0 0.29  0.0    0 12.2 24 330   M    M  10 18     30 330
19  58  46  52   0  13   0 0.21  0.0    0  3.3 10  80   M    M  10 1      13  90
20  58  47  53   1  12   0 0.17  0.0    0  8.8 16 320   M    M   8 1      19 320
21  71  47  59   6   6   0 0.01  0.0    0 13.8 24 360   M    M   6        31 360
22  68  39  54   1  11   0 0.00  0.0    0  5.9 14 150   M    M   0        19 150
23  80  49  65  12   0   0 0.00  0.0    0 17.1 30 170   M    M   0 8      42 170
24  77  53  65  11   0   0    T  0.0    0 12.1 22 300   M    M   4        30 170
25  72  43  58   4   7   0 0.00  0.0    0  8.2 18 320   M    M   0 8      22 310
26  72  47  60   6   5   0 0.03  0.0    0 17.5 29  60   M    M   7 13     35  90
27  57  39  48  -7  17   0 0.82  0.0    0 24.2 36 300   M    M  10 13     46 290
28  50  38  44 -11  21   0 0.00  0.0    0 13.5 24 330   M    M  10        30 330
================================================================================
SM 1845 1148       318   0  4.67     0.0 370.4          M      100
================================================================================
AV 65.9 41.0                              13.2 FASTST   M    M   4    MAX(MPH)
                                 MISC ---->  # 44 320               # 53  330
================================================================================
NOTES:
# LAST OF SEVERAL OCCURRENCES

COLUMN 17 PEAK WIND IN M.P.H.

PRELIMINARY LOCAL CLIMATOLOGICAL DATA (WS FORM: F-6) , PAGE 2

                                          STATION:  HASTINGS NE
                                          MONTH:    APRIL
                                          YEAR:     2016
                                          LATITUDE:   40 35 N
                                          LONGITUDE:  98 26 W

[TEMPERATURE DATA]      [PRECIPITATION DATA]       SYMBOLS USED IN COLUMN 16

AVERAGE MONTHLY: 53.4   TOTAL FOR MONTH:   4.67    1 = FOG OR MIST
DPTR FM NORMAL:   2.9   DPTR FM NORMAL:    2.37    2 = FOG REDUCING VISIBILITY
HIGHEST:    82 ON  3    GRTST 24HR  2.65 ON 16-17      TO 1/4 MILE OR LESS
LOWEST:     26 ON  8                               3 = THUNDER
                        SNOW, ICE PELLETS, HAIL    4 = ICE PELLETS
                        TOTAL MONTH:   0.0 INCH    5 = HAIL
                        GRTST 24HR     0.0         6 = FREEZING RAIN OR DRIZZLE
                        GRTST DEPTH:   0           7 = DUSTSTORM OR SANDSTORM:
                                                       VSBY 1/2 MILE OR LESS
                                                   8 = SMOKE OR HAZE
[NO. OF DAYS WITH]      [WEATHER - DAYS WITH]      9 = BLOWING SNOW
                                                   X = TORNADO
MAX 32 OR BELOW:   0    0.01 INCH OR MORE:   8
MAX 90 OR ABOVE:   0    0.10 INCH OR MORE:   6
MIN 32 OR BELOW:   5    0.50 INCH OR MORE:   3
MIN  0 OR BELOW:   0    1.00 INCH OR MORE:   2

[HDD (BASE 65) ]
TOTAL THIS MO.   318    CLEAR  (SCALE 0-3)  18
DPTR FM NORMAL   -95    PTCLDY (SCALE 4-7)   3
TOTAL FM JUL 1  4798    CLOUDY (SCALE 8-10)  7
DPTR FM NORMAL -1022

[CDD (BASE 65) ]
TOTAL THIS MO.     0
DPTR FM NORMAL     0    [PRESSURE DATA]
TOTAL FM JAN 1     0    HIGHEST SLP M ON M
DPTR FM NORMAL     0    LOWEST  SLP 29.34 ON 27

[REMARKS]
