065
CXUS51 KCAR 310600
CF6HUL
PRELIMINARY LOCAL CLIMATOLOGICAL DATA (WS FORM: F-6)

                                          STATION:   HOULTON ME
                                          MONTH:     AUGUST
                                          YEAR:      2016
                                          LATITUDE:   46  7 N
                                          LONGITUDE:  67 48 W

  TEMPERATURE IN F:       :PCPN:    SNOW:  WIND      :SUNSHINE: SKY     :PK WND
================================================================================
1   2   3   4   5  6A  6B    7    8   9   10  11  12  13   14  15   16   17  18
                                     12Z  AVG MX 2MIN
DY MAX MIN AVG DEP HDD CDD  WTR  SNW DPTH SPD SPD DIR MIN PSBL S-S WX    SPD DR
================================================================================

 1  80  46  63  -3   2   0 0.00    M    M  2.8 13  10   M    M   3        18  30
 2  81  52  67   1   0   2 0.00    M    M  1.7  9 100   M    M   4        14  90
 3  85  50  68   2   0   3 0.00    M    M  2.7 10 190   M    M   1 1      16 190
 4  83  62  73   7   0   8 0.03    M    M  6.4 22 260   M    M   5 13     26 250
 5  88  61  75  10   0  10 0.00    M    M  9.8 17 190   M    M   2        28 190
 6  84  59  72   7   0   7 0.30    M    M  6.6 23 330   M    M   6 13     37 350
 7  78  53  66   1   0   1 0.26    M    M  6.3 15 320   M    M   2 13     21 330
 8  75  47  61  -4   4   0 0.00    M    M  7.7 20 280   M    M   2        29 300
 9  76  42  59  -6   6   0 0.00    M    M  4.7 20 320   M    M   0        27 320
10  84  47  66   1   0   1 0.00    M    M  8.0 16 220   M    M   2        23 220
11  80  59  70   5   0   5 0.54    M    M  4.0 12 300   M    M   6 13     14 320
12  65  54  60  -5   5   0 0.20    M    M  2.5 17  10   M    M   6 12     22  10
13  74  53  64   0   1   0 0.51    M    M  3.3 14 130   M    M   5 12     20 140
14  64  58  61  -3   4   0 1.80    M    M  4.8 15 120   M    M  10 1      22 120
15  71  49  60  -4   5   0 0.02    M    M  3.5 15 320   M    M   7 1      21 310
16  81  47  64   0   1   0 0.06    M    M  5.8 16 240   M    M   1 1      22 200
17  75  54  65   1   0   0 1.11    M    M  6.8 21  90   M    M   7 1      31  90
18  82  54  68   4   0   3 0.00    M    M  5.0 18 270   M    M   3        25 280
19  73  49  61  -3   4   0 0.00    M    M  5.0 16  10   M    M   3        19 360
20  74  47  61  -2   4   0 0.00    M    M  4.9 12 140   M    M   4 12     18 150
21  79  57  68   5   0   3 0.00    M    M  8.1 16 150   M    M   1        23 150
22  67  55  61  -2   4   0 1.35    M    M  6.3 16  10   M    M   9 1      25 290
23  77  51  64   1   1   0 0.00    M    M  8.9 18 280   M    M   2        23 280
24  81  61  71   9   0   6    T    M    M  7.7 18 240   M    M   2        23 240
25  83  64  74  12   0   9    T    M    M  8.1 17 220   M    M   3        23 220
26  84  60  72  10   0   7 0.00    M    M  6.9 15 240   M    M   3 1      19 270
27  77  49  63   1   2   0 0.00    M    M  5.2 18 350   M    M   1        26  20
28  73  48  61  -1   4   0 0.02    M    M  5.2 15 200   M    M   6        25 210
29  75  50  63   2   2   0    T    M    M  9.2 25 340   M    M   6        35 350
30  78  47  63   2   2   0 0.00    M    M  3.5 17 250   M    M   3        22 250
================================================================================
SM 2327 1585        51  65  6.20    M    171.4          M      115
================================================================================
AV 77.6 52.8                               5.7 FASTST   M    M   4    MAX(MPH)
                                 MISC ---->  # 25 340               # 37  350
================================================================================
NOTES:
# LAST OF SEVERAL OCCURRENCES

COLUMN 17 PEAK WIND IN M.P.H.

PRELIMINARY LOCAL CLIMATOLOGICAL DATA (WS FORM: F-6) , PAGE 2

                                          STATION:  HOULTON ME
                                          MONTH:    AUGUST
                                          YEAR:     2016
                                          LATITUDE:   46  7 N
                                          LONGITUDE:  67 48 W

[TEMPERATURE DATA]      [PRECIPITATION DATA]       SYMBOLS USED IN COLUMN 16

AVERAGE MONTHLY: 65.2   TOTAL FOR MONTH:   6.20    1 = FOG OR MIST
DPTR FM NORMAL:   1.3   DPTR FM NORMAL:    2.61    2 = FOG REDUCING VISIBILITY
HIGHEST:    88 ON  5    GRTST 24HR  2.31 ON 13-14      TO 1/4 MILE OR LESS
LOWEST:     42 ON  9                               3 = THUNDER
                        SNOW, ICE PELLETS, HAIL    4 = ICE PELLETS
                        TOTAL MONTH:    M          5 = HAIL
                        GRTST 24HR    M  ON   M    6 = FREEZING RAIN OR DRIZZLE
                        GRTST DEPTH:  M  ON   M    7 = DUSTSTORM OR SANDSTORM:
                                                       VSBY 1/2 MILE OR LESS
                                                   8 = SMOKE OR HAZE
[NO. OF DAYS WITH]      [WEATHER - DAYS WITH]      9 = BLOWING SNOW
                                                   X = TORNADO
MAX 32 OR BELOW:   0    0.01 INCH OR MORE:  12
MAX 90 OR ABOVE:   0    0.10 INCH OR MORE:   8
MIN 32 OR BELOW:   0    0.50 INCH OR MORE:   5
MIN  0 OR BELOW:   0    1.00 INCH OR MORE:   3

[HDD (BASE 65) ]
TOTAL THIS MO.    51    CLEAR  (SCALE 0-3)  15
DPTR FM NORMAL   -40    PTCLDY (SCALE 4-7)  13
TOTAL FM JUL 1    94    CLOUDY (SCALE 8-10)  2
DPTR FM NORMAL   -57

[CDD (BASE 65) ]
TOTAL THIS MO.    65
DPTR FM NORMAL    11    [PRESSURE DATA]
TOTAL FM JAN 1   204    HIGHEST SLP M ON M
DPTR FM NORMAL    30    LOWEST  SLP 29.50 ON  6

[REMARKS]
