000
CXUS56 KTFX 211205
CF6HVR
PRELIMINARY LOCAL CLIMATOLOGICAL DATA (WS FORM: F-6)

                                          STATION:   HAVRE MT
                                          MONTH:     JANUARY
                                          YEAR:      2018
                                          LATITUDE:   48 32 N
                                          LONGITUDE: 109 46 W

  TEMPERATURE IN F:       :PCPN:    SNOW:  WIND      :SUNSHINE: SKY     :PK WND
================================================================================
1   2   3   4   5  6A  6B    7    8   9   10  11  12  13   14  15   16   17  18
                                     12Z  AVG MX 2MIN
DY MAX MIN AVG DEP HDD CDD  WTR  SNW DPTH SPD SPD DIR MIN PSBL S-S WX    SPD DR
================================================================================

 1 -14 -32 -23 -40  88   0 0.00  0.0   12  8.1 18 230   M    M   0        22 220
 2  19 -18   1 -16  64   0 0.00  0.0   12 16.6 25 230   M    M   2 18     30 230
 3  25   6  16  -1  49   0 0.00  0.0   12  7.6 14 230   M    M   0 1      15 240
 4  19   0  10  -7  55   0 0.00  0.0   12  7.3 18 220   M    M   1        21 220
 5  19  -1   9  -8  56   0 0.00  0.0   12  4.6 10  80   M    M   3 1      12  90
 6  39   8  24   7  41   0 0.00  0.0   12 15.2 30 220   M    M   3        35 210
 7  37  21  29  12  36   0 0.00  0.0    8 11.0 21 230   M    M   3        25 230
 8  40  24  32  15  33   0 0.00  0.0    6 11.9 22 210   M    M   1        24 210
 9  40   6  23   6  42   0 0.02  0.7    5  8.6 31 320   M    M   7 1      38 320
10   6 -10  -2 -19  67   0 0.06  1.8    7 10.6 26 310   M    M   8 18     35 320
11  -5 -22 -13 -30  78   0 0.04  1.2    8 10.1 25  70   M    M   8 18     29  70
12  -1 -10  -5 -23  70   0 0.01  0.3    9  8.0 18  60   M    M   6 1      21  70
13  20  -7   7 -11  58   0 0.07  1.5    9  8.1 22 220   M    M   5 1      25 220
14  29 -10  10  -8  55   0 0.10  1.5    9  9.8 21 230   M    M   7 1      23 230
15  -6 -30 -18 -36  83   0 0.00  0.0    9  3.6 14  70   M    M   1 18     17  70
16  11 -30  -9 -27  74   0 0.00  0.0    9  5.5 23 230   M    M   0        25 260
17  39   9  24   6  41   0 0.00  0.0    9 14.2 28 230   M    M   0        30 230
18  43  33  38  20  27   0 0.00  0.0    8 16.4 30 220   M    M   5        33 210
19  39  28  34  16  31   0 0.00  0.0    4 15.3 28 210   M    M   1        40 220
20  34  18  26   8  39   0 0.00  0.0    4 15.4 24 220   M    M   1        29 220
================================================================================
SM  433  -17      1087   0  0.30     7.0 207.9          M       62
================================================================================
AV 21.7 -0.8                              10.4 FASTST   M    M   3    MAX(MPH)
                                 MISC ---->  # 31 320               # 40  220
================================================================================
NOTES:
# LAST OF SEVERAL OCCURRENCES

COLUMN 17 PEAK WIND IN M.P.H.

PRELIMINARY LOCAL CLIMATOLOGICAL DATA (WS FORM: F-6) , PAGE 2

                                          STATION:  HAVRE MT
                                          MONTH:    JANUARY
                                          YEAR:     2018
                                          LATITUDE:   48 32 N
                                          LONGITUDE: 109 46 W

[TEMPERATURE DATA]      [PRECIPITATION DATA]       SYMBOLS USED IN COLUMN 16

AVERAGE MONTHLY: 10.4   TOTAL FOR MONTH:   0.30    1 = FOG OR MIST
DPTR FM NORMAL:  -7.1   DPTR FM NORMAL:    0.06    2 = FOG REDUCING VISIBILITY
HIGHEST:    43 ON 18    GRTST 24HR  0.10 ON 14-14      TO 1/4 MILE OR LESS
LOWEST:    -32 ON  1                               3 = THUNDER
                        SNOW, ICE PELLETS, HAIL    4 = ICE PELLETS
                        TOTAL MONTH:   7.0 INCHES  5 = HAIL
                        GRTST 24HR   1.8 ON 10-10  6 = FREEZING RAIN OR DRIZZLE
                        GRTST DEPTH:  12 ON  6, 5  7 = DUSTSTORM OR SANDSTORM:
                                                       VSBY 1/2 MILE OR LESS
                                                   8 = SMOKE OR HAZE
[NO. OF DAYS WITH]      [WEATHER - DAYS WITH]      9 = BLOWING SNOW
                                                   X = TORNADO
MAX 32 OR BELOW:  12    0.01 INCH OR MORE:   6
MAX 90 OR ABOVE:   0    0.10 INCH OR MORE:   1
MIN 32 OR BELOW:  19    0.50 INCH OR MORE:   0
MIN  0 OR BELOW:  11    1.00 INCH OR MORE:   0

[HDD (BASE 65) ]
TOTAL THIS MO.  1087    CLEAR  (SCALE 0-3)  11
DPTR FM NORMAL   136    PTCLDY (SCALE 4-7)   8
TOTAL FM JUL 1  4529    CLOUDY (SCALE 8-10)  1
DPTR FM NORMAL   112

[CDD (BASE 65) ]
TOTAL THIS MO.     0
DPTR FM NORMAL     0    [PRESSURE DATA]
TOTAL FM JAN 1     0    HIGHEST SLP M ON M
DPTR FM NORMAL     0    LOWEST  SLP 29.48 ON 10

[REMARKS]
