000
CXUS52 KMFL 011000
CF6HWO
PRELIMINARY LOCAL CLIMATOLOGICAL DATA (WS FORM: F-6)

                                          STATION:   NORTH PERRY ARPT
                                          MONTH:     SEPTEMBER
                                          YEAR:      2014
                                          LATITUDE:   26  0 N
                                          LONGITUDE:  80 14 W

  TEMPERATURE IN F:       :PCPN:    SNOW:  WIND      :SUNSHINE: SKY     :PK WND
================================================================================
1   2   3   4   5  6A  6B    7    8   9   10  11  12  13   14  15   16   17  18
                                     12Z  AVG MX 2MIN
DY MAX MIN AVG DEP HDD CDD  WTR  SNW DPTH SPD SPD DIR MIN PSBL S-S WX    SPD DR
================================================================================

 1  93  80  87   4   0  22    T  0.0    0  9.2 22 130   M    M   2        27 130
 2  91  76  84   1   0  19 0.40  0.0    0  7.5 20 140   M    M   2        24 130
 3  89  76  83   0   0  18 0.05  0.0    0  7.1 22  70   M    M   2        26  60
 4  91  76  84   1   0  19 0.04  0.0    0  4.0 14 140   M    M   1 3      17 140
 5  93  78  86   3   0  21 0.08  0.0    0  6.2 18 110   M    M   1        24 100
 6  87  78  83   0   0  18 0.08  0.0    0  7.0 15 120   M    M   2 3      20 110
 7  91  78  85   2   0  20 0.00  0.0    0  5.7 17 120   M    M   1        21 140
 8  92  75  84   1   0  19 0.01  0.0    0  7.2 20 130   M    M   1 3      23 130
 9  90  74  82  -1   0  17 0.50  0.0    0  7.7 28 120   M    M   2 13     36 120
10  90  78  84   1   0  19 0.01  0.0    0  7.6 16 110   M    M   2 3      19 110
11  86  75  81  -1   0  16 0.22  0.0    0  4.3 15  10   M    M   3 3      16  10
12  86  73  80  -2   0  15 0.65  0.0    0  8.0 18 210   M    M   4 13     24 230
13  88  73  81  -1   0  16 2.11  0.0    0  6.2 28 130   M    M   3 3      36 130
14  89  74  82   0   0  17 0.02  0.0    0  5.1 15  90   M    M   1 3      20 130
15  90  77  84   2   0  19 0.00  0.0    0  5.9 14 110   M    M   1        22 100
16  91  77  84   2   0  19 0.00  0.0    0  3.9 15 320   M    M   2 3      17 350
17  92  75  84   2   0  19 0.00  0.0    0  4.9 24 310   M    M   2 3      29 320
18  89  76  83   1   0  18    T  0.0    0  4.8 18 340   M    M   5 3      22 350
19  86  74  80  -2   0  15 0.65  0.0    0  2.7 16 220   M    M   3 13     20 210
20  89  74  82   0   0  17 1.91  0.0    0  3.8 35 290   M    M   2 13     50 290
21  89  72  81  -1   0  16 0.62  0.0    0  2.9 16 360   M    M   1 3      19 160
22  89  75  82   0   0  17 0.03  0.0    0  4.8 17 100   M    M   1 3      20 100
23  81  74  78  -4   0  13 0.19  0.0    0  4.6 18 140   M    M   2        26 140
24  87  74  81  -1   0  16    T  0.0    0  4.4 15 110   M    M   1 3      20 110
25  86  74  80  -2   0  15 0.80  0.0    0  5.2 24 150   M    M   2 3      32 140
26  90  76  83   1   0  18 0.10  0.0    0  7.2 16 120   M    M   3        21 130
27  90  77  84   2   0  19 0.32  0.0    0  8.7 17  90   M    M   3        25 110
28  89  77  83   1   0  18 0.07  0.0    0  5.4 17  90   M    M   2        20 100
29  90  76  83   2   0  18 0.68  0.0    0  5.0 21 220   M    M   4 3      25 210
30  90  76  83   2   0  18 0.02  0.0    0  6.0 22 260   M    M   1 3      26 260
================================================================================
SM 2674 2268         0 531  9.56     0.0 173.0          M       62
================================================================================
AV 89.1 75.6                               5.8 FASTST   M    M   2    MAX(MPH)
                                 MISC ---->  # 35 290               # 50  290
================================================================================
NOTES:
# LAST OF SEVERAL OCCURRENCES

COLUMN 17 PEAK WIND IN M.P.H.

PRELIMINARY LOCAL CLIMATOLOGICAL DATA (WS FORM: F-6) , PAGE 2

                                          STATION:  NORTH PERRY ARPT
                                          MONTH:    SEPTEMBER
                                          YEAR:     2014
                                          LATITUDE:   26  0 N
                                          LONGITUDE:  80 14 W

[TEMPERATURE DATA]      [PRECIPITATION DATA]       SYMBOLS USED IN COLUMN 16

AVERAGE MONTHLY: 82.4   TOTAL FOR MONTH:   9.56    1 = FOG OR MIST
DPTR FM NORMAL:   0.2   DPTR FM NORMAL:    0.76    2 = FOG REDUCING VISIBILITY
HIGHEST:    93 ON  5, 1 GRTST 24HR  2.57 ON 12-13      TO 1/4 MILE OR LESS
LOWEST:     72 ON 21                               3 = THUNDER
                        SNOW, ICE PELLETS, HAIL    4 = ICE PELLETS
                        TOTAL MONTH:   0.0 INCH    5 = HAIL
                        GRTST 24HR     0.0         6 = FREEZING RAIN OR DRIZZLE
                        GRTST DEPTH:   0           7 = DUSTSTORM OR SANDSTORM:
                                                       VSBY 1/2 MILE OR LESS
                                                   8 = SMOKE OR HAZE
[NO. OF DAYS WITH]      [WEATHER - DAYS WITH]      9 = BLOWING SNOW
                                                   X = TORNADO
MAX 32 OR BELOW:   0    0.01 INCH OR MORE:  23
MAX 90 OR ABOVE:  15    0.10 INCH OR MORE:  13
MIN 32 OR BELOW:   0    0.50 INCH OR MORE:   8
MIN  0 OR BELOW:   0    1.00 INCH OR MORE:   2

[HDD (BASE 65) ]
TOTAL THIS MO.     0    CLEAR  (SCALE 0-3)  26
DPTR FM NORMAL     0    PTCLDY (SCALE 4-7)   4
TOTAL FM JUL 1     0    CLOUDY (SCALE 8-10)  0
DPTR FM NORMAL     0

[CDD (BASE 65) ]
TOTAL THIS MO.   531
DPTR FM NORMAL    14    [PRESSURE DATA]
TOTAL FM JAN 1  3613    HIGHEST SLP 30.17 ON 15
DPTR FM NORMAL   163    LOWEST  SLP 29.82 ON 29

[REMARKS]
#FINAL-09-14#
