000
CXUS52 KMFL 241000
CF6HWO
PRELIMINARY LOCAL CLIMATOLOGICAL DATA (WS FORM: F-6)

                                          STATION:   NORTH PERRY ARPT
                                          MONTH:     JULY
                                          YEAR:      2014
                                          LATITUDE:   26  0 N
                                          LONGITUDE:  80 14 W

  TEMPERATURE IN F:       :PCPN:    SNOW:  WIND      :SUNSHINE: SKY     :PK WND
================================================================================
1   2   3   4   5  6A  6B    7    8   9   10  11  12  13   14  15   16   17  18
                                     12Z  AVG MX 2MIN
DY MAX MIN AVG DEP HDD CDD  WTR  SNW DPTH SPD SPD DIR MIN PSBL S-S WX    SPD DR
================================================================================

 1  89  75  82  -1   0  17 0.32  0.0    0  8.8 28 300   M    M   1 13     35 300
 2  92  75  84   1   0  19 0.51  0.0    0  6.0 30 170   M    M   1 138    38 180
 3  93  75  84   1   0  19 1.87  0.0    0  6.9 36 180   M    M   2 3      52 190
 4  92  76  84   1   0  19    T  0.0    0  4.3 24 290   M    M   1 38     31 290
 5  87  75  81  -2   0  16 0.68  0.0    0  3.2 20 120   M    M   1 138    23 120
 6  86  76  81  -2   0  16 0.08  0.0    0  3.4 15 150   M    M   2 13     19 250
 7  88  75  82  -1   0  17 0.22  0.0    0  4.1 13 100   M    M   2 13     15 100
 8  90  75  83   0   0  18 0.26  0.0    0  2.3  9 120   M    M   3 13      M  M
 9  91  75  83   0   0  18 0.13  0.0    0  3.1 23 130   M    M   3 3      30 130
10  87  74  81  -2   0  16 0.75  0.0    0  2.9 16 130   M    M   4 13     19 130
11  90  74  82  -1   0  17 0.03  0.0    0  8.3 16 120   M    M   2        24  80
12  90  76  83   0   0  18 0.19  0.0    0  7.5 23  80   M    M   3 13     26  90
13  89  78  84   1   0  19 0.00  0.0    0  8.6 15 100   M    M   1 3      21 130
14  90  78  84   1   0  19 0.07  0.0    0  3.7 21 270   M    M   1 3      28 280
15  91  77  84   0   0  19    T  0.0    0  3.4 20 180   M    M   3 3      26 180
16  92  77  85   1   0  20 0.18  0.0    0  5.0 20 230   M    M   2 13     23 250
17  87  73  80  -4   0  15 0.35  0.0    0  3.6 28 320   M    M   0 13     36 320
18  95  76  86   2   0  21 0.15  0.0    0  4.6 15 330   M    M   3 3      22 350
19  92  76  84   0   0  19 0.01  0.0    0  4.3 15 310   M    M   3 3      19 300
20  92  78  85   1   0  20    T  0.0    0  5.1 15 220   M    M   3 3      18 130
21  91  75  83  -1   0  18 2.44  0.0    0  3.3 17 240   M    M   3 13     19 240
22  89  76  83  -1   0  18 0.02  0.0    0  3.8 16  20   M    M   3        20  30
23  88  76  82  -2   0  17 0.88  0.0    0  3.7 20 240   M    M   4 13     24 240
================================================================================
SM 2071 1741         0 415  9.14     0.0 109.9          M       51
================================================================================
AV 90.0 75.7                               4.8 FASTST   M    M   2    MAX(MPH)
                                 MISC ---->  # 36 180               # 52  190
================================================================================
NOTES:
# LAST OF SEVERAL OCCURRENCES

COLUMN 17 PEAK WIND IN M.P.H.

PRELIMINARY LOCAL CLIMATOLOGICAL DATA (WS FORM: F-6) , PAGE 2

                                          STATION:  NORTH PERRY ARPT
                                          MONTH:    JULY
                                          YEAR:     2014
                                          LATITUDE:   26  0 N
                                          LONGITUDE:  80 14 W

[TEMPERATURE DATA]      [PRECIPITATION DATA]       SYMBOLS USED IN COLUMN 16

AVERAGE MONTHLY: 82.9   TOTAL FOR MONTH:   9.14    1 = FOG OR MIST
DPTR FM NORMAL:  -0.5   DPTR FM NORMAL:    4.17    2 = FOG REDUCING VISIBILITY
HIGHEST:    95 ON 18    GRTST 24HR  2.44 ON 21-21      TO 1/4 MILE OR LESS
LOWEST:     73 ON 17                               3 = THUNDER
                        SNOW, ICE PELLETS, HAIL    4 = ICE PELLETS
                        TOTAL MONTH:   0.0 INCH    5 = HAIL
                        GRTST 24HR     0.0         6 = FREEZING RAIN OR DRIZZLE
                        GRTST DEPTH:   0           7 = DUSTSTORM OR SANDSTORM:
                                                       VSBY 1/2 MILE OR LESS
                                                   8 = SMOKE OR HAZE
[NO. OF DAYS WITH]      [WEATHER - DAYS WITH]      9 = BLOWING SNOW
                                                   X = TORNADO
MAX 32 OR BELOW:   0    0.01 INCH OR MORE:  19
MAX 90 OR ABOVE:  14    0.10 INCH OR MORE:  14
MIN 32 OR BELOW:   0    0.50 INCH OR MORE:   6
MIN  0 OR BELOW:   0    1.00 INCH OR MORE:   2

[HDD (BASE 65) ]
TOTAL THIS MO.     0    CLEAR  (SCALE 0-3)  21
DPTR FM NORMAL     0    PTCLDY (SCALE 4-7)   2
TOTAL FM JUL 1     0    CLOUDY (SCALE 8-10)  0
DPTR FM NORMAL     0

[CDD (BASE 65) ]
TOTAL THIS MO.   415
DPTR FM NORMAL    -7    [PRESSURE DATA]
TOTAL FM JAN 1  2295    HIGHEST SLP M ON M
DPTR FM NORMAL    96    LOWEST  SLP 29.85 ON  1

[REMARKS]
