000
CXUS54 KHGX 261415
CF6IAH
PRELIMINARY LOCAL CLIMATOLOGICAL DATA (WS FORM: F-6)

                                          STATION:   HOUSTON INTERCONTINENTAL
                                          MONTH:     MARCH
                                          YEAR:      2015
                                          LATITUDE:   29 58 N
                                          LONGITUDE:  95 21 W

  TEMPERATURE IN F:       :PCPN:    SNOW:  WIND      :SUNSHINE: SKY     :PK WND
================================================================================
1   2   3   4   5  6A  6B    7    8   9   10  11  12  13   14  15   16   17  18
                                     12Z  AVG MX 2MIN
DY MAX MIN AVG DEP HDD CDD  WTR  SNW DPTH SPD SPD DIR MIN PSBL S-S WX    SPD DR
================================================================================

 1  59  49  54  -5  11   0 0.22    M    0  6.8 13 360   M    M   9 12     14  10
 2  60  48  54  -6  11   0 0.01    M    0  6.5 13 360   M    M  10 12     16 330
 3  80  56  68   8   0   3 0.00  0.0    0  8.5 20 160   M    M   9 12     25 160
 4  83  43  63   3   2   0    T  0.0    0 10.4 28 340   M    M  10 18     36 330
 5  51  36  44 -16  21   0 0.15  0.0    0 17.2 29  10   M    M   7 13     37  10
 6  57  30  44 -16  21   0 0.00  0.0    0  5.0 16  40   M    M   4        21  40
 7  60  35  48 -13  17   0    T    M    0  3.0 12 130   M    M   8 3      13 130
 8  53  45  49 -12  16   0 1.49  0.0    0  6.6 14  70   M    M  10 13     18  70
 9  66  50  58  -3   7   0 1.96  0.0    0  8.5 18 150   M    M  10 1      23 140
10  60  53  57  -4   8   0 0.00  0.0    0  7.2 13 310   M    M  10        16 310
11  62  53  58  -4   7   0 0.12  0.0    0 10.3 18 360   M    M  10 1      22  10
12  62  55  59  -3   6   0 0.33  0.0    M  8.4 17 360   M    M  10 1      20 360
13  66  55  61  -1   4   0 0.34  0.0    0  4.8 13 300   M    M   9 1      17 300
14  77  51  64   2   1   0 0.00  0.0    0  4.8 16 350   M    M   6 12     21 360
15  73  55  64   1   1   0 0.00  0.0    0  3.8 10 360   M    M   7        13 350
16  77  57  67   4   0   2 0.00  0.0    0  5.1 10 120   M    M   7        14 120
17  82  58  70   7   0   5 0.00  0.0    0  2.5 10 140   M    M   8 18     15 230
18  82  65  74  11   0   9 0.11  0.0    0  4.7 15 150   M    M   8 1      17 140
19  79  66  73  10   0   8 0.49  0.0    0  3.7 15 150   M    M   8 18     18 130
20  82  66  74  10   0   9 0.02  0.0    0  5.2 17 140   M    M  10 1      20 140
21  66  64  65   1   0   0 1.01  0.0    0  7.0 15  70   M    M  10 1      22  40
22  76  60  68   4   0   3 0.00  0.0    0  7.0 15 300   M    M   7 1      20 320
23  80  55  68   4   0   3 0.00  0.0    0  5.1 12  50   M    M   0        16  30
24  80  53  67   3   0   2 0.00  0.0    0  6.3 16 140   M    M   2 1      20 130
25  80  56  68   3   0   3 0.00  0.0    0  7.2 20 150   M    M   6 1      24 140
================================================================================
SM 1753 1314       133  47  6.25     0.0 165.6          M      195
================================================================================
AV 70.1 52.6                               6.6 FASTST   M    M   8    MAX(MPH)
                                 MISC ---->  # 29  10               # 37   10
================================================================================
NOTES:
# LAST OF SEVERAL OCCURRENCES

COLUMN 17 PEAK WIND IN M.P.H.

PRELIMINARY LOCAL CLIMATOLOGICAL DATA (WS FORM: F-6) , PAGE 2

                                          STATION:  HOUSTON INTERCONTINENTAL
                                          MONTH:    MARCH
                                          YEAR:     2015
                                          LATITUDE:   29 58 N
                                          LONGITUDE:  95 21 W

[TEMPERATURE DATA]      [PRECIPITATION DATA]       SYMBOLS USED IN COLUMN 16

AVERAGE MONTHLY: 61.3   TOTAL FOR MONTH:   6.25    1 = FOG OR MIST
DPTR FM NORMAL:  -0.7   DPTR FM NORMAL:    3.49    2 = FOG REDUCING VISIBILITY
HIGHEST:    83 ON  4    GRTST 24HR  1.96 ON  9- 9      TO 1/4 MILE OR LESS
LOWEST:     30 ON  6                               3 = THUNDER
                        SNOW, ICE PELLETS, HAIL    4 = ICE PELLETS
                        TOTAL MONTH:   0.0 INCH    5 = HAIL
                        GRTST 24HR     0.0         6 = FREEZING RAIN OR DRIZZLE
                        GRTST DEPTH:   0           7 = DUSTSTORM OR SANDSTORM:
                                                       VSBY 1/2 MILE OR LESS
                                                   8 = SMOKE OR HAZE
[NO. OF DAYS WITH]      [WEATHER - DAYS WITH]      9 = BLOWING SNOW
                                                   X = TORNADO
MAX 32 OR BELOW:   0    0.01 INCH OR MORE:  12
MAX 90 OR ABOVE:   0    0.10 INCH OR MORE:  10
MIN 32 OR BELOW:   1    0.50 INCH OR MORE:   3
MIN  0 OR BELOW:   0    1.00 INCH OR MORE:   3

[HDD (BASE 65) ]
TOTAL THIS MO.   133    CLEAR  (SCALE 0-3)   2
DPTR FM NORMAL     8    PTCLDY (SCALE 4-7)   9
TOTAL FM JUL 1  1452    CLOUDY (SCALE 8-10) 14
DPTR FM NORMAL   139

[CDD (BASE 65) ]
TOTAL THIS MO.    47
DPTR FM NORMAL    -5    [PRESSURE DATA]
TOTAL FM JAN 1    57    HIGHEST SLP M ON M
DPTR FM NORMAL   -33    LOWEST  SLP 29.78 ON  4

[REMARKS]
