000
CXUS53 KICT 270800
CF6ICT
PRELIMINARY LOCAL CLIMATOLOGICAL DATA (WS FORM: F-6)

                                          STATION:   WICHITA EISENHOWER NATIONAL
                                          MONTH:     MAY
                                          YEAR:      2015
                                          LATITUDE:   37 39 N
                                          LONGITUDE:  97 25 W

  TEMPERATURE IN F:       :PCPN:    SNOW:  WIND      :SUNSHINE: SKY     :PK WND
================================================================================
1   2   3   4   5  6A  6B    7    8   9   10  11  12  13   14  15   16   17  18
                                     12Z  AVG MX 2MIN
DY MAX MIN AVG DEP HDD CDD  WTR  SNW DPTH SPD SPD DIR MIN PSBL S-S WX    SPD DR
================================================================================

 1  80  51  66   5   0   1 0.00  0.0    0  8.7 17 170   M    M   3        23 200
 2  83  57  70   8   0   5    T  0.0    0 14.2 30 170   M    M   6        38 170
 3  84  62  73  11   0   8 0.00  0.0    0 17.3 29 190   M    M   7        35 190
 4  85  57  71   9   0   6 0.00  0.0    0 12.8 28 190   M    M   8        33 190
 5  78  62  70   8   0   5 0.69  0.0    0 15.6 28 150   M    M   9 1      35 140
 6  76  60  68   5   0   3 1.03  0.0    0 21.2 39 170   M    M  10 13     45 170
 7  77  64  71   8   0   6 0.01  0.0    0 13.7 26 180   M    M   7        32 200
 8  75  62  69   6   0   4 0.54  0.0    0  8.8 38 110   M    M   9 13     42 120
 9  73  61  67   3   0   2 0.61  0.0    0 11.5 24 180   M    M   8 13     34 180
10  74  50  62  -2   3   0 0.04  0.0    0 12.7 22 320   M    M   7 1      29 150
11  67  44  56  -8   9   0 0.00  0.0    0 13.5 24 280   M    M   2        35 290
12  69  40  55 -10  10   0 0.00  0.0    0  8.0 15 170   M    M   4        19 140
13  64  50  57  -8   8   0 0.89  0.0    0 12.1 21 130   M    M   9 18     27 130
14  78  58  68   3   0   3    T  0.0    0 10.7 21 150   M    M   7 1      23 150
15  80  64  72   6   0   7 0.06  0.0    0 13.8 26 170   M    M   7 13     32 160
16  72  59  66   0   0   1 3.59  0.0    0 10.5 24 320   M    M   8 123    27 280
17  80  57  69   3   0   4 0.00  0.0    0 10.5 18 210   M    M   5        23 180
18  72  57  65  -1   0   0 0.00  0.0    0 12.5 23  20   M    M   2        28  10
19  60  52  56 -11   9   0 0.72  0.0    0 16.0 26  80   M    M   8 1      31  80
20  58  50  54 -13  11   0    T  0.0    0 13.2 23 340   M    M   9 1      29  20
21  66  45  56 -12   9   0 0.00  0.0    0  8.3 15 110   M    M   5        21  70
22  62  51  57 -11   8   0 0.29  0.0    0  9.5 20 120   M    M   9 1      22 110
23  62  55  59  -9   6   0 1.98  0.0    0 11.2 26  90   M    M  10 13     34  90
24  70  58  64  -4   1   0 0.13  0.0    0  8.3 20 160   M    M  10 1      23 160
25  80  58  69   0   0   4 0.54  0.0    0 13.4 29 180   M    M   9 138    36 180
26  82  56  69   0   0   4 0.06  0.0    0  8.3 25 230   M    M   5 13     34 220
================================================================================
SM 1907 1440        74  63 11.18     0.0 316.3          M      183
================================================================================
AV 73.3 55.4                              12.2 FASTST   M    M   7    MAX(MPH)
                                 MISC ---->  # 39 170               # 45  170
================================================================================
NOTES:
# LAST OF SEVERAL OCCURRENCES

COLUMN 17 PEAK WIND IN M.P.H.

PRELIMINARY LOCAL CLIMATOLOGICAL DATA (WS FORM: F-6) , PAGE 2

                                          STATION:  WICHITA EISENHOWER NATIONAL
                                          MONTH:    MAY
                                          YEAR:     2015
                                          LATITUDE:   37 39 N
                                          LONGITUDE:  97 25 W

[TEMPERATURE DATA]      [PRECIPITATION DATA]       SYMBOLS USED IN COLUMN 16

AVERAGE MONTHLY: 64.4   TOTAL FOR MONTH:  11.18    1 = FOG OR MIST
DPTR FM NORMAL:  -0.8   DPTR FM NORMAL:    7.45    2 = FOG REDUCING VISIBILITY
HIGHEST:    85 ON  4    GRTST 24HR  3.59 ON 16-16      TO 1/4 MILE OR LESS
LOWEST:     40 ON 12                               3 = THUNDER
                        SNOW, ICE PELLETS, HAIL    4 = ICE PELLETS
                        TOTAL MONTH:   0.0 INCH    5 = HAIL
                        GRTST 24HR     0.0         6 = FREEZING RAIN OR DRIZZLE
                        GRTST DEPTH:   0           7 = DUSTSTORM OR SANDSTORM:
                                                       VSBY 1/2 MILE OR LESS
                                                   8 = SMOKE OR HAZE
[NO. OF DAYS WITH]      [WEATHER - DAYS WITH]      9 = BLOWING SNOW
                                                   X = TORNADO
MAX 32 OR BELOW:   0    0.01 INCH OR MORE:  15
MAX 90 OR ABOVE:   0    0.10 INCH OR MORE:  11
MIN 32 OR BELOW:   0    0.50 INCH OR MORE:   9
MIN  0 OR BELOW:   0    1.00 INCH OR MORE:   3

[HDD (BASE 65) ]
TOTAL THIS MO.    74    CLEAR  (SCALE 0-3)   2
DPTR FM NORMAL    -1    PTCLDY (SCALE 4-7)  13
TOTAL FM JUL 1  4276    CLOUDY (SCALE 8-10) 11
DPTR FM NORMAL  -307

[CDD (BASE 65) ]
TOTAL THIS MO.    63
DPTR FM NORMAL   -17    [PRESSURE DATA]
TOTAL FM JAN 1    91    HIGHEST SLP M ON M
DPTR FM NORMAL   -15    LOWEST  SLP 29.63 ON M

[REMARKS]
