000
CXUS51 KPHI 290800
CF6ILG
PRELIMINARY LOCAL CLIMATOLOGICAL DATA (WS FORM: F-6)

                                          STATION:   WILMINGTON DE
                                          MONTH:     SEPTEMBER
                                          YEAR:      2016
                                          LATITUDE:   39 40 N
                                          LONGITUDE:  75 36 W

  TEMPERATURE IN F:       :PCPN:    SNOW:  WIND      :SUNSHINE: SKY     :PK WND
================================================================================
1   2   3   4   5  6A  6B    7    8   9   10  11  12  13   14  15   16   17  18
                                     12Z  AVG MX 2MIN
DY MAX MIN AVG DEP HDD CDD  WTR  SNW DPTH SPD SPD DIR MIN PSBL S-S WX    SPD DR
================================================================================

 1  81  66  74   1   0   9 0.18  0.0    0  5.8 13  10   M    M   5 13     17  10
 2  84  61  73   1   0   8 0.00  0.0    0  7.9 15  40   M    M   1        19 340
 3  80  62  71  -1   0   6 0.00  0.0    0 12.8 28  50   M    M   1        34  50
 4  81  61  71  -1   0   6 0.00  0.0    0  7.7 17  50   M    M   0        22  40
 5  87  57  72   0   0   7 0.00  0.0    0  6.0 14  20   M    M   0        16  20
 6  90  65  78   7   0  13 0.00  0.0    0 12.3 23 330   M    M   2        30 320
 7  92  68  80   9   0  15 0.00  0.0    0  7.2 15 340   M    M   1        20 360
 8  94  71  83  12   0  18 0.04  0.0    0  6.5 16 240   M    M   3        21 240
 9  95  79  87  17   0  22 0.00  0.0    0  6.6 15 230   M    M   0        18 230
10  93  76  85  15   0  20 0.00  0.0    0  8.6 18 170   M    M   2 1      22 160
11  86  67  77   7   0  12 0.00  0.0    0  9.9 23 320   M    M   3        28 320
12  82  55  69   0   0   4 0.00  0.0    0  6.8 14 150   M    M   0        17 150
13  84  61  73   4   0   8 0.00  0.0    0  8.1 20 170   M    M   0        24 160
14  93  65  79  10   0  14 0.00  0.0    0  6.7 20  30   M    M   0        24  30
15  79  62  71   3   0   6 0.00  0.0    0 10.4 17 160   M    M   3        23  10
16  79  56  68   0   0   3 0.00  0.0    0  7.3 17 180   M    M   1        22 170
17  81  61  71   3   0   6 0.00  0.0    0  8.4 16 160   M    M   7        20 170
18  89  67  78  11   0  13 0.00  0.0    0  7.9 15 170   M    M   4        19 220
19  76  68  72   5   0   7 0.97  0.0    0  6.0 16 340   M    M   8 1      19 340
20  81  66  74   8   0   9 0.00  0.0    0  5.1 12  20   M    M   3 1      14 350
21  86  64  75   9   0  10 0.00  0.0    0  6.8 17  50   M    M   0        21  40
22  87  58  73   8   0   8 0.00  0.0    0  4.7 10 110   M    M   0        24  20
23  89  57  73   8   0   8 0.00  0.0    0  3.0 10 310   M    M   1        15 300
24  72  53  63  -2   2   0 0.00  0.0    0  7.3 17  20   M    M   5        22  50
25  74  49  62  -2   3   0 0.00  0.0    0  5.5 12  20   M    M   0        15  20
26  72  48  60  -4   5   0 0.00  0.0    0  9.3 21 160   M    M   6        26 140
27  76  59  68   5   0   3 0.14  0.0    0  5.9 12 150   M    M   5 1      17 310
28  70  52  61  -2   4   0 0.20  0.0    0 10.1 26  80   M    M   5 1      35  70
================================================================================
SM 2333 1734        14 235  1.53     0.0 210.6          M       66
================================================================================
AV 83.3 61.9                               7.5 FASTST   M    M   2    MAX(MPH)
                                 MISC ---->  # 28  50               # 35   70
================================================================================
NOTES:
# LAST OF SEVERAL OCCURRENCES

COLUMN 17 PEAK WIND IN M.P.H.

PRELIMINARY LOCAL CLIMATOLOGICAL DATA (WS FORM: F-6) , PAGE 2

                                          STATION:  WILMINGTON DE
                                          MONTH:    SEPTEMBER
                                          YEAR:     2016
                                          LATITUDE:   39 40 N
                                          LONGITUDE:  75 36 W

[TEMPERATURE DATA]      [PRECIPITATION DATA]       SYMBOLS USED IN COLUMN 16

AVERAGE MONTHLY: 72.6   TOTAL FOR MONTH:   1.53    1 = FOG OR MIST
DPTR FM NORMAL:   4.4   DPTR FM NORMAL:   -2.47    2 = FOG REDUCING VISIBILITY
HIGHEST:    95 ON  9    GRTST 24HR  0.97 ON 19-19      TO 1/4 MILE OR LESS
LOWEST:     48 ON 26                               3 = THUNDER
                        SNOW, ICE PELLETS, HAIL    4 = ICE PELLETS
                        TOTAL MONTH:   0.0 INCH    5 = HAIL
                        GRTST 24HR     0.0         6 = FREEZING RAIN OR DRIZZLE
                        GRTST DEPTH:   0           7 = DUSTSTORM OR SANDSTORM:
                                                       VSBY 1/2 MILE OR LESS
                                                   8 = SMOKE OR HAZE
[NO. OF DAYS WITH]      [WEATHER - DAYS WITH]      9 = BLOWING SNOW
                                                   X = TORNADO
MAX 32 OR BELOW:   0    0.01 INCH OR MORE:   5
MAX 90 OR ABOVE:   6    0.10 INCH OR MORE:   4
MIN 32 OR BELOW:   0    0.50 INCH OR MORE:   1
MIN  0 OR BELOW:   0    1.00 INCH OR MORE:   0

[HDD (BASE 65) ]
TOTAL THIS MO.    14    CLEAR  (SCALE 0-3)  19
DPTR FM NORMAL   -27    PTCLDY (SCALE 4-7)   9
TOTAL FM JUL 1    14    CLOUDY (SCALE 8-10)  0
DPTR FM NORMAL   -29

[CDD (BASE 65) ]
TOTAL THIS MO.   235
DPTR FM NORMAL   105    [PRESSURE DATA]
TOTAL FM JAN 1  1456    HIGHEST SLP M ON M
DPTR FM NORMAL   333    LOWEST  SLP 29.83 ON M

[REMARKS]
