910
CXUS51 KPHI 280800
CF6ILG
PRELIMINARY LOCAL CLIMATOLOGICAL DATA (WS FORM: F-6)

                                          STATION:   WILMINGTON DE
                                          MONTH:     JULY
                                          YEAR:      2016
                                          LATITUDE:   39 40 N
                                          LONGITUDE:  75 36 W

  TEMPERATURE IN F:       :PCPN:    SNOW:  WIND      :SUNSHINE: SKY     :PK WND
================================================================================
1   2   3   4   5  6A  6B    7    8   9   10  11  12  13   14  15   16   17  18
                                     12Z  AVG MX 2MIN
DY MAX MIN AVG DEP HDD CDD  WTR  SNW DPTH SPD SPD DIR MIN PSBL S-S WX    SPD DR
================================================================================

 1  85  68  77   1   0  12    T  0.0    0  7.6 20 160   M    M   4 3      22 240
 2  79  63  71  -5   0   6 0.00  0.0    0 11.2 21 310   M    M   0        26 320
 3  77  63  70  -6   0   5 0.00  0.0    0  5.7 14 170   M    M   0        18 160
 4  78  66  72  -4   0   7 0.64  0.0    0  7.7 18 170   M    M   8 1      23 160
 5  89  73  81   5   0  16 0.13  0.0    0  8.7 17 310   M    M   6 1      26 240
 6  91  72  82   5   0  17 0.00  0.0    0  5.2 13 180   M    M   1        18 260
 7  92  73  83   6   0  18 0.00  0.0    0  6.2 16 290   M    M   1        22 280
 8  93  74  84   7   0  19    T  0.0    0  5.6 22 270   M    M   2 3      29 260
 9  83  70  77   0   0  12 0.77  0.0    0  7.2 22  70   M    M   8 13     26 290
10  85  65  75  -2   0  10 0.00  0.0    0 10.1 18 300   M    M   3        25 290
11  86  62  74  -3   0   9 0.00  0.0    0  6.0 13 330   M    M   1        17  20
12  84  68  76  -1   0  11 0.00  0.0    0 10.3 18 150   M    M   1        22 150
13  81  72  77   0   0  12 0.27  0.0    0  7.4 17 180   M    M   9 1      23 180
14  93  74  84   7   0  19 0.07  0.0    0  8.5 21 240   M    M   5 13     29 250
15  92  77  85   8   0  20 0.00  0.0    0  8.0 16 250   M    M   0        19 240
16  91  71  81   4   0  16 0.06  0.0    0  5.6 18 250   M    M   1 3      24 240
17  91  69  80   3   0  15 0.00  0.0    0  6.4 14 250   M    M   1        19 330
18  95  72  84   7   0  19 1.14  0.0    0  8.2 39 340   M    M   0 13     53 340
19  89  70  80   3   0  15 0.00  0.0    0  6.4 16 320   M    M   2        19 320
20  86  68  77   0   0  12 0.00  0.0    0  6.9 15  70   M    M   2        19  70
21  86  66  76  -1   0  11 0.00  0.0    0  7.3 17 170   M    M   1        23 170
22  92  71  82   5   0  17 0.00  0.0    0  8.8 16 210   M    M   0 8      21 250
23  95  72  84   7   0  19    T  0.0    0  6.5 22 300   M    M   1 3      26 300
24  92  68  80   3   0  15 0.00  0.0    0  6.3 14 180   M    M   0        17 170
25  96  73  85   8   0  20 0.72  0.0    0  6.3 31  10   M    M   1 13     36  20
26  92  73  83   6   0  18 0.00  0.0    0  5.8 14 280   M    M   1        19 310
27  93  75  84   7   0  19    T  0.0    0  5.6 14  70   M    M   0        19  60
================================================================================
SM 2386 1888         0 389  3.80     0.0 195.5          M       59
================================================================================
AV 88.4 69.9                               7.2 FASTST   M    M   2    MAX(MPH)
                                 MISC ---->  # 39 340               # 53  340
================================================================================
NOTES:
# LAST OF SEVERAL OCCURRENCES

COLUMN 17 PEAK WIND IN M.P.H.

PRELIMINARY LOCAL CLIMATOLOGICAL DATA (WS FORM: F-6) , PAGE 2

                                          STATION:  WILMINGTON DE
                                          MONTH:    JULY
                                          YEAR:     2016
                                          LATITUDE:   39 40 N
                                          LONGITUDE:  75 36 W

[TEMPERATURE DATA]      [PRECIPITATION DATA]       SYMBOLS USED IN COLUMN 16

AVERAGE MONTHLY: 79.1   TOTAL FOR MONTH:   3.80    1 = FOG OR MIST
DPTR FM NORMAL:   2.3   DPTR FM NORMAL:   -0.21    2 = FOG REDUCING VISIBILITY
HIGHEST:    96 ON 25    GRTST 24HR  1.14 ON 18-18      TO 1/4 MILE OR LESS
LOWEST:     62 ON 11                               3 = THUNDER
                        SNOW, ICE PELLETS, HAIL    4 = ICE PELLETS
                        TOTAL MONTH:   0.0 INCH    5 = HAIL
                        GRTST 24HR     0.0         6 = FREEZING RAIN OR DRIZZLE
                        GRTST DEPTH:   0           7 = DUSTSTORM OR SANDSTORM:
                                                       VSBY 1/2 MILE OR LESS
                                                   8 = SMOKE OR HAZE
[NO. OF DAYS WITH]      [WEATHER - DAYS WITH]      9 = BLOWING SNOW
                                                   X = TORNADO
MAX 32 OR BELOW:   0    0.01 INCH OR MORE:   8
MAX 90 OR ABOVE:  14    0.10 INCH OR MORE:   6
MIN 32 OR BELOW:   0    0.50 INCH OR MORE:   4
MIN  0 OR BELOW:   0    1.00 INCH OR MORE:   1

[HDD (BASE 65) ]
TOTAL THIS MO.     0    CLEAR  (SCALE 0-3)  21
DPTR FM NORMAL     0    PTCLDY (SCALE 4-7)   4
TOTAL FM JUL 1     0    CLOUDY (SCALE 8-10)  2
DPTR FM NORMAL     0

[CDD (BASE 65) ]
TOTAL THIS MO.   389
DPTR FM NORMAL    69    [PRESSURE DATA]
TOTAL FM JAN 1   709    HIGHEST SLP M ON M
DPTR FM NORMAL    79    LOWEST  SLP 29.73 ON  7

[REMARKS]
