000
CXUS51 KPHI 190800
CF6ILG
PRELIMINARY LOCAL CLIMATOLOGICAL DATA (WS FORM: F-6)

                                          STATION:   WILMINGTON DE
                                          MONTH:     FEBRUARY
                                          YEAR:      2018
                                          LATITUDE:   39 40 N
                                          LONGITUDE:  75 36 W

  TEMPERATURE IN F:       :PCPN:    SNOW:  WIND      :SUNSHINE: SKY     :PK WND
================================================================================
1   2   3   4   5  6A  6B    7    8   9   10  11  12  13   14  15   16   17  18
                                     12Z  AVG MX 2MIN
DY MAX MIN AVG DEP HDD CDD  WTR  SNW DPTH SPD SPD DIR MIN PSBL S-S WX    SPD DR
================================================================================

 1  47  32  40   7  25   0 0.03  0.0    0  6.6 16 320   M    M   3        21 330
 2  39  18  29  -4  36   0 0.13  0.0    0 17.7 31 310   M    M   6 1      40 310
 3  31  14  23 -10  42   0 0.00  0.0    0  8.1 16 230   M    M   1        22 190
 4  36  29  33   0  32   0 0.83    T    0  8.0 15 310   M    M   9 1      19 310
 5  36  23  30  -3  35   0 0.00  0.0    0 11.7 30 310   M    M   1 1      39 310
 6  38  22  30  -4  35   0 0.00  0.0    0  4.8 15 310   M    M   4        18 310
 7  43  23  33  -1  32   0 0.79    T    T  8.6 23 320   M    M   9 146    29 320
 8  34  22  28  -6  37   0 0.00  0.0    0 11.2 25 320   M    M   1        31 310
 9  37  19  28  -6  37   0 0.00  0.0    0  7.1 20 160   M    M   0 18     24 170
10  49  30  40   6  25   0 0.51  0.0    0  2.7 14 160   M    M   8 1      16 160
11  65  46  56  22   9   0 1.58  0.0    0  7.1 20 210   M    M  10 13     30 210
12  63  30  47  13  18   0    T  0.0    0 11.0 23 320   M    M   5        31 320
13  40  24  32  -3  33   0    T  0.0    0  9.2 15  10   M    M   3        19  40
14  51  33  42   7  23   0 0.04  0.0    0  6.2 15 250   M    M   7 1      18 230
15  63  42  53  18  12   0 0.17  0.0    0  4.8 13 250   M    M   6 1      16 180
16  60  36  48  13  17   0 0.27  0.0    0 10.1 25 320   M    M   5 12     36 320
17  40  28  34  -1  31   0 0.54  2.5    0  7.8 17 170   M    M   4 1      22 160
18  46  30  38   2  27   0 0.00  0.0    2  7.6 17 310   M    M   3 1      22 310
================================================================================
SM  818  501       506   0  4.89     2.5 150.3          M       85
================================================================================
AV 45.4 27.8                               8.4 FASTST   M    M   5    MAX(MPH)
                                 MISC ---->  # 31 310               # 40  310
================================================================================
NOTES:
# LAST OF SEVERAL OCCURRENCES

COLUMN 17 PEAK WIND IN M.P.H.

PRELIMINARY LOCAL CLIMATOLOGICAL DATA (WS FORM: F-6) , PAGE 2

                                          STATION:  WILMINGTON DE
                                          MONTH:    FEBRUARY
                                          YEAR:     2018
                                          LATITUDE:   39 40 N
                                          LONGITUDE:  75 36 W

[TEMPERATURE DATA]      [PRECIPITATION DATA]       SYMBOLS USED IN COLUMN 16

AVERAGE MONTHLY: 36.6   TOTAL FOR MONTH:   4.89    1 = FOG OR MIST
DPTR FM NORMAL:   2.5   DPTR FM NORMAL:    3.18    2 = FOG REDUCING VISIBILITY
HIGHEST:    65 ON 11    GRTST 24HR  1.58 ON 11-11      TO 1/4 MILE OR LESS
LOWEST:     14 ON  3                               3 = THUNDER
                        SNOW, ICE PELLETS, HAIL    4 = ICE PELLETS
                        TOTAL MONTH:   2.5 INCHES  5 = HAIL
                        GRTST 24HR   2.5 ON 17-17  6 = FREEZING RAIN OR DRIZZLE
                        GRTST DEPTH:   2 ON 18     7 = DUSTSTORM OR SANDSTORM:
                                                       VSBY 1/2 MILE OR LESS
                                                   8 = SMOKE OR HAZE
[NO. OF DAYS WITH]      [WEATHER - DAYS WITH]      9 = BLOWING SNOW
                                                   X = TORNADO
MAX 32 OR BELOW:   1    0.01 INCH OR MORE:  10
MAX 90 OR ABOVE:   0    0.10 INCH OR MORE:   8
MIN 32 OR BELOW:  14    0.50 INCH OR MORE:   5
MIN  0 OR BELOW:   0    1.00 INCH OR MORE:   1

[HDD (BASE 65) ]
TOTAL THIS MO.   506    CLEAR  (SCALE 0-3)   5
DPTR FM NORMAL   -50    PTCLDY (SCALE 4-7)  10
TOTAL FM JUL 1  3195    CLOUDY (SCALE 8-10)  3
DPTR FM NORMAL  -148

[CDD (BASE 65) ]
TOTAL THIS MO.     0
DPTR FM NORMAL     0    [PRESSURE DATA]
TOTAL FM JAN 1     0    HIGHEST SLP M ON M
DPTR FM NORMAL     0    LOWEST  SLP 29.60 ON 16

[REMARKS]
