000
CXUS52 KILM 291000
CF6ILM
PRELIMINARY LOCAL CLIMATOLOGICAL DATA (WS FORM: F-6)

                                          STATION:   WILMINGTON NC
                                          MONTH:     APRIL
                                          YEAR:      2016
                                          LATITUDE:   34 16 N
                                          LONGITUDE:  77 55 W

  TEMPERATURE IN F:       :PCPN:    SNOW:  WIND      :SUNSHINE: SKY     :PK WND
================================================================================
1   2   3   4   5  6A  6B    7    8   9   10  11  12  13   14  15   16   17  18
                                     12Z  AVG MX 2MIN
DY MAX MIN AVG DEP HDD CDD  WTR  SNW DPTH SPD SPD DIR MIN PSBL S-S WX    SPD DR
================================================================================

 1  78  69  74  15   0   9 0.38  0.0    0 11.1 22 230   M    M   7 13     30 210
 2  78  61  70  10   0   5 0.01  0.0    0 14.4 29 240   M    M   6        38 230
 3  67  45  56  -4   9   0 0.00  0.0    0  9.5 20 310   M    M   0        26 320
 4  76  42  59  -1   6   0 0.00  0.0    0  8.0 18 200   M    M   0        24 200
 5  63  38  51  -9  14   0 0.00  0.0    0 13.3 25  30   M    M   2        32  10
 6  64  35  50 -11  15   0 0.00  0.0    0  5.7 13 130   M    M   3        16 110
 7  75  58  67   6   0   2 0.49  0.0    0 14.1 26 260   M    M   3 13     33 270
 8  71  52  62   1   3   0    T  0.0    0  7.5 23 290   M    M   4        31 250
 9  68  44  56  -5   9   0 0.00  0.0    0 14.2 33 270   M    M   0        43 260
10  56  35  46 -16  19   0 0.00  0.0    0  5.8 16  20   M    M   0        20  30
11  73  43  58  -4   7   0 0.00  0.0    0  7.2 18 180   M    M   2        25 170
12  70  59  65   3   0   0 0.13  0.0    0  4.8 10 240   M    M   6 128    13 240
13  72  51  62   0   3   0 0.01  0.0    0 11.0 17  30   M    M   5 1      24  30
14  69  45  57  -6   8   0 0.00  0.0    0 11.7 21  30   M    M   0        27  30
15  68  48  58  -5   7   0 0.00  0.0    0 11.4 20  50   M    M   0        26  60
16  69  43  56  -7   9   0 0.00  0.0    0 10.3 18 100   M    M   1        23  40
17  73  39  56  -7   9   0 0.00  0.0    0  9.2 24  30   M    M   0        33  30
18  80  41  61  -3   4   0 0.00  0.0    0  4.5 13 350   M    M   0        17  30
19  89  54  72   8   0   7 0.00  0.0    0  9.1 16 280   M    M   0 8      21 270
20  75  54  65   1   0   0 0.00  0.0    0 10.7 21  70   M    M   4        29  70
21  74  51  63  -1   2   0 0.01  0.0    0  8.1 22 170   M    M   4        28 160
22  81  63  72   8   0   7 0.80  0.0    0 11.3 24 190   M    M   3 13     32 200
23  79  58  69   4   0   4 0.06  0.0    0  7.0 28  30   M    M   7 13     34  40
24  76  53  65   0   0   0 0.00  0.0    0  5.8 15 330   M    M   0 1      21  30
25  76  49  63  -2   2   0 0.00  0.0    0  6.3 18 190   M    M   0        22 180
26  81  60  71   6   0   6 0.00  0.0    0 10.3 20 200   M    M   0        25 200
27  85  66  76  10   0  11 0.00  0.0    0 12.0 21 210   M    M   2 3      26 210
28  84  69  77  11   0  12 0.02  0.0    0 11.4 21 200   M    M   3 3      27 210
================================================================================
SM 2070 1425       126  63  1.91     0.0 265.7          M       62
================================================================================
AV 73.9 50.9                               9.5 FASTST   M    M   2    MAX(MPH)
                                 MISC ---->  # 33 270               # 43  260
================================================================================
NOTES:
# LAST OF SEVERAL OCCURRENCES

COLUMN 17 PEAK WIND IN M.P.H.

PRELIMINARY LOCAL CLIMATOLOGICAL DATA (WS FORM: F-6) , PAGE 2

                                          STATION:  WILMINGTON NC
                                          MONTH:    APRIL
                                          YEAR:     2016
                                          LATITUDE:   34 16 N
                                          LONGITUDE:  77 55 W

[TEMPERATURE DATA]      [PRECIPITATION DATA]       SYMBOLS USED IN COLUMN 16

AVERAGE MONTHLY: 62.4   TOTAL FOR MONTH:   1.91    1 = FOG OR MIST
DPTR FM NORMAL:  -0.3   DPTR FM NORMAL:   -0.72    2 = FOG REDUCING VISIBILITY
HIGHEST:    89 ON 19    GRTST 24HR  0.86 ON 22-23      TO 1/4 MILE OR LESS
LOWEST:     35 ON 10, 6                            3 = THUNDER
                        SNOW, ICE PELLETS, HAIL    4 = ICE PELLETS
                        TOTAL MONTH:   0.0 INCH    5 = HAIL
                        GRTST 24HR     0.0         6 = FREEZING RAIN OR DRIZZLE
                        GRTST DEPTH:   0           7 = DUSTSTORM OR SANDSTORM:
                                                       VSBY 1/2 MILE OR LESS
                                                   8 = SMOKE OR HAZE
[NO. OF DAYS WITH]      [WEATHER - DAYS WITH]      9 = BLOWING SNOW
                                                   X = TORNADO
MAX 32 OR BELOW:   0    0.01 INCH OR MORE:   9
MAX 90 OR ABOVE:   0    0.10 INCH OR MORE:   4
MIN 32 OR BELOW:   0    0.50 INCH OR MORE:   1
MIN  0 OR BELOW:   0    1.00 INCH OR MORE:   0

[HDD (BASE 65) ]
TOTAL THIS MO.   126    CLEAR  (SCALE 0-3)  20
DPTR FM NORMAL    -1    PTCLDY (SCALE 4-7)   8
TOTAL FM JUL 1  1786    CLOUDY (SCALE 8-10)  0
DPTR FM NORMAL  -593

[CDD (BASE 65) ]
TOTAL THIS MO.    63
DPTR FM NORMAL     4    [PRESSURE DATA]
TOTAL FM JAN 1   138    HIGHEST SLP M ON M
DPTR FM NORMAL    58    LOWEST  SLP 29.54 ON  2

[REMARKS]
