000
CXUS53 KILX 250900
CF6ILX
PRELIMINARY LOCAL CLIMATOLOGICAL DATA (WS FORM: F-6)

                                          STATION:   LINCOLN IL
                                          MONTH:     MAY
                                          YEAR:      2016
                                          LATITUDE:   40  9 N
                                          LONGITUDE:  89 20 W

  TEMPERATURE IN F:       :PCPN:    SNOW:  WIND      :SUNSHINE: SKY     :PK WND
================================================================================
1   2   3   4   5  6A  6B    7    8   9   10  11  12  13   14  15   16   17  18
                                     12Z  AVG MX 2MIN
DY MAX MIN AVG DEP HDD CDD  WTR  SNW DPTH SPD SPD DIR MIN PSBL S-S WX    SPD DR
================================================================================

 1  60  50  55  -3  10   0 0.10  0.0    0   M   M   M   M    M   M 12      M  M
 2  56  47  52  -6  13   0 0.00  0.0    0   M   M   M   M    M   M 1       M  M
 3  67  39  53  -6  12   0 0.00  0.0    0   M   M   M   M    M   M         M  M
 4  60  44  52  -7  13   0 0.12  0.0    0   M   M   M   M    M   M 13      M  M
 5  67  39  53  -7  12   0 0.00  0.0    0   M   M   M   M    M   M         M  M
 6  81  41  61   1   4   0 0.00  0.0    0   M   M   M   M    M   M         M  M
 7  82  55  69   9   0   4 0.03  0.0    0   M   M   M   M    M   M         M  M
 8  66  51  59  -1   6   0 0.42  0.0    0   M   M   M   M    M   M 13      M  M
 9  70  54  62   1   3   0 1.27  0.0    0   M   M   M   M    M   M 1       M  M
10  73  58  66   5   0   1 0.02  0.0    0   M   M   M   M    M   M 1       M  M
11  77  54  66   4   0   1 0.22  0.0    0   M   M   M   M    M   M 123     M  M
12  70  54  62   0   3   0 0.00  0.0    0   M   M   M   M    M   M 1       M  M
13  71  46  59  -3   6   0 0.28  0.0    0   M   M   M   M    M   M 13      M  M
14  54  40  47 -15  18   0 0.00  0.0    0   M   M   M   M    M   M         M  M
15  61  42  52 -11  13   0 0.00  0.0    0   M   M   M   M    M   M         M  M
16  64  41  53 -10  12   0 0.04  0.0    0   M   M   M   M    M   M         M  M
17  58  46  52 -11  13   0 0.03  0.0    0   M   M   M   M    M   M         M  M
18  68  41  55  -9  10   0 0.00  0.0    0   M   M   M   M    M   M         M  M
19  73  47  60  -4   5   0 0.00  0.0    0   M   M   M   M    M   M         M  M
20  72  53  63  -1   2   0    T  0.0    0   M   M   M   M    M   M         M  M
21  78  53  66   1   0   1 0.00  0.0    0   M   M   M   M    M   M         M  M
22  85  48  67   2   0   2 0.00  0.0    0   M   M   M   M    M   M         M  M
23  85  52  69   4   0   4 0.00  0.0    0   M   M   M   M    M   M         M  M
24  84  57  71   5   0   6 0.00  0.0    0   M   M   M   M    M   M         M  M
================================================================================
SM 1682 1152       155  19  2.53     0.0     M          M        M
================================================================================
AV 70.1 48.0                                 M FASTST   M    M   4    MAX(MPH)
                                 MISC ---->     M   M                  M    M
================================================================================
NOTES:
# LAST OF SEVERAL OCCURRENCES

COLUMN 17 PEAK WIND IN M.P.H.

PRELIMINARY LOCAL CLIMATOLOGICAL DATA (WS FORM: F-6) , PAGE 2

                                          STATION:  LINCOLN IL
                                          MONTH:    MAY
                                          YEAR:     2016
                                          LATITUDE:   40  9 N
                                          LONGITUDE:  89 20 W

[TEMPERATURE DATA]      [PRECIPITATION DATA]       SYMBOLS USED IN COLUMN 16

AVERAGE MONTHLY: 59.0   TOTAL FOR MONTH:   2.53    1 = FOG OR MIST
DPTR FM NORMAL:  -2.9   DPTR FM NORMAL:   -0.68    2 = FOG REDUCING VISIBILITY
HIGHEST:    85 ON 23,22 GRTST 24HR  1.27 ON  9- 9      TO 1/4 MILE OR LESS
LOWEST:     39 ON  5, 3                            3 = THUNDER
                        SNOW, ICE PELLETS, HAIL    4 = ICE PELLETS
                        TOTAL MONTH:   0.0 INCH    5 = HAIL
                        GRTST 24HR     0.0         6 = FREEZING RAIN OR DRIZZLE
                        GRTST DEPTH:   0           7 = DUSTSTORM OR SANDSTORM:
                                                       VSBY 1/2 MILE OR LESS
                                                   8 = SMOKE OR HAZE
[NO. OF DAYS WITH]      [WEATHER - DAYS WITH]      9 = BLOWING SNOW
                                                   X = TORNADO
MAX 32 OR BELOW:   0    0.01 INCH OR MORE:  10
MAX 90 OR ABOVE:   0    0.10 INCH OR MORE:   6
MIN 32 OR BELOW:   0    0.50 INCH OR MORE:   1
MIN  0 OR BELOW:   0    1.00 INCH OR MORE:   1

[HDD (BASE 65) ]
TOTAL THIS MO.   155    CLEAR  (SCALE 0-3)   0
DPTR FM NORMAL    34    PTCLDY (SCALE 4-7)   0
TOTAL FM JUL 1  4873    CLOUDY (SCALE 8-10)  0
DPTR FM NORMAL  -803

[CDD (BASE 65) ]
TOTAL THIS MO.    19
DPTR FM NORMAL   -27    [PRESSURE DATA]
TOTAL FM JAN 1    27    HIGHEST SLP M ON M
DPTR FM NORMAL   -34    LOWEST  SLP M ON M

[REMARKS]
