000
CXUS53 KILX 270900
CF6ILX
PRELIMINARY LOCAL CLIMATOLOGICAL DATA (WS FORM: F-6)

                                          STATION:   LINCOLN IL
                                          MONTH:     FEBRUARY
                                          YEAR:      2015
                                          LATITUDE:   40  9 N
                                          LONGITUDE:  89 20 W

  TEMPERATURE IN F:       :PCPN:    SNOW:  WIND      :SUNSHINE: SKY     :PK WND
================================================================================
1   2   3   4   5  6A  6B    7    8   9   10  11  12  13   14  15   16   17  18
                                     12Z  AVG MX 2MIN
DY MAX MIN AVG DEP HDD CDD  WTR  SNW DPTH SPD SPD DIR MIN PSBL S-S WX    SPD DR
================================================================================

 1  33  14  24  -3  41   0 0.65  3.2    1   M   M   M   M    M   M         M  M
 2  18   9  14 -13  51   0    T    T    3   M   M   M   M    M   M         M  M
 3  35  12  24  -3  41   0 0.00  0.0    3   M   M   M   M    M   M         M  M
 4  35   7  21  -6  44   0 0.15  1.8    2   M   M   M   M    M   M         M  M
 5  17  -4   7 -21  58   0 0.00  0.0    4   M   M   M   M    M   M         M  M
 6  36   8  22  -6  43   0 0.00  0.0    4   M   M   M   M    M   M         M  M
 7  51  30  41  13  24   0 0.00  0.0    2   M   M   M   M    M   M         M  M
 8  52  30  41  13  24   0    T  0.0    0   M   M   M   M    M   M 1       M  M
 9  30  25  28   0  37   0    T    T    0   M   M   M   M    M   M         M  M
10  37  25  31   2  34   0    T  0.0    0   M   M   M   M    M   M         M  M
11  36  21  29   0  36   0 0.00  0.0    0   M   M   M   M    M   M         M  M
12  21  11  16 -13  49   0    T    T    T   M   M   M   M    M   M         M  M
13  32   8  20 -10  45   0 0.00  0.0    0   M   M   M   M    M   M         M  M
14  31   4  18 -12  47   0    T    T    0   M   M   M   M    M   M         M  M
15  18   3  11 -19  54   0 0.00  0.0    0   M   M   M   M    M   M         M  M
16  22   8  15 -16  50   0    T    T    0   M   M   M   M    M   M         M  M
17  28   8  18 -13  47   0 0.02  0.4    0   M   M   M   M    M   M         M  M
18  16   3  10 -21  55   0    T  0.1    1   M   M   M   M    M   M         M  M
19  13  -4   5 -27  60   0 0.00  0.0    T   M   M   M   M    M   M         M  M
20  23   2  13 -19  52   0 0.20  1.7    0   M   M   M   M    M   M         M  M
21  32  18  25  -7  40   0 0.08  1.1    3   M   M   M   M    M   M         M  M
22  29   5  17 -16  48   0 0.00  0.0    1   M   M   M   M    M   M         M  M
23  18  -7   6 -27  59   0 0.00  0.0    1   M   M   M   M    M   M         M  M
24  34  -6  14 -20  51   0 0.00  0.0    T   M   M   M   M    M   M         M  M
25  35  11  23 -11  42   0 0.02  0.3    T   M   M   M   M    M   M         M  M
26  24   3  14 -20  51   0 0.08  1.5    2   M   M   M   M    M   M         M  M
================================================================================
SM  756  244      1183   0  1.20    10.1     M          M        M
================================================================================
AV 29.1  9.4                                 M FASTST   M    M   5    MAX(MPH)
                                 MISC ---->     M   M                  M    M
================================================================================
NOTES:
# LAST OF SEVERAL OCCURRENCES

COLUMN 17 PEAK WIND IN M.P.H.

PRELIMINARY LOCAL CLIMATOLOGICAL DATA (WS FORM: F-6) , PAGE 2

                                          STATION:  LINCOLN IL
                                          MONTH:    FEBRUARY
                                          YEAR:     2015
                                          LATITUDE:   40  9 N
                                          LONGITUDE:  89 20 W

[TEMPERATURE DATA]      [PRECIPITATION DATA]       SYMBOLS USED IN COLUMN 16

AVERAGE MONTHLY: 19.2   TOTAL FOR MONTH:   1.20    1 = FOG OR MIST
DPTR FM NORMAL: -10.8   DPTR FM NORMAL:   -0.47    2 = FOG REDUCING VISIBILITY
HIGHEST:    52 ON  8    GRTST 24HR  0.65 ON  1- 1      TO 1/4 MILE OR LESS
LOWEST:     -7 ON 23                               3 = THUNDER
                        SNOW, ICE PELLETS, HAIL    4 = ICE PELLETS
                        TOTAL MONTH:  10.1 INCHES  5 = HAIL
                        GRTST 24HR   3.2 ON   M    6 = FREEZING RAIN OR DRIZZLE
                        GRTST DEPTH:   4 ON  6, 5  7 = DUSTSTORM OR SANDSTORM:
                                                       VSBY 1/2 MILE OR LESS
                                                   8 = SMOKE OR HAZE
[NO. OF DAYS WITH]      [WEATHER - DAYS WITH]      9 = BLOWING SNOW
                                                   X = TORNADO
MAX 32 OR BELOW:  16    0.01 INCH OR MORE:   7
MAX 90 OR ABOVE:   0    0.10 INCH OR MORE:   3
MIN 32 OR BELOW:  26    0.50 INCH OR MORE:   1
MIN  0 OR BELOW:   4    1.00 INCH OR MORE:   0

[HDD (BASE 65) ]
TOTAL THIS MO.  1183    CLEAR  (SCALE 0-3)   0
DPTR FM NORMAL   275    PTCLDY (SCALE 4-7)   0
TOTAL FM JUL 1  4827    CLOUDY (SCALE 8-10)  0
DPTR FM NORMAL   465

[CDD (BASE 65) ]
TOTAL THIS MO.     0
DPTR FM NORMAL     0    [PRESSURE DATA]
TOTAL FM JAN 1     0    HIGHEST SLP M ON M
DPTR FM NORMAL     0    LOWEST  SLP M ON M

[REMARKS]
