000
CXUS53 KILX 222300
CF6ILX
PRELIMINARY LOCAL CLIMATOLOGICAL DATA (WS FORM: F-6)

                                          STATION:   LINCOLN IL
                                          MONTH:     OCTOBER
                                          YEAR:      2017
                                          LATITUDE:   40  9 N
                                          LONGITUDE:  89 20 W

  TEMPERATURE IN F:       :PCPN:    SNOW:  WIND      :SUNSHINE: SKY     :PK WND
================================================================================
1   2   3   4   5  6A  6B    7    8   9   10  11  12  13   14  15   16   17  18
                                     12Z  AVG MX 2MIN
DY MAX MIN AVG DEP HDD CDD  WTR  SNW DPTH SPD SPD DIR MIN PSBL S-S WX    SPD DR
================================================================================

 1  77  42  60   1   5   0 0.00  0.0    0   M   M   M   M    M   M         M  M
 2  86  62  74  15   0   9 0.00  0.0    0   M   M   M   M    M   M         M  M
 3  79  64  72  14   0   7    T  0.0    0   M   M   M   M    M   M         M  M
 4  72  64  68  10   0   3 0.15  0.0    0   M   M   M   M    M   M         M  M
 5  75  57  66   8   0   1 0.99  0.0    0   M   M   M   M    M   M         M  M
 6  71  66  69  12   0   4 1.11  0.0    0   M   M   M   M    M   M 1       M  M
 7  80  57  69  12   0   4 0.29  0.0    0   M   M   M   M    M   M         M  M
 8  81  48  65   9   0   0 0.00  0.0    0   M   M   M   M    M   M         M  M
 9  82  52  67  11   0   2 0.00  0.0    0   M   M   M   M    M   M         M  M
10  76  57  67  11   0   2 0.88  0.0    0   M   M   M   M    M   M 13      M  M
11  58  53  56   1   9   0 0.06  0.0    0   M   M   M   M    M   M 1       M  M
12  61  52  57   2   8   0    T  0.0    0   M   M   M   M    M   M         M  M
13  78  49  64   9   1   0 0.00  0.0    0   M   M   M   M    M   M         M  M
14  86  62  74  20   0   9 0.01  0.0    0   M   M   M   M    M   M 3       M  M
15  69  43  56   2   9   0 0.31  0.0    0   M   M   M   M    M   M         M  M
16  66  35  51  -3  14   0 0.00  0.0    0   M   M   M   M    M   M         M  M
17  69  41  55   2  10   0 0.00  0.0    0   M   M   M   M    M   M         M  M
18  72  41  57   4   8   0 0.00  0.0    0   M   M   M   M    M   M         M  M
19  78  43  61   8   4   0 0.00  0.0    0   M   M   M   M    M   M         M  M
20  79  48  64  12   1   0 0.00  0.0    0   M   M   M   M    M   M         M  M
21  78  57  68  16   0   3 0.00  0.0    0   M   M   M   M    M   M         M  M
================================================================================
SM 1573 1093        69  44  3.80     0.0     M          M        M
================================================================================
AV 74.9 52.1                                 M FASTST   M    M   4    MAX(MPH)
                                 MISC ---->     M   M                  M    M
================================================================================
NOTES:
# LAST OF SEVERAL OCCURRENCES

COLUMN 17 PEAK WIND IN M.P.H.

PRELIMINARY LOCAL CLIMATOLOGICAL DATA (WS FORM: F-6) , PAGE 2

                                          STATION:  LINCOLN IL
                                          MONTH:    OCTOBER
                                          YEAR:     2017
                                          LATITUDE:   40  9 N
                                          LONGITUDE:  89 20 W

[TEMPERATURE DATA]      [PRECIPITATION DATA]       SYMBOLS USED IN COLUMN 16

AVERAGE MONTHLY: 63.5   TOTAL FOR MONTH:   3.80    1 = FOG OR MIST
DPTR FM NORMAL:   8.0   DPTR FM NORMAL:    1.74    2 = FOG REDUCING VISIBILITY
HIGHEST:    86 ON 14, 2 GRTST 24HR  1.11 ON  6- 6      TO 1/4 MILE OR LESS
LOWEST:     35 ON 16                               3 = THUNDER
                        SNOW, ICE PELLETS, HAIL    4 = ICE PELLETS
                        TOTAL MONTH:   0.0 INCH    5 = HAIL
                        GRTST 24HR     0.0         6 = FREEZING RAIN OR DRIZZLE
                        GRTST DEPTH:   0           7 = DUSTSTORM OR SANDSTORM:
                                                       VSBY 1/2 MILE OR LESS
                                                   8 = SMOKE OR HAZE
[NO. OF DAYS WITH]      [WEATHER - DAYS WITH]      9 = BLOWING SNOW
                                                   X = TORNADO
MAX 32 OR BELOW:   0    0.01 INCH OR MORE:   8
MAX 90 OR ABOVE:   0    0.10 INCH OR MORE:   6
MIN 32 OR BELOW:   0    0.50 INCH OR MORE:   3
MIN  0 OR BELOW:   0    1.00 INCH OR MORE:   1

[HDD (BASE 65) ]
TOTAL THIS MO.    69    CLEAR  (SCALE 0-3)   0
DPTR FM NORMAL  -143    PTCLDY (SCALE 4-7)   0
TOTAL FM JUL 1   147    CLOUDY (SCALE 8-10)  0
DPTR FM NORMAL  -160

[CDD (BASE 65) ]
TOTAL THIS MO.    44
DPTR FM NORMAL    33    [PRESSURE DATA]
TOTAL FM JAN 1   984    HIGHEST SLP M ON M
DPTR FM NORMAL   -30    LOWEST  SLP M ON M

[REMARKS]
