000
CXUS55 KLBF 311200
CF6IML
PRELIMINARY LOCAL CLIMATOLOGICAL DATA (WS FORM: F-6)

                                          STATION:   IMPERIAL NE
                                          MONTH:     MAY
                                          YEAR:      2016
                                          LATITUDE:   40 31 N
                                          LONGITUDE: 101 37 W

  TEMPERATURE IN F:       :PCPN:    SNOW:  WIND      :SUNSHINE: SKY     :PK WND
================================================================================
1   2   3   4   5  6A  6B    7    8   9   10  11  12  13   14  15   16   17  18
                                     12Z  AVG MX 2MIN
DY MAX MIN AVG DEP HDD CDD  WTR  SNW DPTH SPD SPD DIR MIN PSBL S-S WX    SPD DR
================================================================================

 1  52  34  43 -11  22   0 0.03    M    M 17.5 33  10   M    M   7 1      38  10
 2  61  33  47  -7  18   0 0.04    M    0  9.2 30  10   M    M   2        38 360
 3  69  40  55   0  10   0 0.00    M    M  8.6 18 340   M    M   2        23  10
 4  78  45  62   7   3   0 0.00    M    M  7.7 16 350   M    M   0        25 360
 5  83  44  64   8   1   0 0.00    M    M  9.9 20 160   M    M   0 8      26 200
 6  87  53  70  14   0   5 0.00    M    M 12.4 21 200   M    M   0 8      29 150
 7  75  52  64   8   1   0    T    M    M 18.3 33  90   M    M   2 38     42  80
 8  71  44  58   1   7   0 0.01    M    M  9.4 44 240   M    M   2 18     60 240
 9  72  46  59   2   6   0 0.00    M    M  6.0 18  20   M    M   1        24  20
10  71  43  57  -1   8   0 0.41    M    M 13.4 30 340   M    M   4 13     35 340
11  65  44  55  -3  10   0 0.00    M    M 11.6 23 330   M    M   3        32 330
12  73  43  58   0   7   0 0.00    M    M  6.0 15 270   M    M   2 8      19 260
13  63  42  53  -6  12   0 0.00    M    M 16.9 35 360   M    M   1        41 360
14  52  40  46 -13  19   0 0.00    M    M  4.2  9 130   M    M  10        12  90
15  51  44  48 -12  17   0 0.00    M    M 14.0 25 140   M    M  10 8      32 130
16  48  42  45 -15  20   0 0.39    M    M 12.0 22  60   M    M  10 1      26  60
17  62  42  52  -8  13   0 0.00    M    M  7.7 15 120   M    M   6        24 120
18  65  37  51 -10  14   0 0.00    M    M 10.4 21 190   M    M   6 1      28 180
19  68  47  58  -3   7   0 0.00    M    M 19.1 29 160   M    M   2        38 170
20  72  49  61  -1   4   0 0.00    M    M 17.5 25 150   M    M   6 1      31 140
21  71  56  64   2   1   0 0.00    M    M 22.5 33 140   M    M  10 1      43 140
22  90  53  72  10   0   7 0.28    M    M 20.5 35 160   M    M   4 13     45 170
23  76  51  64   2   1   0 0.02    M    M  6.2 22 350   M    M   2 3      26 350
24  77  54  66   3   0   1 0.43    M    M 13.0 25 350   M    M   4 13     32 340
25  78  52  65   2   0   0 0.28    M    M  8.0 38 330   M    M   2 38     48 330
26  77  50  64   0   1   0 0.62    M    M 13.1 32  20   M    M   5 13     40  10
27  61  50  56  -8   9   0 1.14    M    M 11.3 29 330   M    M   8 13     34 330
28  76  48  62  -2   3   0 0.05    M    M  7.2 18  30   M    M   2 3      24 330
29  83  48  66   2   0   1 0.07    M    M  9.1 31 180   M    M   1 3      42 180
30  83  56  70   5   0   5 0.12    M    M  8.8 48 320   M    M   0 38     61 320
================================================================================
SM 2110 1382       214  19  3.89    M    351.5          M      114
================================================================================
AV 70.3 46.1                              11.7 FASTST   M    M   4    MAX(MPH)
                                 MISC ---->  # 48 320               # 61  320
================================================================================
NOTES:
# LAST OF SEVERAL OCCURRENCES

COLUMN 17 PEAK WIND IN M.P.H.

PRELIMINARY LOCAL CLIMATOLOGICAL DATA (WS FORM: F-6) , PAGE 2

                                          STATION:  IMPERIAL NE
                                          MONTH:    MAY
                                          YEAR:     2016
                                          LATITUDE:   40 31 N
                                          LONGITUDE: 101 37 W

[TEMPERATURE DATA]      [PRECIPITATION DATA]       SYMBOLS USED IN COLUMN 16

AVERAGE MONTHLY: 58.2   TOTAL FOR MONTH:   3.89    1 = FOG OR MIST
DPTR FM NORMAL:  -1.4   DPTR FM NORMAL:    1.05    2 = FOG REDUCING VISIBILITY
HIGHEST:    90 ON 22    GRTST 24HR  1.71 ON 26-27      TO 1/4 MILE OR LESS
LOWEST:     33 ON  2                               3 = THUNDER
                        SNOW, ICE PELLETS, HAIL    4 = ICE PELLETS
                        TOTAL MONTH:    M          5 = HAIL
                        GRTST 24HR    M  ON   M    6 = FREEZING RAIN OR DRIZZLE
                        GRTST DEPTH:   0           7 = DUSTSTORM OR SANDSTORM:
                                                       VSBY 1/2 MILE OR LESS
                                                   8 = SMOKE OR HAZE
[NO. OF DAYS WITH]      [WEATHER - DAYS WITH]      9 = BLOWING SNOW
                                                   X = TORNADO
MAX 32 OR BELOW:   0    0.01 INCH OR MORE:  14
MAX 90 OR ABOVE:   1    0.10 INCH OR MORE:   8
MIN 32 OR BELOW:   0    0.50 INCH OR MORE:   2
MIN  0 OR BELOW:   0    1.00 INCH OR MORE:   1

[HDD (BASE 65) ]
TOTAL THIS MO.   214    CLEAR  (SCALE 0-3)  17
DPTR FM NORMAL    16    PTCLDY (SCALE 4-7)   9
TOTAL FM JUL 1  5333    CLOUDY (SCALE 8-10)  4
DPTR FM NORMAL  -730

[CDD (BASE 65) ]
TOTAL THIS MO.    19
DPTR FM NORMAL   -21    [PRESSURE DATA]
TOTAL FM JAN 1    19    HIGHEST SLP M ON M
DPTR FM NORMAL   -22    LOWEST  SLP 29.49 ON  9

[REMARKS]
