000
CXUS53 KIND 170730
CF6IND
PRELIMINARY LOCAL CLIMATOLOGICAL DATA (WS FORM: F-6)

                                          STATION:   INDIANAPOLIS IN
                                          MONTH:     JANUARY
                                          YEAR:      2018
                                          LATITUDE:   39 43 N
                                          LONGITUDE:  86 17 W

  TEMPERATURE IN F:       :PCPN:    SNOW:  WIND      :SUNSHINE: SKY     :PK WND
================================================================================
1   2   3   4   5  6A  6B    7    8   9   10  11  12  13   14  15   16   17  18
                                     12Z  AVG MX 2MIN
DY MAX MIN AVG DEP HDD CDD  WTR  SNW DPTH SPD SPD DIR MIN PSBL S-S WX    SPD DR
================================================================================

 1   4 -10  -3 -31  68   0 0.00  0.0    3  9.9 16 310   M    M   1        20 300
 2  11 -12   0 -28  65   0 0.00  0.0    3  7.0 12 180   M    M   1        14 180
 3  20   3  12 -16  53   0    T  0.2    3 11.9 20 310   M    M   8 1      23 310
 4  13  -3   5 -23  60   0 0.00  0.0    3  9.4 18 300   M    M   4        20 300
 5  11  -8   2 -26  63   0 0.00  0.0    3  8.5 18 290   M    M   1        21 280
 6  16  -7   5 -23  60   0 0.00  0.0    3  4.4 10 130   M    M   1        13 130
 7  35   6  21  -7  44   0 0.01    T    3 10.8 20 190   M    M   8 46     26 190
 8  36  31  34   6  31   0 0.11    T    2 12.0 21 220   M    M  10 126    27 220
 9  38  28  33   5  32   0 0.00  0.0    T  5.8 13 110   M    M  10 12     15 120
10  57  35  46  18  19   0 0.01  0.0    0 11.1 22 180   M    M  10 1      28 180
11  58  42  50  22  15   0 0.49  0.0    0 11.9 21 320   M    M   9 1      27 210
12  42  20  31   3  34   0 0.35  1.4    T 19.9 30 360   M    M  10 1469   38 360
13  20   7  14 -14  51   0    T    T    1 10.4 24  30   M    M   3        33  30
14  20   0  10 -18  55   0 0.02  0.5    1  5.8 16 160   M    M   4 1      20 140
15  26   3  15 -13  50   0 0.13  1.5    2 12.1 22 270   M    M  10 18     25 260
16   7  -5   1 -27  64   0    T    T    3 11.8 16 250   M    M   6        19 230
================================================================================
SM  414  130       764   0  1.12     3.6 162.7          M       96
================================================================================
AV 25.9  8.1                              10.2 FASTST   M    M   6    MAX(MPH)
                                 MISC ---->  # 30 360               # 38  360
================================================================================
NOTES:
# LAST OF SEVERAL OCCURRENCES

COLUMN 17 PEAK WIND IN M.P.H.

PRELIMINARY LOCAL CLIMATOLOGICAL DATA (WS FORM: F-6) , PAGE 2

                                          STATION:  INDIANAPOLIS IN
                                          MONTH:    JANUARY
                                          YEAR:     2018
                                          LATITUDE:   39 43 N
                                          LONGITUDE:  86 17 W

[TEMPERATURE DATA]      [PRECIPITATION DATA]       SYMBOLS USED IN COLUMN 16

AVERAGE MONTHLY: 17.0   TOTAL FOR MONTH:   1.12    1 = FOG OR MIST
DPTR FM NORMAL: -11.0   DPTR FM NORMAL:   -0.34    2 = FOG REDUCING VISIBILITY
HIGHEST:    58 ON 11    GRTST 24HR  0.49 ON 11-11      TO 1/4 MILE OR LESS
LOWEST:    -12 ON  2                               3 = THUNDER
                        SNOW, ICE PELLETS, HAIL    4 = ICE PELLETS
                        TOTAL MONTH:   3.6 INCHES  5 = HAIL
                        GRTST 24HR   1.5 ON 15-15  6 = FREEZING RAIN OR DRIZZLE
                        GRTST DEPTH:   3 ON 16, 7  7 = DUSTSTORM OR SANDSTORM:
                                                       VSBY 1/2 MILE OR LESS
                                                   8 = SMOKE OR HAZE
[NO. OF DAYS WITH]      [WEATHER - DAYS WITH]      9 = BLOWING SNOW
                                                   X = TORNADO
MAX 32 OR BELOW:  10    0.01 INCH OR MORE:   7
MAX 90 OR ABOVE:   0    0.10 INCH OR MORE:   4
MIN 32 OR BELOW:  14    0.50 INCH OR MORE:   0
MIN  0 OR BELOW:   7    1.00 INCH OR MORE:   0

[HDD (BASE 65) ]
TOTAL THIS MO.   764    CLEAR  (SCALE 0-3)   4
DPTR FM NORMAL   172    PTCLDY (SCALE 4-7)   5
TOTAL FM JUL 1  2737    CLOUDY (SCALE 8-10)  7
DPTR FM NORMAL    69

[CDD (BASE 65) ]
TOTAL THIS MO.     0
DPTR FM NORMAL     0    [PRESSURE DATA]
TOTAL FM JAN 1     0    HIGHEST SLP M ON M
DPTR FM NORMAL     0    LOWEST  SLP 29.76 ON 11

[REMARKS]
